NOAA-Style Climate Reports

Select a Year or Month report
2018: Jan Feb Mar Apr May Jun Jul Aug Sep Oct Nov Dec
2017: Jan Feb Mar Apr May Jun Jul Aug Sep Oct Nov Dec
2016: Jan Feb Mar Apr May Jun Jul Aug Sep Oct Nov Dec
2015: Jan Feb Mar Apr May Jun Jul Aug Sep Oct Nov Dec
2014: Jan Feb Mar Apr May Jun Jul Aug Sep Oct Nov Dec
2013: Jan Feb Mar Apr May Jun Jul Aug Sep Oct Nov Dec
2012: Jan Feb Mar Apr May Jun Jul Aug Sep Oct Nov Dec

Report for 2017 April
                   Monthly Climatological Summary for Apr 2017

Name: DW9500   City: Raytown   State: MO
Elevation: 1005 ft  Lat: N 38° 58' 55"   Lon: W 094° 27' 56"

                  Temperature (°F), Rain (in), Wind Speed (mph)

                                      Heat  Cool        Avg
    Mean                              Deg   Deg         Wind                 Dom
Day Temp  High   Time   Low    Time   Days  Days  Rain  Speed High   Time    Dir
----------------------------------------------------------------------------------
 1  45.7  50.7   17:18  40.7   09:37  19.3   0.0  0.00   3.3  13.0   10:56   ENE
 2  55.4  65.3   15:30  48.3   00:00   9.6   0.0  0.10   2.0  11.0   20:43   ENE
 3  54.9  60.3   15:42  49.2   23:22  10.1   0.0  0.56   1.4  15.0   13:03   WNW
 4  49.8  53.4   00:40  47.6   23:14  15.3   0.0  1.14   2.4  24.0   21:12   NNE
 5  46.2  53.8   16:05  40.8   09:39  18.8   0.0  0.52   4.0  25.0   08:58   NNW
 6  49.9  59.3   16:32  41.1   02:25  15.0   0.0  0.00   1.9  19.0   14:48   WNW
 7  51.9  64.4   16:52  35.7   06:28  13.1   0.0  0.00   1.1  12.0   15:55     S
 8  65.3  77.5   15:52  52.1   01:57   4.4   4.7  0.00   5.4  26.0   15:12   SSW
 9  70.1  76.7   15:29  63.6   07:04   0.1   5.2  0.00   6.8  27.0   13:22   SSW
10  62.9  70.7   13:51  45.8   23:58   3.9   1.9  0.00   3.9  23.0   01:16   WSW
11  51.7  66.4   16:27  37.6   06:45  13.4   0.1  0.00   1.0  11.0   01:17   NNW
12  62.8  78.0   15:43  44.6   06:46   6.0   3.9  0.00   2.0  20.0   11:09   SSW
13  68.9  78.8   15:17  59.9   06:12   0.9   4.8  0.00   1.8  14.0   16:08    SW
14  68.1  78.7   16:50  59.9   07:04   1.1   4.2  0.16   3.2  25.0   18:30   SSW
15  72.1  79.2   16:29  63.0   07:32   0.1   7.2  0.00   5.8  26.0   11:59   SSW
16  62.9  73.3   00:00  57.7   06:00   3.2   1.1  0.61   1.9  17.0   00:01    NE
17  61.8  70.5   16:38  52.8   06:51   4.4   1.2  0.01   2.0  12.0   11:36   ENE
18  64.2  77.4   18:18  52.3   04:25   4.2   3.4  0.00   1.7  15.0   16:20   SSW
19  70.7  80.5   16:08  59.6   07:02   0.8   6.5  0.00   3.4  30.0   16:57   SSW
20  62.5  70.9   00:00  53.0   07:12   3.5   1.0  0.13   1.1  18.0   01:34     W
21  51.9  55.9   00:00  47.2   06:57  13.1   0.0  0.00   3.9  19.0   15:33    NE
22  55.7  65.9   16:26  49.1   07:13   9.4   0.0  0.00   3.8  21.0   10:11    NE
23  57.4  72.1   16:37  41.4   06:32   8.8   1.3  0.00   0.6  10.0   18:40     E
24  60.8  74.5   14:27  44.1   05:02   6.9   2.8  0.00   2.4  25.0   13:36    SW
25  64.5  74.0   16:06  53.9   23:59   3.0   2.5  0.32   1.1  17.0   12:17    SW
26  45.5  53.9   00:00  41.3   09:17  19.5   0.0  0.25   0.7  14.0   02:47   WNW
27  51.2  64.1   15:58  39.1   06:55  13.8   0.0  0.04   0.6  11.0   00:47     W
28  54.8  64.8   17:04  47.2   22:40   9.7   0.0  0.33   1.6  13.0   13:17   ENE
29  46.0  48.2   14:35   0.0   05:59  14.2   0.0  2.78   4.8  29.0   16:01    NE
30  48.4  56.2   16:33  43.0   04:44  16.6   0.0  0.44   3.3  37.0   00:35     E
----------------------------------------------------------------------------------
    57.8  80.5    19     0.0    29   262.2  51.8  7.39   2.6  37.0    30     SSW

Max >=  80.0:  1
Max <=  32.0:  0
Min <=  32.0:  1
Min <=   0.0:  1
Max Rain: 2.78 on day 29
Days of Rain: 14 (>= 0.01 in)  12 (>= 0.10 in)  2 (>= 1.00 in)
Heat Base: 65.0  Cool Base: 65.0  Method: Integration