NOAA-Style Climate Reports

Select a Year or Month report
2018: Jan Feb Mar Apr May Jun Jul Aug Sep Oct Nov Dec
2017: Jan Feb Mar Apr May Jun Jul Aug Sep Oct Nov Dec
2016: Jan Feb Mar Apr May Jun Jul Aug Sep Oct Nov Dec
2015: Jan Feb Mar Apr May Jun Jul Aug Sep Oct Nov Dec
2014: Jan Feb Mar Apr May Jun Jul Aug Sep Oct Nov Dec
2013: Jan Feb Mar Apr May Jun Jul Aug Sep Oct Nov Dec
2012: Jan Feb Mar Apr May Jun Jul Aug Sep Oct Nov Dec

Report for 2017 February
                   Monthly Climatological Summary for Feb 2017

Name: DW9500   City: Raytown   State: MO
Elevation: 1005 ft  Lat: N 38° 58' 55"   Lon: W 094° 27' 56"

                  Temperature (°F), Rain (in), Wind Speed (mph)

                                      Heat  Cool        Avg
    Mean                              Deg   Deg         Wind                 Dom
Day Temp  High   Time   Low    Time   Days  Days  Rain  Speed High   Time    Dir
----------------------------------------------------------------------------------
 1  36.7  41.7   14:51  28.7   23:58  28.3   0.0  0.00   3.2  13.0   15:14     N
 2  25.9  31.9   15:13  20.2   07:03  39.1   0.0  0.00   2.1  12.0   11:00   NNW
 3  26.5  33.8   14:53  22.2   22:41  38.5   0.0  0.00   1.3  11.0   10:05     N
 4  34.2  45.5   16:33  22.8   01:01  30.8   0.0  0.00   4.8  28.0   14:20   SSW
 5  40.0  49.3   15:24  31.1   07:29  25.0   0.0  0.00   1.5  10.0   00:08    NE
 6  47.2  57.2   16:26  33.3   05:06  17.7   0.0  0.00   0.5   8.0   15:37   SSW
 7  41.0  55.8   00:00  29.1   22:14  24.0   0.0  0.00   3.0  15.0   13:02   WNW
 8  25.0  29.2   00:00  17.8   23:51  40.0   0.0  0.00   3.0  18.0   10:37     N
 9  24.8  35.9   15:34  15.4   04:08  40.2   0.0  0.00   1.4  13.0   04:37   ESE
10  52.6  67.2   15:46  29.0   00:49  12.5   0.2  0.00   6.1  25.0   10:45    SW
11  59.5  71.6   15:12  50.7   23:59   6.5   1.0  0.00   1.5  13.0   00:23   SSW
12  45.6  51.8   15:33  36.3   23:59  19.4   0.0  0.00   2.5  17.0   10:36   NNW
13  41.2  49.7   13:45  30.7   05:03  23.8   0.0  0.00   0.6  13.0   13:28   SSW
14  44.6  53.5   14:38  36.4   07:37  20.4   0.0  0.00   1.4  16.0   23:39    NW
15  40.2  51.2   16:20  29.8   07:13  24.8   0.0  0.00   1.4  14.0   00:11   WNW
16  54.6  70.5   15:49  37.4   00:34  11.3   0.9  0.00   5.1  21.0   14:16    SW
17  58.7  73.2   15:10  45.3   07:15   7.8   1.5  0.00   5.1  23.0   12:20    SW
18  56.9  70.5   15:42  42.7   05:48   9.0   0.9  0.00   1.4   9.0   09:13   WSW
19  60.5  74.2   15:42  45.7   07:20   6.5   2.0  0.00   1.5  15.0   11:21   SSW
20  61.7  67.6   14:35  57.6   23:57   3.6   0.3  0.09   2.7  19.0   14:37   SSW
21  58.8  70.4   15:42  48.9   07:50   7.1   0.9  0.00   0.9   9.0   06:34     N
22  62.5  78.9   15:56  48.2   06:24   5.9   3.4  0.00   2.5  21.0   11:26    SW
23  52.3  59.0   00:00  48.8   22:56  12.7   0.0  0.01   6.0  21.0   12:07    NE
24  35.7  49.1   00:16  24.4   23:41  29.3   0.0  0.01   4.4  22.0   15:55     W
25  31.6  41.7   16:53  21.9   06:54  33.4   0.0  0.00   2.5  16.0   02:12     W
26  39.5  51.0   15:07  32.6   00:00  25.5   0.0  0.01   2.5  15.0   01:46   SSW
27  47.1  63.2   16:41  25.6   06:32  17.8   0.0  0.00   1.9  17.0   11:57   SSE
28  63.7  74.9   15:40  44.5   23:59   3.5   2.2  0.04   6.0  29.0   11:47    SW
----------------------------------------------------------------------------------
    45.3  78.9    22    15.4     9   564.4  13.3  0.16   2.7  29.0    28     WSW

Max >=  80.0:  0
Max <=  32.0:  2
Min <=  32.0: 14
Min <=   0.0:  0
Max Rain: 0.09 on day 20
Days of Rain: 5 (>= 0.01 in)  0 (>= 0.10 in)  0 (>= 1.00 in)
Heat Base: 65.0  Cool Base: 65.0  Method: Integration