NOAA-Style Climate Reports

Select a Year or Month report
2018: Jan Feb Mar Apr May Jun Jul Aug Sep Oct Nov Dec
2017: Jan Feb Mar Apr May Jun Jul Aug Sep Oct Nov Dec
2016: Jan Feb Mar Apr May Jun Jul Aug Sep Oct Nov Dec
2015: Jan Feb Mar Apr May Jun Jul Aug Sep Oct Nov Dec
2014: Jan Feb Mar Apr May Jun Jul Aug Sep Oct Nov Dec
2013: Jan Feb Mar Apr May Jun Jul Aug Sep Oct Nov Dec
2012: Jan Feb Mar Apr May Jun Jul Aug Sep Oct Nov Dec

Report for 2017 January
                   Monthly Climatological Summary for Jan 2017

Name: DW9500   City: Raytown   State: MO
Elevation: 1005 ft  Lat: N 38° 58' 55"   Lon: W 094° 27' 56"

                  Temperature (°F), Rain (in), Wind Speed (mph)

                                      Heat  Cool        Avg
    Mean                              Deg   Deg         Wind                 Dom
Day Temp  High   Time   Low    Time   Days  Days  Rain  Speed High   Time    Dir
----------------------------------------------------------------------------------
 1  33.2  43.3   13:44  22.9   05:21  31.8   0.0  0.00   2.0  12.0   15:58   ENE
 2  44.9  48.9   16:02  37.5   00:00  20.1   0.0  0.07   0.8  11.0   23:50   ESE
 3  29.3  45.6   00:00  16.6   23:56  35.3   0.0  0.00   3.4  20.0   12:46    NW
 4  16.4  22.1   13:11  11.0   07:40  48.6   0.0  0.00   2.0  12.0   20:43   NNW
 5  10.9  15.4   14:14   4.9   23:57  54.1   0.0  0.00   1.7  14.0   14:21    NW
 6   6.2  14.2   14:17   0.3   07:40  58.8   0.0  0.00   0.7   9.0   15:45   WNW
 7  13.4  24.6   14:27   2.0   00:30  51.6   0.0  0.00   0.9   9.0   12:35     W
 8  22.3  34.1   16:38   8.3   01:57  42.7   0.0  0.00   2.5  17.0   15:49     S
 9  37.4  47.2   15:27  27.1   07:50  27.7   0.0  0.03   4.2  22.0   20:47   SSW
10  45.6  57.9   08:54  31.6   22:59  19.4   0.0  0.00   5.2  26.0   10:48    SW
11  43.2  64.3   15:02  25.0   23:43  21.8   0.0  0.00   4.4  26.0   11:45    SW
12  23.2  29.3   14:48  18.4   06:40  41.8   0.0  0.00   2.4  13.0   22:50   NNW
13  23.2  26.5   18:59  19.7   06:39  41.8   0.0  0.00   4.5  19.0   09:39    NE
14  27.1  29.4   15:57  25.0   03:17  37.9   0.0  0.00   0.4   8.0   23:42    NE
15  30.7  32.4   22:34  28.7   04:32  34.3   0.0  0.00   1.9   8.0   05:16   ENE
16  39.6  52.3   13:36  32.1   00:00  25.5   0.0  0.05   3.8  19.0   14:22     E
17  34.8  38.2   16:19  31.6   19:49  30.2   0.0  0.00   1.7  14.0   03:06   WSW
18  36.7  47.2   15:33  29.0   05:50  28.3   0.0  0.01   1.1  11.0   11:20   SSW
19  44.8  47.9   15:50  40.6   00:00  20.2   0.0  0.01   0.2   5.0   10:44     S
20  47.6  53.0   13:38  42.5   23:58  17.4   0.0  0.00   0.3   7.0   09:13   ESE
21  45.4  55.6   15:26  38.8   07:23  19.6   0.0  0.04   1.6  12.0   10:12    SW
22  40.9  46.1   00:00  34.6   15:08  24.1   0.0  0.06   2.6  16.0   13:03   NNW
23  34.9  42.9   15:00  29.6   07:10  30.1   0.0  0.00   0.7  11.0   00:32    NW
24  40.0  55.5   16:28  28.9   02:25  25.0   0.0  0.01   3.7  16.0   07:43   ENE
25  34.7  43.8   00:00  29.2   23:58  30.3   0.0  0.00   5.5  21.0   10:44     W
26  29.2  33.1   16:01  25.9   06:25  35.8   0.0  0.00   2.3  17.0   15:54     W
27  33.0  44.0   16:22  24.4   04:35  32.0   0.0  0.00   4.0  19.0   16:35     W
28  37.8  48.3   14:42  28.9   05:40  27.2   0.0  0.00   4.2  19.0   14:20     W
29  40.5  48.9   14:31  34.0   06:09  24.5   0.0  0.00   3.1  17.0   16:06   WNW
30  45.7  62.1   15:32  29.3   07:38  19.3   0.0  0.00   1.9  17.0   15:19   WSW
31  43.7  49.9   14:25  37.6   07:53  21.3   0.0  0.00   1.2  11.0   23:52     N
----------------------------------------------------------------------------------
    33.4  64.3    11     0.3     6   978.5   0.0  0.28   2.4  26.0    10       W

Max >=  80.0:  0
Max <=  32.0:  7
Min <=  32.0: 23
Min <=   0.0:  0
Max Rain: 0.07 on day 2
Days of Rain: 8 (>= 0.01 in)  0 (>= 0.10 in)  0 (>= 1.00 in)
Heat Base: 65.0  Cool Base: 65.0  Method: Integration