NOAA-Style Climate Reports

Select a Year or Month report
2018: Jan Feb Mar Apr May Jun Jul Aug Sep Oct Nov Dec
2017: Jan Feb Mar Apr May Jun Jul Aug Sep Oct Nov Dec
2016: Jan Feb Mar Apr May Jun Jul Aug Sep Oct Nov Dec
2015: Jan Feb Mar Apr May Jun Jul Aug Sep Oct Nov Dec
2014: Jan Feb Mar Apr May Jun Jul Aug Sep Oct Nov Dec
2013: Jan Feb Mar Apr May Jun Jul Aug Sep Oct Nov Dec
2012: Jan Feb Mar Apr May Jun Jul Aug Sep Oct Nov Dec

Report for 2016 December
                   Monthly Climatological Summary for Dec 2016

Name: DW9500   City: Raytown   State: MO
Elevation: 1005 ft  Lat: N 38° 58' 55"   Lon: W 094° 27' 56"

                  Temperature (°F), Rain (in), Wind Speed (mph)

                                      Heat  Cool        Avg
    Mean                              Deg   Deg         Wind                 Dom
Day Temp  High   Time   Low    Time   Days  Days  Rain  Speed High   Time    Dir
----------------------------------------------------------------------------------
 1  34.1  43.1   14:33  27.4   06:58  30.9   0.0  0.00   1.5  13.0   13:41   WSW
 2  37.3  49.1   14:42  26.8   07:44  27.7   0.0  0.00   0.3   7.0   13:16     N
 3  40.5  48.0   15:26  31.8   07:00  24.5   0.0  0.05   1.5  11.0   11:18     E
 4  38.8  45.7   15:00  31.9   23:40  26.2   0.0  0.42   1.2  10.0   11:31   WSW
 5  38.8  51.4   14:18  31.3   03:16  26.2   0.0  0.01   1.4  17.0   12:39   SSW
 6  34.2  37.9   04:04  29.4   18:31  30.8   0.0  0.00   2.0  21.0   11:28   WNW
 7  27.3  32.7   01:33  20.4   23:22  37.7   0.0  0.00   1.6  11.0   23:55    NW
 8  19.8  25.4   14:30  14.3   07:32  45.2   0.0  0.00   2.5  15.0   05:58   WNW
 9  21.2  28.3   14:32  11.3   07:09  43.8   0.0  0.00   0.5  10.0   14:06   SSE
18  31.1  37.3   21:59  23.7   04:07  33.4   0.0  0.00  ----  11.0   16:56   SSE
19  19.9  24.3   16:10   0.0   16:08  14.7   0.0  0.00   3.7  17.0   15:46   SSW
20  29.3  38.9   14:27  21.5   03:04  35.7   0.0  0.00   2.4  19.0   01:36    SW
21  36.0  47.0   15:17  25.1   06:14  29.0   0.0  0.00   1.9  14.0   20:47   WSW
22  35.7  43.4   14:17  26.9   07:33  29.3   0.0  0.00   0.6  10.0   00:59   WNW
23  39.6  47.6   15:56  34.7   05:02  25.4   0.0  0.04   2.2  20.0   11:15   SSW
24  36.0  42.3   19:06  28.2   06:52  29.0   0.0  0.01   1.1  10.0   22:47   ESE
25  52.3  65.1   14:42  41.3   00:02  12.7   0.0  0.36   3.6  26.0   16:56   SSE
26  43.5  54.1   00:00  32.9   23:52  21.5   0.0  0.00   3.2  17.0   13:40   WSW
27  37.6  49.7   14:34  26.8   06:28  27.4   0.0  0.00   1.5  11.0   16:01    SW
28  40.9  52.5   15:05  31.0   03:49  24.1   0.0  0.00   1.0  14.0   23:52     W
29  39.7  47.3   14:22  32.7   07:58  25.3   0.0  0.00   3.7  21.0   13:59     W
30  42.1  56.2   15:12  25.3   07:11  22.8   0.0  0.00   4.6  25.0   12:18    SW
31  38.4  45.8   00:00  26.8   23:53  26.6   0.0  0.00   2.1  18.0   00:25   WSW
----------------------------------------------------------------------------------
    35.4  65.1    25     0.0    19   649.9   0.0  0.89   1.9  26.0    25      SW

Max >=  80.0:  0
Max <=  32.0:  3
Min <=  32.0: 19
Min <=   0.0:  1
Max Rain: 0.42 on day 4
Days of Rain: 6 (>= 0.01 in)  2 (>= 0.10 in)  0 (>= 1.00 in)
Heat Base: 65.0  Cool Base: 65.0  Method: Integration