NOAA-Style Climate Reports

Select a Year or Month report
2018: Jan Feb Mar Apr May Jun Jul Aug Sep Oct Nov Dec
2017: Jan Feb Mar Apr May Jun Jul Aug Sep Oct Nov Dec
2016: Jan Feb Mar Apr May Jun Jul Aug Sep Oct Nov Dec
2015: Jan Feb Mar Apr May Jun Jul Aug Sep Oct Nov Dec
2014: Jan Feb Mar Apr May Jun Jul Aug Sep Oct Nov Dec
2013: Jan Feb Mar Apr May Jun Jul Aug Sep Oct Nov Dec
2012: Jan Feb Mar Apr May Jun Jul Aug Sep Oct Nov Dec

Report for 2016 November
                   Monthly Climatological Summary for Nov 2016

Name: DW9500   City: Raytown   State: MO
Elevation: 1005 ft  Lat: N 38° 58' 55"   Lon: W 094° 27' 56"

                  Temperature (°F), Rain (in), Wind Speed (mph)

                                      Heat  Cool        Avg
    Mean                              Deg   Deg         Wind                 Dom
Day Temp  High   Time   Low    Time   Days  Days  Rain  Speed High   Time    Dir
----------------------------------------------------------------------------------
 1  71.8  80.2   14:35  62.1   08:06   0.1   6.9  0.00   1.8  19.0   01:16   SSW
 2  69.9  75.3   15:17  63.3   23:45   0.0   4.9  0.09   1.3  14.0   01:11   SSW
 3  62.6  71.6   15:34  53.4   23:58   3.6   1.1  0.01   0.4   9.0   05:51    NE
 4  58.7  73.3   14:51  47.9   05:25   7.9   1.5  0.00   0.2   6.0   12:27   SSE
 5  57.6  71.1   13:37  48.8   23:30   8.2   0.8  0.00   0.4   9.0   12:09    SW
 6  53.0  65.2   13:46  41.9   06:15  12.5   0.0  0.00   0.5  10.0   10:32   SSE
 7  55.9  64.7   15:36  46.2   04:29   9.1   0.0  0.08   0.1   5.0   13:17    SE
 8  56.3  65.0   13:50  46.5   23:58   8.7   0.0  0.02   0.4  10.0   11:43     N
 9  47.9  61.3   14:05  37.9   07:04  17.1   0.0  0.00   0.2   5.0   01:33   ENE
10  54.0  67.3   14:22  40.3   01:24  11.2   0.2  0.00   1.1  11.0   09:30    SW
11  51.0  59.1   12:40  41.3   23:44  14.0   0.0  0.00   1.8  14.0   12:49   NNE
12  43.1  55.6   14:25  33.0   07:10  21.9   0.0  0.00   0.5   7.0   14:26   ENE
13  48.3  62.5   13:48  33.7   07:01  16.7   0.0  0.00   1.4  15.0   14:13    SW
14  55.0  66.8   14:18  46.7   07:14  10.2   0.1  0.00   0.4   8.0   14:29   WSW
15  55.5  70.9   14:28  41.7   04:00  10.4   0.9  0.00   0.5  11.0   10:13   SSW
16  61.2  74.1   14:20  46.8   06:41   5.7   1.9  0.00   1.7  19.0   21:58   SSW
17  68.9  76.3   13:37  63.7   01:38   0.1   4.0  0.00   6.0  29.0   15:56   SSW
18  47.1  68.2   03:27  33.3   23:58  18.4   0.5  0.00   5.8  27.0   10:19   WSW
19  34.8  44.7   14:49  27.0   06:57  30.2   0.0  0.00   1.3  14.0   00:13     W
20  37.6  50.2   14:40  27.1   07:18  27.4   0.0  0.00   0.9  12.0   11:52   ESE
21  43.4  53.4   14:50  29.8   07:16  21.6   0.0  0.00   1.7  10.0   14:59     E
22  52.5  57.5   23:49  48.5   01:56  12.5   0.0  0.03   2.2  18.0   15:54    SE
23  45.1  57.4   00:00  40.5   23:32  20.0   0.0  0.02   1.8  15.0   12:26     W
24  43.0  49.1   15:24  38.2   05:21  22.0   0.0  0.00   0.7  12.0   12:07   SSE
25  42.5  51.0   14:47  36.4   21:42  22.5   0.0  0.00   0.8  10.0   05:11     W
26  44.4  58.4   14:20  31.7   06:52  20.6   0.0  0.00   2.6  18.0   14:18    SW
27  49.3  56.6   23:09  41.4   01:09  15.7   0.0  0.21   4.8  28.0   20:04   SSW
28  55.3  61.4   11:32  46.3   23:52   9.7   0.0  0.00   4.3  25.0   02:10    SW
29  44.4  50.7   14:04  36.5   23:23  20.6   0.0  0.00   1.3  12.0   12:10     W
30  36.4  40.3   13:37  32.3   23:22  28.6   0.0  0.00   2.9  19.0   14:07     W
----------------------------------------------------------------------------------
    51.6  80.2     1    27.0    19   427.2  22.8  0.46   1.6  29.0    17      SW

Max >=  80.0:  1
Max <=  32.0:  0
Min <=  32.0:  4
Min <=   0.0:  0
Max Rain: 0.21 on day 27
Days of Rain: 7 (>= 0.01 in)  1 (>= 0.10 in)  0 (>= 1.00 in)
Heat Base: 65.0  Cool Base: 65.0  Method: Integration