NOAA-Style Climate Reports

Select a Year or Month report
2018: Jan Feb Mar Apr May Jun Jul Aug Sep Oct Nov Dec
2017: Jan Feb Mar Apr May Jun Jul Aug Sep Oct Nov Dec
2016: Jan Feb Mar Apr May Jun Jul Aug Sep Oct Nov Dec
2015: Jan Feb Mar Apr May Jun Jul Aug Sep Oct Nov Dec
2014: Jan Feb Mar Apr May Jun Jul Aug Sep Oct Nov Dec
2013: Jan Feb Mar Apr May Jun Jul Aug Sep Oct Nov Dec
2012: Jan Feb Mar Apr May Jun Jul Aug Sep Oct Nov Dec

Report for 2016 October
                   Monthly Climatological Summary for Oct 2016

Name: DW9500   City: Raytown   State: MO
Elevation: 1005 ft  Lat: N 38° 58' 55"   Lon: W 094° 27' 56"

                  Temperature (°F), Rain (in), Wind Speed (mph)

                                      Heat  Cool        Avg
    Mean                              Deg   Deg         Wind                 Dom
Day Temp  High   Time   Low    Time   Days  Days  Rain  Speed High   Time    Dir
----------------------------------------------------------------------------------
 1  59.0  67.4   15:48  53.1   02:57   6.1   0.1  0.00   0.1   6.0   13:06   ENE
 2  61.6  74.2   14:46  50.8   05:24   5.5   2.1  0.00   0.2   8.0   17:27   ENE
 3  66.0  78.2   15:15  54.8   06:08   3.5   4.5  0.00   0.7  10.0   15:25   ESE
 4  68.9  78.2   14:28  60.2   05:19   1.2   5.1  0.03   1.4  20.0   13:22     S
 5  67.5  77.1   14:47  57.1   06:20   1.9   4.4  0.23   0.5  13.0   00:58   SSE
 6  66.9  75.8   15:38  61.3   23:36   0.6   2.5  0.97   1.7  28.0   17:51    SW
 7  51.4  61.7   15:08  44.4   08:26  13.6   0.0  0.04   0.9  13.0   00:27     N
 8  54.8  71.2   15:03  41.1   06:18  11.1   0.9  0.01   0.2  10.0   11:52   SSW
 9  57.6  72.3   13:57  45.7   06:33   8.6   1.2  0.00   0.2   9.0   11:05   SSW
10  61.0  72.0   14:40  52.5   03:16   5.0   1.1  0.00   1.0  15.0   14:14    SW
11  65.4  76.5   16:59  54.8   05:38   3.3   3.7  0.00   2.0  17.0   11:26    SW
12  53.4  65.7   00:00  45.1   23:57  11.6   0.0  0.04   0.6  11.0   09:03     W
13  47.3  57.5   15:25  36.0   06:01  17.7   0.0  0.01   0.9  10.0   10:29   ENE
14  58.9  69.7   16:42  50.4   00:20   6.6   0.5  0.00   0.8  13.0   20:38    SW
15  68.5  72.6   20:19  63.8   00:00   0.0   3.6  0.00   3.2  21.0   10:30    SW
16  75.0  85.0   15:15  65.8   06:04   0.0  10.0  0.00   2.8  21.0   11:56    SW
17  77.7  86.8   15:19  70.5   05:44   0.0  12.7  0.00   4.5  27.0   09:40    SW
18  68.5  75.9   15:11  57.5   23:19   0.9   4.5  0.00   0.9  14.0   01:40     W
19  60.9  67.3   16:13  55.7   04:46   4.3   0.2  0.00   2.8  15.0   14:53   ENE
20  52.6  58.6   15:27  44.5   23:50  12.4   0.0  0.03   0.5  11.0   08:33   NNW
21  49.5  63.4   15:45  37.2   05:44  15.5   0.0  0.00   0.3   9.0   12:52   SSW
22  57.4  72.4   15:26  44.7   05:56   8.9   1.4  0.03   0.7  11.0   23:24    SW
23  63.1  75.8   15:03  55.8   04:43   4.0   2.1  0.00   0.7  12.0   07:45    SW
24  56.6  65.8   15:40  46.6   07:51   8.4   0.0  0.00   2.4  10.0   14:23   ENE
25  64.5  76.5   15:22  53.4   00:46   4.0   3.4  0.00   1.5  14.0   14:38   SSW
26  64.4  73.2   15:55  53.5   23:58   2.2   1.5  0.14   0.9  14.0   02:59    SW
27  56.7  69.1   15:20  45.5   07:47   8.9   0.6  0.00   0.3   7.0   15:02   SSW
28  68.1  81.2   14:56  57.2   00:30   2.8   5.9  0.01   3.0  22.0   13:13    SW
29  72.2  82.1   14:31  66.2   07:46   0.0   7.2  0.00   2.7  23.0   00:15    SW
30  59.0  70.3   00:49  54.6   20:01   6.6   0.6  0.00   0.8  11.0   01:20    NE
31  65.0  77.3   17:23  55.9   00:00   3.9   3.9  0.00   2.6  20.0   23:25   SSW
----------------------------------------------------------------------------------
    61.9  86.8    17    36.0    13   179.1  83.7  1.54   1.4  28.0     6     SSW

Max >=  80.0:  4
Max <=  32.0:  0
Min <=  32.0:  0
Min <=   0.0:  0
Max Rain: 0.97 on day 6
Days of Rain: 11 (>= 0.01 in)  3 (>= 0.10 in)  0 (>= 1.00 in)
Heat Base: 65.0  Cool Base: 65.0  Method: Integration