NOAA-Style Climate Reports

Select a Year or Month report
2018: Jan Feb Mar Apr May Jun Jul Aug Sep Oct Nov Dec
2017: Jan Feb Mar Apr May Jun Jul Aug Sep Oct Nov Dec
2016: Jan Feb Mar Apr May Jun Jul Aug Sep Oct Nov Dec
2015: Jan Feb Mar Apr May Jun Jul Aug Sep Oct Nov Dec
2014: Jan Feb Mar Apr May Jun Jul Aug Sep Oct Nov Dec
2013: Jan Feb Mar Apr May Jun Jul Aug Sep Oct Nov Dec
2012: Jan Feb Mar Apr May Jun Jul Aug Sep Oct Nov Dec

Report for 2016 March
                   Monthly Climatological Summary for Mar 2016

Name: DW9500   City: Raytown   State: MO
Elevation: 1005 ft  Lat: N 38° 58' 55"   Lon: W 094° 27' 56"

                  Temperature (°F), Rain (in), Wind Speed (mph)

                                      Heat  Cool        Avg
    Mean                              Deg   Deg         Wind                 Dom
Day Temp  High   Time   Low    Time   Days  Days  Rain  Speed High   Time    Dir
----------------------------------------------------------------------------------
 1  34.5  60.1   00:00  27.6   23:59  30.5   0.0  0.00   3.6  22.0   03:26    NW
 2  41.3  59.2   14:44  23.4   03:57  23.7   0.0  0.00   2.0  21.0   12:53     S
 3  46.7  54.5   00:40  36.4   23:57  18.3   0.0  0.02   2.5  16.0   00:07   NNW
 4  46.8  63.9   16:26  29.6   05:21  18.2   0.0  0.00   2.1  17.0   15:03   SSW
 5  52.6  65.0   16:27  39.7   05:42  12.4   0.0  0.00   1.3  12.0   13:00    NW
 6  58.5  73.2   13:50  43.2   06:44   7.9   1.4  0.00   4.8  29.0   12:11   SSW
 7  65.2  69.0   16:22  62.2   23:59   0.6   0.8  0.00   6.9  27.0   10:40   SSW
 8  60.4  67.6   13:31  56.2   19:28   4.8   0.2  0.39   3.1  24.0   11:01   SSW
 9  55.0  61.7   15:20  50.2   08:01  10.0   0.0  0.01   1.4  11.0   04:22   NNE
10  54.4  65.3   15:30  47.3   07:23  10.6   0.0  0.00   2.1  11.0   11:36    NE
11  54.3  65.8   14:59  41.6   06:27  10.7   0.0  0.00   1.2  13.0   15:39     E
12  53.3  57.0   17:04  47.9   06:21  11.7   0.0  0.25   0.4   7.0   08:35     E
13  57.2  62.5   16:57  53.8   23:18   7.5   0.0  0.01   0.6   8.0   16:58    NE
14  60.3  74.7   17:02  48.9   07:00   6.8   2.1  0.01   1.1  14.0   15:20    SW
15  58.0  65.4   11:11  48.7   23:59   7.0   0.0  0.03   2.5  22.0   13:26   WNW
16  50.8  61.1   15:45  41.0   07:53  14.2   0.0  0.00   3.9  20.0   01:00     W
17  50.6  62.0   16:02  39.6   06:08  14.4   0.0  0.00   2.1  17.0   16:06     W
18  43.4  51.0   03:10  35.1   22:48  21.6   0.0  0.00   2.8  15.0   05:26   NNE
19  35.5  40.3   11:41  29.1   08:00  29.5   0.0  0.00   2.1  21.0   12:03   WNW
20  38.2  47.3   17:37  32.0   02:43  26.8   0.0  0.00   1.8  15.0   01:54    NW
21  47.5  63.4   16:30  29.3   06:20  17.5   0.0  0.00   5.1  27.0   13:26    SW
22  60.3  71.6   17:50  50.3   06:58   6.0   1.3  0.00   7.6  26.0   12:04    SW
23  65.8  75.0   14:12  58.3   20:21   1.8   2.6  0.31   7.0  32.0   02:55   SSW
24  40.3  63.2   00:00  33.0   09:03  24.7   0.0  0.01   4.4  29.0   05:21     W
25  43.7  59.2   16:05  27.8   06:10  21.3   0.0  0.00   0.9  12.0   15:05     S
26  48.4  58.0   17:28  42.8   10:21  16.6   0.0  0.09   1.2  14.0   14:36   WSW
27  40.3  52.4   18:13  32.3   06:07  24.7   0.0  0.06   1.7  14.0   15:09   WNW
28  50.7  66.2   15:02  33.1   07:30  14.4   0.1  0.00   1.2  14.0   17:47    SW
29  57.3  68.6   15:45  45.1   05:40   8.1   0.4  0.00   2.0  17.0   13:55    SE
30  62.1  70.7   17:13  54.3   03:49   3.7   0.9  0.00   3.5  19.0   13:08   SSW
31  54.8  61.2   02:36  43.6   23:58  10.2   0.0  0.01   4.3  25.0   20:40     W
----------------------------------------------------------------------------------
    51.2  75.0    23    23.4     2   436.2   9.8  1.20   2.8  32.0    23     WSW

Max >=  80.0:  0
Max <=  32.0:  0
Min <=  32.0:  7
Min <=   0.0:  0
Max Rain: 0.39 on day 8
Days of Rain: 12 (>= 0.01 in)  3 (>= 0.10 in)  0 (>= 1.00 in)
Heat Base: 65.0  Cool Base: 65.0  Method: Integration