NOAA-Style Climate Reports

Select a Year or Month report
2018: Jan Feb Mar Apr May Jun Jul Aug Sep Oct Nov Dec
2017: Jan Feb Mar Apr May Jun Jul Aug Sep Oct Nov Dec
2016: Jan Feb Mar Apr May Jun Jul Aug Sep Oct Nov Dec
2015: Jan Feb Mar Apr May Jun Jul Aug Sep Oct Nov Dec
2014: Jan Feb Mar Apr May Jun Jul Aug Sep Oct Nov Dec
2013: Jan Feb Mar Apr May Jun Jul Aug Sep Oct Nov Dec
2012: Jan Feb Mar Apr May Jun Jul Aug Sep Oct Nov Dec

Report for 2016 February
                   Monthly Climatological Summary for Feb 2016

Name: DW9500   City: Raytown   State: MO
Elevation: 1005 ft  Lat: N 38° 58' 55"   Lon: W 094° 27' 56"

                  Temperature (°F), Rain (in), Wind Speed (mph)

                                      Heat  Cool        Avg
    Mean                              Deg   Deg         Wind                 Dom
Day Temp  High   Time   Low    Time   Days  Days  Rain  Speed High   Time    Dir
----------------------------------------------------------------------------------
 1  43.2  48.2   14:56  37.8   08:03  21.8   0.0  0.05   3.6  22.0   22:19   ENE
 2  44.7  57.1   14:37  34.3   23:56  20.3   0.0  0.36   7.1  28.0   14:57   SSW
 3  29.8  35.3   00:37  22.5   23:56  35.2   0.0  0.00   5.0  26.0   01:20   WNW
 4  30.0  44.1   16:32  17.1   06:57  35.0   0.0  0.00   2.1  15.0   14:08   WSW
 5  32.6  43.5   15:55  23.4   05:50  32.4   0.0  0.00   0.6   8.0   11:20     S
 6  38.9  49.0   15:19  26.9   06:23  26.1   0.0  0.00   2.1  14.0   13:41    SW
 7  42.6  50.9   14:21  36.4   21:55  22.4   0.0  0.00   6.0  27.0   18:08     W
 8  31.2  37.3   00:00  26.1   23:42  33.8   0.0  0.00   5.9  30.0   07:15    NW
 9  24.0  28.5   14:45  17.3   07:43  41.0   0.0  0.00   4.4  23.0   12:45    NW
10  31.9  48.5   17:07  18.5   01:58  33.0   0.0  0.00   2.9  21.0   12:49   SSW
11  28.8  36.3   16:07  20.0   07:19  36.2   0.0  0.00   2.9  15.0   00:28    NE
12  29.3  37.2   12:27  18.9   23:48  35.7   0.0  0.00   2.8  17.0   12:37   NNE
13  18.5  22.6   23:51  15.0   05:28  46.5   0.0  0.00   3.2  14.0   00:05   ENE
14  34.9  49.4   15:42  22.6   00:00  30.1   0.0  0.00   2.2  15.0   11:20   SSW
15  40.2  52.7   14:36  30.7   04:16  24.8   0.0  0.00   0.8  12.0   13:19    NW
16  41.1  44.8   06:00  32.1   23:53  23.9   0.0  0.04   2.9  26.0   07:43    NW
17  43.6  60.3   15:37  28.2   01:38  21.4   0.0  0.00   1.3  17.0   13:52   SSW
18  58.8  73.3   16:16  43.1   05:10   8.1   2.0  0.00   6.9  36.0   16:44   SSW
19  63.0  69.7   14:42  54.4   22:56   2.6   0.6  0.00   5.6  29.0   00:12   WSW
20  58.5  72.1   13:59  43.0   06:55   7.9   1.4  0.00   1.5  15.0   20:07    NE
21  45.1  53.3   15:07  36.2   07:09  19.9   0.0  0.00   2.7  16.0   13:34   NNE
22  40.4  48.9   15:14  32.4   06:52  24.6   0.0  0.00   1.7  12.0   15:17    NE
23  40.7  48.2   15:39  33.3   06:18  24.3   0.0  0.00   3.9  17.0   17:07    NE
24  38.2  45.6   14:08  31.5   06:27  26.8   0.0  0.00   3.4  18.0   09:57    NW
25  36.0  41.0   14:53  32.2   00:54  29.0   0.0  0.00   3.3  18.0   10:19    NW
26  38.6  53.6   16:57  25.2   04:40  26.4   0.0  0.00   1.9  16.0   14:04    SW
27  53.0  70.7   15:27  31.0   05:40  13.0   1.0  0.00   4.1  23.0   22:49    SW
28  56.3  66.8   13:45  41.1   23:09   8.8   0.1  0.00   6.2  27.0   01:59   WSW
29  55.0  70.2   15:17  36.2   05:17  10.8   0.8  0.00   4.0  23.0   12:38    SW
----------------------------------------------------------------------------------
    40.3  73.3    18    15.0    13   721.8   5.9  0.45   3.5  36.0    18       W

Max >=  80.0:  0
Max <=  32.0:  2
Min <=  32.0: 16
Min <=   0.0:  0
Max Rain: 0.36 on day 2
Days of Rain: 3 (>= 0.01 in)  1 (>= 0.10 in)  0 (>= 1.00 in)
Heat Base: 65.0  Cool Base: 65.0  Method: Integration