NOAA-Style Climate Reports

Select a Year or Month report
2018: Jan Feb Mar Apr May Jun Jul Aug Sep Oct Nov Dec
2017: Jan Feb Mar Apr May Jun Jul Aug Sep Oct Nov Dec
2016: Jan Feb Mar Apr May Jun Jul Aug Sep Oct Nov Dec
2015: Jan Feb Mar Apr May Jun Jul Aug Sep Oct Nov Dec
2014: Jan Feb Mar Apr May Jun Jul Aug Sep Oct Nov Dec
2013: Jan Feb Mar Apr May Jun Jul Aug Sep Oct Nov Dec
2012: Jan Feb Mar Apr May Jun Jul Aug Sep Oct Nov Dec

Report for 2016 January
                   Monthly Climatological Summary for Jan 2016

Name: DW9500   City: Raytown   State: MO
Elevation: 1005 ft  Lat: N 38° 58' 55"   Lon: W 094° 27' 56"

                  Temperature (°F), Rain (in), Wind Speed (mph)

                                      Heat  Cool        Avg
    Mean                              Deg   Deg         Wind                 Dom
Day Temp  High   Time   Low    Time   Days  Days  Rain  Speed High   Time    Dir
----------------------------------------------------------------------------------
 1  30.9  39.9   14:56  22.3   06:27  34.1   0.0  0.04   3.2  14.0   13:48   WSW
 2  33.8  44.6   15:16  25.3   06:59  31.2   0.0  0.08   1.8  13.0   13:04   WSW
 3  29.4  37.1   15:04  20.8   23:16  35.6   0.0  0.01   1.6  11.0   23:12     N
 4  23.9  28.8   14:18  20.5   06:50  41.1   0.0  0.00   2.0  15.0   05:15    NE
 5  28.8  38.2   14:27  21.0   02:57  36.2   0.0  0.01   1.8  18.0   09:47   SSW
 6  33.6  36.3   14:10  30.2   07:59  31.4   0.0  0.09   2.2  14.0   05:11   SSW
 7  40.6  45.1   23:29  36.1   00:00  24.4   0.0  0.59   0.3   8.0   14:13    SE
 8  38.9  45.0   00:00  33.6   23:56  26.1   0.0  0.11   2.4  16.0   08:29     W
 9  22.5  33.6   00:00   9.5   23:59  42.5   0.0  0.00   3.4  22.0   14:22    NW
10  11.6  20.6   23:57   2.7   06:54  53.3   0.0  0.00   2.8  13.0   00:10     W
11  29.4  38.8   14:39  20.6   00:00  35.6   0.0  0.00   3.4  16.0   15:48   WSW
12  25.9  37.8   01:28  16.8   23:16  39.2   0.0  0.00   1.9  15.0   01:11    NW
13  34.4  49.2   15:31  17.1   00:00  30.6   0.0  0.00   2.6  17.0   11:00    SW
14  47.1  60.1   15:30  35.3   07:50  17.9   0.0  0.00   4.1  23.0   13:05    SW
15  32.9  45.4   00:00  23.9   23:52  32.1   0.0  0.00   3.2  21.0   14:42   WNW
16  24.7  33.5   14:28  16.8   06:10  40.3   0.0  0.00   1.1  11.0   14:56    NW
17   8.3  28.4   00:35   0.5   21:48  56.8   0.0  0.00   2.3  15.0   03:38   NNW
18  12.7  26.0   15:39  -0.4   05:31  52.3   0.0  0.00   0.6   8.0   15:56    SW
19  20.7  22.2   11:35  19.5   06:29  44.3   0.0  0.00   2.5  16.0   09:38   ENE
20  23.5  27.9   13:51  18.5   07:39  41.5   0.0  0.00   0.6  11.0   20:22     E
21  23.7  26.2   00:02  21.6   07:47  41.3   0.0  0.00   4.0  13.0   14:06    NE
22  23.1  28.6   16:11  17.3   07:10  41.9   0.0  0.00   1.8  13.0   12:04     N
23  23.2  26.6   15:59  19.6   06:35  41.8   0.0  0.00   1.7  15.0   14:41   SSW
24  35.5  50.1   15:31  21.5   00:28  29.4   0.0  0.07   1.7  19.0   14:47   SSW
25  34.8  40.4   11:29  29.1   22:38  30.2   0.0  0.00   3.2  22.0   13:04     W
26  31.9  38.7   15:10  23.4   22:48  33.1   0.0  0.00   2.4  17.0   03:44   WNW
27  36.0  49.7   14:50  21.2   06:37  29.0   0.0  0.00   2.7  21.0   14:02    SW
28  42.2  51.4   14:33  32.3   23:57  22.8   0.0  0.00   2.7  18.0   15:13     W
29  45.7  64.8   16:52  27.7   03:44  19.3   0.0  0.00   2.0  14.0   10:17   SSW
30  46.7  59.7   14:51  35.2   06:34  18.3   0.0  0.00   0.8  14.0   13:59    SW
31  46.5  52.2   14:19  40.4   06:39  18.5   0.0  0.00   1.5  16.0   09:34    NW
----------------------------------------------------------------------------------
    30.4  64.8    29    -0.4    18  1072.1   0.0  1.00   2.2  23.0    14       W

Max >=  80.0:  0
Max <=  32.0:  9
Min <=  32.0: 25
Min <=   0.0:  1
Max Rain: 0.59 on day 7
Days of Rain: 8 (>= 0.01 in)  2 (>= 0.10 in)  0 (>= 1.00 in)
Heat Base: 65.0  Cool Base: 65.0  Method: Integration