NOAA-Style Climate Reports

Select a Year or Month report
2018: Jan Feb Mar Apr May Jun Jul Aug Sep Oct Nov Dec
2017: Jan Feb Mar Apr May Jun Jul Aug Sep Oct Nov Dec
2016: Jan Feb Mar Apr May Jun Jul Aug Sep Oct Nov Dec
2015: Jan Feb Mar Apr May Jun Jul Aug Sep Oct Nov Dec
2014: Jan Feb Mar Apr May Jun Jul Aug Sep Oct Nov Dec
2013: Jan Feb Mar Apr May Jun Jul Aug Sep Oct Nov Dec
2012: Jan Feb Mar Apr May Jun Jul Aug Sep Oct Nov Dec

Report for 2016
                   Annual Climatological Summary for 2016

Name: DW9500   City: Raytown   State: MO
Elevation: 1005 ft  Lat: N 38° 58' 55"   Lon: W 094° 27' 56"

                  Temperature (°F), Heat Base: 65.0  Cool Base: 65.0
                          Dep.  Heat  Cool                       Max  Max  Min  Min
        Mean  Mean        From  Deg   Deg                        >=   <=   <=   <=
 YR MO  Max   Min   Mean  Norm  Days  Days  Hi  Date  Low  Date 80.0 32.0 32.0   0.0
------------------------------------------------------------------------------------
 16  1  39.6  21.9  30.4   0.0  1072     0  64.8  29  -0.4   18    0    9   25    1
 16  2  50.3  29.9  40.3   0.0   721     5  73.3  18  15.0   13    0    2   16    0
 16  3  62.5  41.4  51.2   0.0   436     9  75.0  23  23.4    2    0    0    7    0
 16  4  68.5  47.9  58.1   0.0   246    38  78.8  23  31.0    9    0    0    1    0
 16  5  73.8  53.3  62.9   0.0   162    96  89.2  29  40.6   15   11    0    0    0
 16  6  90.0  67.8  78.8   0.0     4   418 102.0  15  56.9    7   30    0    0    0
 16  7  88.3  70.1  79.0   0.0     2   435 100.3  24  60.3    3   28    0    0    0
 16  8  86.1  65.8  76.3   0.0     5   344  97.7   4   0.0   28   26    0    1    1
 16  9  81.2  59.8  71.1   0.0    40   211  92.3  20   0.0   24   17    0    1    1
 16 10  72.6  52.8  61.9   0.0   179    83  86.8  17  36.0   13    4    0    0    0
 16 11  62.0  42.1  51.6   0.0   427    22  80.2   1  27.0   19    1    0    4    0
 16 12  44.0  26.2  35.4   0.0   649     0  65.1  25   0.0   19    0    3   19    1
------------------------------------------------------------------------------------
        68.2  48.2  58.1   0.0  3948  1665 102.0 Jun  -0.4  Jan  117   14   74    4

                                Precipitation (in)

              Dep.   Max        Days of Rain
              From   Obs.           >=
 YR MO Total  Norm   Day Date 0.01 0.10 1.00
---------------------------------------------
 16  1  1.00   0.0  0.59   7     8    2    0
 16  2  0.45   0.0  0.36   2     3    1    0
 16  3  1.20   0.0  0.39   8    12    3    0
 16  4  4.46   0.0  1.94  26    10    8    1
 16  5  7.15   0.0  2.65  26    15   10    2
 16  6  0.95   0.0  0.49   4     6    2    0
 16  7  6.45   0.0  2.65   2     8    7    2
 16  8  9.68   0.0  2.10  24    15   10    4
 16  9  3.34   0.0  1.10   9     8    7    1
 16 10  1.54   0.0  0.97   6    11    3    0
 16 11  0.46   0.0  0.21  27     7    1    0
 16 12  0.89   0.0  0.42   4     6    2    0
---------------------------------------------
       37.57   0.0  2.65  May  109   56   10

                                Wind Speed (mph)
                          Dom
 YR MO   Avg.  Hi   Date  Dir
------------------------------
 16  1   2.2  23.0   14     W
 16  2   3.5  36.0   18     W
 16  3   2.8  32.0   23    SW
 16  4   2.2  29.0    7   WSW
 16  5   0.9  29.0   26   SSE
 16  6   1.0  32.0   12   SSW
 16  7   1.1  22.0    7     S
 16  8   0.9  98.2   26    SE
 16  9   0.9  19.0    6   SSW
 16 10   1.4  28.0    6   SSW
 16 11   1.6  29.0   17    SW
 16 12   1.9  26.0   25   WSW
------------------------------
         1.7  98.2  Aug    SW