NOAA-Style Climate Reports

Select a Year or Month report
2018: Jan Feb Mar Apr May Jun Jul Aug Sep Oct Nov Dec
2017: Jan Feb Mar Apr May Jun Jul Aug Sep Oct Nov Dec
2016: Jan Feb Mar Apr May Jun Jul Aug Sep Oct Nov Dec
2015: Jan Feb Mar Apr May Jun Jul Aug Sep Oct Nov Dec
2014: Jan Feb Mar Apr May Jun Jul Aug Sep Oct Nov Dec
2013: Jan Feb Mar Apr May Jun Jul Aug Sep Oct Nov Dec
2012: Jan Feb Mar Apr May Jun Jul Aug Sep Oct Nov Dec

Report for 2015 December
                   Monthly Climatological Summary for Dec 2015

Name: DW9500   City: Raytown   State: MO
Elevation: 1005 ft  Lat: N 38° 58' 55"   Lon: W 094° 27' 56"

                  Temperature (°F), Rain (in), Wind Speed (mph)

                                      Heat  Cool        Avg
    Mean                              Deg   Deg         Wind                 Dom
Day Temp  High   Time   Low    Time   Days  Days  Rain  Speed High   Time    Dir
----------------------------------------------------------------------------------
 1  36.5  46.3   14:31  30.0   06:45  28.5   0.0  0.00   4.8  25.0   14:49   WSW
 2  37.1  45.8   15:49  32.8   23:59  27.9   0.0  0.00   2.8  15.0   09:52     W
 3  36.2  50.2   15:03  24.8   07:24  28.8   0.0  0.00   0.4   8.0   11:18   WSW
 4  41.2  55.9   14:49  27.9   07:30  23.8   0.0  0.00   1.1  17.0   14:24   SSW
 5  43.8  52.7   15:00  34.2   07:26  21.2   0.0  0.00   2.8  19.0   13:44   SSW
 6  46.0  52.9   15:08  35.0   23:53  19.0   0.0  0.00   1.8  15.0   15:58     W
 7  41.9  59.2   15:06  26.1   07:23  23.1   0.0  0.00   1.4  18.0   13:33   SSW
 8  46.2  58.2   13:59  37.0   07:26  18.8   0.0  0.00   1.8  15.0   10:51    SW
 9  51.0  63.7   14:19  40.4   07:48  14.0   0.0  0.00   2.9  16.0   23:14    SW
10  54.6  62.3   15:01  44.0   23:54  10.4   0.0  0.00   3.8  26.0   02:21   WSW
11  50.4  64.5   15:18  38.1   04:48  14.6   0.0  0.00   1.7  18.0   13:09   SSW
12  58.0  68.0   13:55  47.1   04:40   7.4   0.4  0.05   0.9  17.0   22:31     S
13  57.8  62.8   05:47  44.9   23:48   7.2   0.0  1.89   2.2  20.0   17:22   SSW
14  41.7  44.9   00:00  39.0   10:24  23.3   0.0  0.01   4.2  23.0   10:42   WSW
15  48.2  59.3   16:01  39.5   00:00  16.8   0.0  0.00   2.4  17.0   22:37    SE
16  35.7  51.0   00:00  28.3   23:14  29.3   0.0  0.00   5.3  23.0   03:57   WSW
17  29.6  32.9   14:01  26.0   05:35  35.4   0.0  0.00   1.2  10.0   14:57   WNW
18  31.7  42.2   15:16  22.1   07:49  33.3   0.0  0.00   3.2  18.0   12:52   WSW
19  38.7  51.4   14:50  26.3   03:56  26.3   0.0  0.00   2.5  21.0   22:41     S
20  51.3  56.3   21:56  44.3   00:53  13.7   0.0  0.11   7.3  31.0   12:07   SSW
21  39.1  54.4   00:00  31.6   23:33  25.9   0.0  0.09   2.6  17.0   06:15   WSW
22  41.1  52.7   19:21  28.0   04:48  23.9   0.0  0.00   1.9  12.0   20:08   SSE
23  48.4  61.4   11:53  34.2   23:20  16.6   0.0  0.00   4.0  26.0   11:31   WSW
24  39.6  51.1   15:02  31.7   23:58  25.4   0.0  0.00   1.8  17.0   13:14     W
25  34.2  40.8   23:47  28.1   08:11  30.8   0.0  0.00   2.4  16.0   15:38   ENE
26  42.3  47.5   12:38  34.6   23:59  22.7   0.0  0.79   2.6  20.0   20:32    NE
27  32.8  34.7   00:00  31.5   21:40  32.2   0.0  0.02   7.4  25.0   07:20    NE
28  29.1  31.6   00:00  23.7   23:52  35.9   0.0  0.00   2.5  11.0   00:14   NNE
29  23.5  29.2   13:58  18.6   07:59  41.4   0.0  0.00   0.5   6.0   00:29     S
30  26.0  31.0   13:28  19.4   06:01  39.0   0.0  0.00   0.1   5.0   11:43    SW
31  30.6  38.6   14:32  24.2   03:31  34.4   0.0  0.02   1.1  13.0   15:35     W
----------------------------------------------------------------------------------
    40.8  68.0    12    18.6    29   751.0   0.4  2.98   2.6  31.0    20      SW

Max >=  80.0:  0
Max <=  32.0:  3
Min <=  32.0: 17
Min <=   0.0:  0
Max Rain: 1.89 on day 13
Days of Rain: 8 (>= 0.01 in)  3 (>= 0.10 in)  1 (>= 1.00 in)
Heat Base: 65.0  Cool Base: 65.0  Method: Integration