NOAA-Style Climate Reports

Select a Year or Month report
2018: Jan Feb Mar Apr May Jun Jul Aug Sep Oct Nov Dec
2017: Jan Feb Mar Apr May Jun Jul Aug Sep Oct Nov Dec
2016: Jan Feb Mar Apr May Jun Jul Aug Sep Oct Nov Dec
2015: Jan Feb Mar Apr May Jun Jul Aug Sep Oct Nov Dec
2014: Jan Feb Mar Apr May Jun Jul Aug Sep Oct Nov Dec
2013: Jan Feb Mar Apr May Jun Jul Aug Sep Oct Nov Dec
2012: Jan Feb Mar Apr May Jun Jul Aug Sep Oct Nov Dec

Report for 2015 November
                   Monthly Climatological Summary for Nov 2015

Name: DW9500   City: Raytown   State: MO
Elevation: 1005 ft  Lat: N 38° 58' 55"   Lon: W 094° 27' 56"

                  Temperature (°F), Rain (in), Wind Speed (mph)

                                      Heat  Cool        Avg
    Mean                              Deg   Deg         Wind                 Dom
Day Temp  High   Time   Low    Time   Days  Days  Rain  Speed High   Time    Dir
----------------------------------------------------------------------------------
 1  57.4  75.0   14:20  42.7   00:02   9.8   1.8  0.01   1.0  12.0   15:10    SW
 2  58.6  73.8   14:16  46.5   06:41   8.0   1.5  0.00   0.6   9.0   10:04    SW
 3  58.1  71.1   14:32  49.1   05:24   7.7   0.9  0.01   1.6  16.0   13:56    SW
 4  59.8  64.8   16:14  56.1   01:13   5.2   0.0  0.00   2.2  17.0   11:37    SW
 5  61.6  68.5   13:27  48.2   23:59   4.2   0.7  0.00   3.3  18.0   10:37    SW
 6  50.3  62.2   14:44  38.1   07:11  14.7   0.0  0.00   0.4   8.0   12:30    NW
 7  48.3  58.7   13:32  39.2   23:17  16.7   0.0  0.00   0.4  10.0   11:04   NNE
 8  45.4  59.6   13:56  36.1   03:37  19.6   0.0  0.00   0.6  12.0   10:34   SSW
 9  45.3  61.2   14:45  32.3   07:29  19.7   0.0  0.00   0.2   7.0   13:55   SSW
10  53.5  69.6   14:54  37.2   04:40  12.0   0.6  0.00   1.4  17.0   12:06   SSW
11  59.2  73.9   13:13  43.1   21:34   7.2   1.4  0.00   6.0  32.0   15:03   WSW
12  49.0  59.3   14:21  41.7   05:22  16.0   0.0  0.00   4.0  23.0   00:31     W
13  48.2  60.3   14:44  37.7   07:18  16.8   0.0  0.00   1.3   9.0   15:05   WSW
14  54.6  67.8   14:31  44.6   07:23  10.7   0.3  0.00   2.9  20.0   13:52    SW
15  52.8  59.3   13:30  45.5   04:53  12.2   0.0  0.00   4.2  23.0   13:00   SSW
16  52.8  58.8   23:21  47.1   06:48  12.2   0.0  0.41   3.6  24.0   01:28   SSW
17  57.4  60.0   06:24  48.0   23:58   7.6   0.0  2.01   2.3  18.0   20:51   SSE
18  46.9  52.1   21:26  42.9   06:57  18.1   0.0  0.04   4.0  23.0   05:05    SW
19  42.7  50.2   14:29  34.9   23:19  22.3   0.0  0.00   2.1  19.0   01:20   WNW
20  43.7  51.7   16:17  32.5   03:15  21.3   0.0  0.04   1.1  13.0   09:13   SSE
21  32.9  41.6   00:00  23.9   21:06  32.2   0.0  0.04   2.7  25.0   05:49    NW
22  37.5  47.6   15:07  26.4   07:14  27.5   0.0  0.00   3.5  18.0   10:53    SW
23  47.8  64.1   14:44  35.9   06:12  17.2   0.0  0.00   1.8   9.0   08:44   WSW
24  50.7  61.6   14:53  40.2   05:52  14.3   0.0  0.00   3.7  23.0   09:36   SSW
25  55.9  60.7   22:59  51.0   02:20   9.1   0.0  0.00   3.5  17.0   09:00   SSW
26  49.9  62.7   11:10  33.3   23:41  15.1   0.0  2.68   3.8  22.0   05:09    SW
27  31.4  33.3   00:00  30.4   21:17  33.6   0.0  0.17   2.9  16.0   03:13   NNE
28  31.4  32.5   20:48  30.1   01:37  33.6   0.0  0.00   2.3  10.0   01:49    NE
29  33.7  34.9   22:59  32.5   00:00  31.3   0.0  0.50   3.5  12.0   10:10    NE
30  36.1  40.4   13:43  31.9   23:49  28.9   0.0  0.38   2.1  12.0   17:34   WSW
----------------------------------------------------------------------------------
    48.4  75.0     1    23.9    21   504.8   7.2  6.29   2.4  32.0    11      SW

Max >=  80.0:  0
Max <=  32.0:  0
Min <=  32.0:  5
Min <=   0.0:  0
Max Rain: 2.68 on day 26
Days of Rain: 11 (>= 0.01 in)  6 (>= 0.10 in)  2 (>= 1.00 in)
Heat Base: 65.0  Cool Base: 65.0  Method: Integration