NOAA-Style Climate Reports

Select a Year or Month report
2018: Jan Feb Mar Apr May Jun Jul Aug Sep Oct Nov Dec
2017: Jan Feb Mar Apr May Jun Jul Aug Sep Oct Nov Dec
2016: Jan Feb Mar Apr May Jun Jul Aug Sep Oct Nov Dec
2015: Jan Feb Mar Apr May Jun Jul Aug Sep Oct Nov Dec
2014: Jan Feb Mar Apr May Jun Jul Aug Sep Oct Nov Dec
2013: Jan Feb Mar Apr May Jun Jul Aug Sep Oct Nov Dec
2012: Jan Feb Mar Apr May Jun Jul Aug Sep Oct Nov Dec

Report for 2015 October
                   Monthly Climatological Summary for Oct 2015

Name: DW9500   City: Raytown   State: MO
Elevation: 1005 ft  Lat: N 38° 58' 55"   Lon: W 094° 27' 56"

                  Temperature (°F), Rain (in), Wind Speed (mph)

                                      Heat  Cool        Avg
    Mean                              Deg   Deg         Wind                 Dom
Day Temp  High   Time   Low    Time   Days  Days  Rain  Speed High   Time    Dir
----------------------------------------------------------------------------------
 1  55.8  65.9   15:51  46.7   07:31   9.2   0.0  0.00   2.8  13.0   17:21   ENE
 2  53.8  63.2   15:57  45.0   07:31  11.2   0.0  0.00   2.9  14.0   13:15   ENE
 3  53.5  64.4   16:13  43.3   07:35  11.5   0.0  0.00   2.9  12.0   12:22   ENE
 4  50.8  55.3   12:11  43.5   07:29  14.2   0.0  0.00   2.1  10.0   11:08   ENE
 5  56.6  62.6   14:55  51.7   04:37   8.4   0.0  0.00   0.1   5.0   01:36   ENE
 6  60.5  67.6   14:44  55.9   07:20   4.8   0.3  0.00   0.0   3.0   14:55    NE
 7  62.8  76.6   15:26  52.2   07:30   4.6   2.5  0.01   0.2   8.0   11:50   ENE
 8  69.7  83.9   15:41  60.1   06:31   1.4   6.1  0.08   0.6  13.0   12:40   WSW
 9  55.9  65.7   00:00  47.1   23:44   9.1   0.0  0.00   0.6  10.0   12:03    NE
10  56.0  70.7   15:47  41.2   07:24   9.9   1.0  0.01   0.7  12.0   10:18    SW
11  68.5  83.4   15:44  54.3   07:22   3.1   6.6  0.00   1.6  17.0   17:29    SW
12  69.0  77.0   14:05  60.4   23:56   0.6   4.6  0.00   1.4  15.0   10:54     W
13  60.2  74.4   15:18  44.4   07:30   6.7   1.8  0.00   0.5   9.0   00:13     W
14  60.9  72.5   15:41  52.4   23:21   5.5   1.5  0.00   0.8  13.0   13:39    NE
15  60.9  74.5   12:44  46.7   05:38   6.3   2.2  0.00   1.0  12.0   16:15    NE
16  51.7  62.5   15:10  42.1   23:46  13.3   0.0  0.00   0.6  13.0   12:34   NNE
17  49.8  58.0   14:03  42.1   00:02  15.2   0.0  0.00   1.4  13.0   09:20   ENE
18  57.1  68.3   14:53  48.4   00:59   8.3   0.5  0.00   1.6  16.0   14:37    SW
19  63.4  77.5   15:31  51.5   07:00   4.8   3.2  0.00   3.7  26.0   11:55    SW
20  68.9  80.5   15:17  58.9   07:14   1.6   5.6  0.00   3.8  22.0   09:33    SW
21  71.5  82.5   14:35  64.2   08:29   0.0   6.6  0.00   1.5  15.0   00:39    SW
22  67.3  77.0   15:19  58.4   07:48   1.5   3.8  0.00   0.9   8.0   15:03   ENE
23  64.9  71.9   16:48  60.5   07:23   1.6   1.5  0.26   1.7  15.0   17:02    SW
24  55.7  63.4   00:00  47.5   23:57   9.3   0.0  0.00   1.1  16.0   07:11   WNW
25  51.9  63.5   15:47  39.6   07:29  13.1   0.0  0.00   1.3  12.0   10:53   ENE
26  52.4  62.3   15:52  40.5   07:11  12.6   0.0  0.00   2.2  12.0   14:05   ENE
27  53.6  55.7   03:50  50.5   06:12  11.4   0.0  0.37   1.1   9.0   04:19   ENE
28  52.7  58.8   15:49  46.9   22:25  12.3   0.0  0.00   2.1  19.0   10:36     W
29  43.5  55.0   15:43  34.9   08:17  21.5   0.0  0.00   0.9  14.0   11:10   WNW
30  42.5  51.0   14:26  33.7   05:32  22.5   0.0  0.40   0.6  13.0   21:35     E
31  49.6  54.9   15:02  42.9   23:59  15.4   0.0  0.34   0.4   9.0   02:16   WSW
----------------------------------------------------------------------------------
    57.8  83.9     8    33.7    30   270.9  47.8  1.47   1.4  26.0    19       E

Max >=  80.0:  4
Max <=  32.0:  0
Min <=  32.0:  0
Min <=   0.0:  0
Max Rain: 0.40 on day 30
Days of Rain: 7 (>= 0.01 in)  4 (>= 0.10 in)  0 (>= 1.00 in)
Heat Base: 65.0  Cool Base: 65.0  Method: Integration