NOAA-Style Climate Reports

Select a Year or Month report
2018: Jan Feb Mar Apr May Jun Jul Aug Sep Oct Nov Dec
2017: Jan Feb Mar Apr May Jun Jul Aug Sep Oct Nov Dec
2016: Jan Feb Mar Apr May Jun Jul Aug Sep Oct Nov Dec
2015: Jan Feb Mar Apr May Jun Jul Aug Sep Oct Nov Dec
2014: Jan Feb Mar Apr May Jun Jul Aug Sep Oct Nov Dec
2013: Jan Feb Mar Apr May Jun Jul Aug Sep Oct Nov Dec
2012: Jan Feb Mar Apr May Jun Jul Aug Sep Oct Nov Dec

Report for 2015 September
                   Monthly Climatological Summary for Sep 2015

Name: DW9500   City: Raytown   State: MO
Elevation: 1005 ft  Lat: N 38° 58' 55"   Lon: W 094° 27' 56"

                  Temperature (°F), Rain (in), Wind Speed (mph)

                                      Heat  Cool        Avg
    Mean                              Deg   Deg         Wind                 Dom
Day Temp  High   Time   Low    Time   Days  Days  Rain  Speed High   Time    Dir
----------------------------------------------------------------------------------
 1  78.8  89.0   15:27  70.6   07:09   0.0  13.8  0.00   1.4  15.0   13:09    SW
 2  77.2  87.7   16:03  69.6   05:35   0.0  12.2  0.00   1.5  19.0   15:03    SW
 3  79.4  89.9   15:47  70.8   06:54   0.0  14.4  0.00   1.4  16.0   15:02    SW
 4  79.4  90.8   15:05  68.6   05:57   0.0  14.4  0.00   0.9  15.0   15:14    SW
 5  80.7  91.4   14:15  71.5   06:57   0.0  15.7  0.00   1.1  14.0   13:52    SW
 6  82.5  92.6   15:35  72.5   06:41   0.0  17.5  0.00   1.9  19.0   14:20    SW
 7  74.7  80.4   00:05  70.8   09:15   0.0   9.7  1.17   1.7  19.0   14:26   SSW
 8  75.0  82.2   12:48  69.5   00:37   0.0  10.0  0.01   0.3   9.0   08:06    SW
 9  74.1  83.2   16:04  67.3   07:09   0.0   9.1  0.00   0.9   9.0   10:57   ENE
10  73.8  87.9   15:49  63.4   23:52   0.1   8.8  1.81   0.8  20.0   21:34    NE
11  64.0  71.5   14:24  55.1   23:32   2.6   1.6  0.08   1.2  14.0   12:27    NE
12  59.6  69.9   14:32  49.6   06:27   6.3   0.9  0.00   0.4   8.0   10:43   ENE
13  64.6  66.5   21:29  53.2   00:00   0.1   0.1  0.00   1.7  12.0   22:46    SW
14  70.9  81.4   14:44  63.4   06:17   0.3   6.3  0.00   3.8  21.0   11:28    SW
15  71.3  81.9   15:49  61.0   08:46   0.3   6.6  0.24   3.0  20.0   12:21    SW
16  75.4  86.4   15:53  65.2   06:26   0.0  10.4  0.00   2.7  19.0   15:23    SW
17  79.1  88.3   16:07  72.3   05:15   0.0  14.1  0.00   3.9  22.0   14:05    SW
18  70.3  77.6   00:00  58.9   23:54   0.8   6.1  0.65   1.1  18.0   15:53    SW
20  59.1  69.9   16:06  51.5   06:54   4.5   0.5  0.00  ----  12.0   10:21   ENE
21  67.9  69.5   20:48   0.0   20:48   0.0   0.4  0.00   0.0  10.0   14:18   ---
22  73.0  84.8   14:25  63.5   06:25   0.1   8.2  0.00   0.7  13.0   17:36    SW
23  73.2  83.0   15:07  64.4   06:32   0.0   8.2  0.00   0.4   8.0   10:00    SW
24  71.3  82.8   15:36  64.5   05:42   0.0   6.3  0.00   0.3   8.0   15:37    SW
25  71.3  81.9   16:02  62.8   06:42   0.3   6.6  0.00   1.1  10.0   12:48   ENE
26  69.3  80.3   15:46  59.6   07:18   1.1   5.4  0.00   1.2  10.0   14:18   ENE
27  67.6  80.1   13:46  58.0   07:00   1.7   4.3  0.00   0.3   9.0   16:09     S
28  69.1  83.7   14:19  59.0   04:04   1.9   5.9  0.00   0.1   8.0   14:59    SW
29  65.9  73.6   13:16  61.4   04:06   1.2   2.0  0.00   1.5  13.0   16:19   ENE
30  60.9  68.8   15:34  53.3   07:24   4.7   0.6  0.00   2.6  17.0   01:36   ENE
----------------------------------------------------------------------------------
    71.7  92.6     6     0.0    21    26.0 220.1  3.96   1.4  22.0    17     SSW

Max >=  80.0: 21
Max <=  32.0:  0
Min <=  32.0:  1
Min <=   0.0:  1
Max Rain: 1.81 on day 10
Days of Rain: 6 (>= 0.01 in)  4 (>= 0.10 in)  2 (>= 1.00 in)
Heat Base: 65.0  Cool Base: 65.0  Method: Integration