NOAA-Style Climate Reports

Select a Year or Month report
2018: Jan Feb Mar Apr May Jun Jul Aug Sep Oct Nov Dec
2017: Jan Feb Mar Apr May Jun Jul Aug Sep Oct Nov Dec
2016: Jan Feb Mar Apr May Jun Jul Aug Sep Oct Nov Dec
2015: Jan Feb Mar Apr May Jun Jul Aug Sep Oct Nov Dec
2014: Jan Feb Mar Apr May Jun Jul Aug Sep Oct Nov Dec
2013: Jan Feb Mar Apr May Jun Jul Aug Sep Oct Nov Dec
2012: Jan Feb Mar Apr May Jun Jul Aug Sep Oct Nov Dec

Report for 2015 June
                   Monthly Climatological Summary for Jun 2015

Name: DW9500   City: Raytown   State: MO
Elevation: 1005 ft  Lat: N 38° 58' 55"   Lon: W 094° 27' 56"

                  Temperature (°F), Rain (in), Wind Speed (mph)

                                      Heat  Cool        Avg
    Mean                              Deg   Deg         Wind                 Dom
Day Temp  High   Time   Low    Time   Days  Days  Rain  Speed High   Time    Dir
----------------------------------------------------------------------------------
 1  59.8  64.6   16:07  56.5   05:59   5.2   0.0  0.00   0.9  13.0   09:09   ENE
 2  65.4  75.7   16:11  57.2   06:09   2.6   2.9  0.00   0.6  12.0   14:54    SE
 3  65.5  71.3   18:31  62.7   10:18   0.7   1.2  2.60   1.3  15.0   13:00   SSE
 4  69.5  77.4   18:07  64.2   01:49   0.1   4.6  0.03   1.2  15.0   15:40   ESE
 5  72.5  84.0   15:08  62.3   07:05   0.4   7.8  0.75   0.6  12.0   04:54    NE
 6  74.5  85.4   18:09  66.0   05:56   0.0   9.5  0.03   0.8  10.0   15:28     S
 7  82.1  90.8   15:07  70.5   23:51   0.0  17.1  0.33   2.2  19.0   11:27    SW
 8  76.7  88.1   17:47  65.8   06:03   0.0  11.7  0.07   0.4  13.0   16:57     W
 9  80.5  93.4   14:07  65.5   03:00   0.0  15.5  0.00   0.4  14.0   17:10    SW
10  84.1  94.5   16:09  72.9   05:03   0.0  19.1  0.00   1.4  13.0   16:40    SW
11  80.7  89.5   17:00  73.7   07:14   0.0  15.7  0.01   2.3  21.0   15:56    SW
12  73.0  80.3   16:50  68.1   07:18   0.0   8.0  0.00   0.3  10.0   00:11   WNW
13  71.4  78.0   17:59  67.6   04:25   0.0   6.4  0.18   0.1   7.0   15:58   SSW
14  74.5  84.3   16:09  69.3   04:03   0.0   9.5  0.29   0.9  21.0   18:12    SW
15  73.8  83.2   13:23  70.0   05:10   0.0   8.8  0.23   1.2  12.0   13:48   SSW
16  70.7  75.3   16:20  66.4   07:21   0.0   5.7  0.00   1.7  12.0   11:15   ENE
17  76.5  84.8   15:39  71.1   05:01   0.0  11.5  0.07   0.6  14.0   11:00    SW
18  76.1  84.2   13:31  69.8   06:13   0.0  11.1  0.00   1.1   9.0   19:42   ENE
19  74.7  84.0   17:45  65.7   06:02   0.0   9.7  0.00   1.5  11.0   01:42   ENE
20  81.5  95.3   15:57  65.7   05:50   0.0  16.5  0.00   2.2  20.0   17:30    SW
21  78.2  85.7   18:17  72.0   15:16   0.0  13.2  0.03   1.5  17.0   19:50   SSW
22  82.6  91.5   15:58  73.8   05:21   0.0  17.6  0.00   3.4  26.0   16:46    SW
23  72.5  84.0   00:00  65.5   22:51   0.0   7.5  0.06   1.6  10.0   10:48   ENE
24  80.5  92.9   16:16  64.6   01:16   0.0  15.5  0.00   2.0  17.0   16:54    SW
25  83.9  96.8   16:15  71.9   23:09   0.0  18.9  0.22   1.7  18.0   01:38    SW
26  71.5  81.6   15:15  63.9   02:02   0.0   5.3  1.20   1.2  26.0   01:48    NE
27  72.2  82.8   17:23  60.8   05:49   0.4   7.6  0.00   0.7  10.0   12:03   ENE
28  76.6  87.1   15:47  65.6   03:51   0.0  11.6  0.00   0.8  14.0   09:35   WSW
29  77.3  86.8   14:17  65.7   05:14   0.0  12.3  0.00   0.4  11.0   15:08   WNW
30  78.1  89.1   15:52  68.7   06:06   0.0  13.1  0.00   0.1   8.0   12:16     N
----------------------------------------------------------------------------------
    75.2  96.8    25    56.5     1     9.4 314.9  6.10   1.2  26.0    22     SSW

Max >=  80.0: 24
Max <=  32.0:  0
Min <=  32.0:  0
Min <=   0.0:  0
Max Rain: 2.60 on day 3
Days of Rain: 15 (>= 0.01 in)  8 (>= 0.10 in)  2 (>= 1.00 in)
Heat Base: 65.0  Cool Base: 65.0  Method: Integration