NOAA-Style Climate Reports

Select a Year or Month report
2018: Jan Feb Mar Apr May Jun Jul Aug Sep Oct Nov Dec
2017: Jan Feb Mar Apr May Jun Jul Aug Sep Oct Nov Dec
2016: Jan Feb Mar Apr May Jun Jul Aug Sep Oct Nov Dec
2015: Jan Feb Mar Apr May Jun Jul Aug Sep Oct Nov Dec
2014: Jan Feb Mar Apr May Jun Jul Aug Sep Oct Nov Dec
2013: Jan Feb Mar Apr May Jun Jul Aug Sep Oct Nov Dec
2012: Jan Feb Mar Apr May Jun Jul Aug Sep Oct Nov Dec

Report for 2015 March
                   Monthly Climatological Summary for Mar 2015

Name: DW9500   City: Raytown   State: MO
Elevation: 1005 ft  Lat: N 38° 58' 55"   Lon: W 094° 27' 56"

                  Temperature (°F), Rain (in), Wind Speed (mph)

                                      Heat  Cool        Avg
    Mean                              Deg   Deg         Wind                 Dom
Day Temp  High   Time   Low    Time   Days  Days  Rain  Speed High   Time    Dir
----------------------------------------------------------------------------------
 1  26.3  33.3   14:32  21.5   00:00  38.7   0.0  0.07   0.3  10.0   16:08   WNW
 2  29.4  38.3   12:48  18.6   06:14  35.6   0.0  0.01   0.7  14.0   14:06   ESE
 3  37.5  46.3   13:09  29.8   23:59  27.5   0.0  0.00   4.0  19.0   08:14   WSW
 4  23.7  29.9   00:00  17.9   08:30  41.3   0.0  0.00   3.4  18.0   04:35   NNE
 5  21.6  32.6   17:43  10.5   06:54  43.4   0.0  0.00   1.7  13.0   10:28   NNE
 6  40.6  57.6   17:11  22.4   00:00  24.4   0.0  0.00   4.7  17.0   12:47    SW
 7  52.3  68.5   16:27  39.5   07:06  13.1   0.4  0.00   3.5  15.0   17:04   WSW
 8  54.0  68.8   16:02  41.5   04:15  11.0   0.5  0.00   1.7  14.0   15:34    SW
 9  48.4  61.2   15:09  34.6   07:47  16.6   0.0  0.00   1.3  13.0   13:43   SSE
10  54.6  69.4   16:51  42.0   07:49  11.0   0.6  0.00   0.6  10.0   13:49   WSW
11  60.4  75.8   16:19  47.3   08:04   7.1   2.5  0.00   0.7   9.0   16:43     S
12  59.8  72.3   15:25  46.1   07:51   6.8   1.7  0.00   1.2  13.0   13:17    SE
13  60.1  71.0   16:41  48.0   07:54   6.0   1.1  0.00   2.7  17.0   17:29    NE
14  54.3  63.9   17:14  43.9   09:04  10.7   0.0  0.00   3.2  17.0   13:56   NNE
15  57.8  73.5   17:51  40.5   07:03   8.8   1.6  0.00   3.1  18.0   10:51    SW
16  66.6  80.8   16:26  54.0   06:26   3.5   5.1  0.00   4.7  25.0   15:55    SW
17  50.3  63.5   00:00  42.4   08:52  14.7   0.0  0.00   6.9  23.0   03:54    NE
18  39.2  43.4   00:00  35.8   22:10  25.8   0.0  0.36   3.3  15.0   01:00   ENE
19  37.4  40.0   17:12  35.0   04:56  27.6   0.0  0.42   0.8   9.0   00:30   ENE
20  48.4  61.9   16:37  33.3   07:26  16.6   0.0  0.00   1.4  12.0   14:39    SW
21  57.0  68.2   16:32  46.1   07:54   8.3   0.3  0.00   2.7  13.0   17:11    NE
22  58.8  73.2   16:50  44.3   07:27   7.8   1.7  0.00   1.1  14.0   18:04     S
23  51.9  59.1   16:42  40.1   08:56  13.1   0.0  0.00   3.8  21.0   23:29   NNW
24  44.5  51.5   15:46  38.7   05:19  20.5   0.0  0.09   3.8  19.0   00:05   ENE
25  45.2  53.5   14:37  41.3   06:16  19.8   0.0  0.01   2.9  19.0   18:48   NNE
26  42.6  50.9   16:30  33.7   07:25  22.4   0.0  0.04   2.1  15.0   23:02     N
27  38.3  44.2   16:21  32.2   07:24  26.7   0.0  0.01   2.1  14.0   09:30   NNE
28  42.9  53.2   16:30  36.0   07:53  22.1   0.0  0.00   2.0  14.0   14:27   ESE
29  49.1  66.7   17:16  36.2   04:48  16.0   0.1  0.00   3.2  20.0   16:17   WSW
30  57.4  71.6   15:19  37.0   07:00   9.1   1.4  0.00   2.9  16.0   14:32    SW
31  63.5  75.2   15:56  50.6   05:56   4.3   2.9  0.00   2.1  15.0   12:08    NE
----------------------------------------------------------------------------------
    47.5  80.8    16    10.5     5   560.3  19.9  1.01   2.5  25.0    16       N

Max >=  80.0:  1
Max <=  32.0:  1
Min <=  32.0:  6
Min <=   0.0:  0
Max Rain: 0.42 on day 19
Days of Rain: 8 (>= 0.01 in)  2 (>= 0.10 in)  0 (>= 1.00 in)
Heat Base: 65.0  Cool Base: 65.0  Method: Integration