NOAA-Style Climate Reports

Select a Year or Month report
2018: Jan Feb Mar Apr May Jun Jul Aug Sep Oct Nov Dec
2017: Jan Feb Mar Apr May Jun Jul Aug Sep Oct Nov Dec
2016: Jan Feb Mar Apr May Jun Jul Aug Sep Oct Nov Dec
2015: Jan Feb Mar Apr May Jun Jul Aug Sep Oct Nov Dec
2014: Jan Feb Mar Apr May Jun Jul Aug Sep Oct Nov Dec
2013: Jan Feb Mar Apr May Jun Jul Aug Sep Oct Nov Dec
2012: Jan Feb Mar Apr May Jun Jul Aug Sep Oct Nov Dec

Report for 2015 February
                   Monthly Climatological Summary for Feb 2015

Name: DW9500   City: Raytown   State: MO
Elevation: 1005 ft  Lat: N 38° 58' 55"   Lon: W 094° 27' 56"

                  Temperature (°F), Rain (in), Wind Speed (mph)

                                      Heat  Cool        Avg
    Mean                              Deg   Deg         Wind                 Dom
Day Temp  High   Time   Low    Time   Days  Days  Rain  Speed High   Time    Dir
----------------------------------------------------------------------------------
 1  26.7  33.1   09:14  15.1   23:59  38.3   0.0  0.25   3.1  24.0   12:15    NW
 2  16.1  25.9   16:29   3.9   07:13  48.9   0.0  0.00   2.5  15.0   00:21   WSW
 3  35.5  49.7   15:12  21.9   07:44  29.5   0.0  0.01   3.7  22.0   13:32    SW
 4  23.9  39.6   00:00  10.9   23:57  41.1   0.0  0.00   3.1  19.0   10:29   NNE
 5  17.3  27.8   16:57   3.2   07:46  47.7   0.0  0.00   2.0  14.0   15:00   SSW
 6  40.7  54.5   15:30  26.3   00:00  24.2   0.0  0.04   4.9  22.0   10:26    SW
 7  50.5  63.4   15:22  38.9   07:28  14.5   0.0  0.00   5.1  19.0   10:43    SW
 8  53.2  64.7   13:48  40.8   23:54  11.8   0.0  0.00   3.7  18.0   09:21     W
 9  35.7  40.8   00:00  32.8   23:42  29.3   0.0  0.00   3.0  16.0   04:19    NE
10  37.9  50.6   15:55  27.3   07:17  27.1   0.0  0.00   1.2  11.0   11:26    SE
11  33.6  39.5   06:04  27.7   21:21  31.4   0.0  0.00   2.5  18.0   12:44   NNW
12  20.4  30.6   01:05  10.7   07:19  44.6   0.0  0.00   2.4  17.0   02:00     N
13  32.4  44.9   17:07  19.9   07:18  32.6   0.0  0.00   1.4  12.0   13:15   WSW
14  30.5  39.1   09:31  15.9   23:50  34.5   0.0  0.00   5.3  22.0   09:49    NE
15  14.6  18.7   14:50  11.3   07:07  50.4   0.0  0.00   6.1  19.0   08:03   ENE
16  16.7  22.9   16:00  11.5   03:23  48.3   0.0  0.00   2.1  11.0   03:17   NNE
17  23.6  32.9   13:57  16.6   00:00  41.4   0.0  0.03   2.4  17.0   18:45   WNW
18  14.7  18.1   14:52   9.0   22:44  50.3   0.0  0.00   3.5  19.0   09:26   WNW
19  12.0  18.7   12:14   3.6   06:42  53.0   0.0  0.00   0.6   7.0   12:26    SE
20  25.5  36.4   15:36  12.2   00:29  39.5   0.0  0.06   1.2  12.0   09:35   SSW
21  36.3  47.2   13:28  26.9   23:59  28.7   0.0  0.07   1.9  15.0   21:33     N
22  20.0  27.0   00:00  13.9   23:57  45.0   0.0  0.00   4.6  21.0   14:40   NNE
23  14.9  23.9   15:25   7.7   06:27  50.1   0.0  0.00   2.4  16.0   00:45    NE
24  29.8  44.4   16:39  16.9   03:50  35.2   0.0  0.00   3.5  18.0   09:01   WSW
25  36.4  52.0   14:54  20.4   23:58  28.6   0.0  0.01   2.8  22.0   19:37     W
26  14.4  21.2   15:32   6.9   23:57  50.6   0.0  0.00   3.6  19.0   01:10     N
27  11.4  18.4   15:33   2.7   04:19  53.6   0.0  0.00   0.4   9.0   00:01    NE
28  19.7  24.5   14:59  15.5   01:22  45.3   0.0  0.00   0.0   6.0   06:52     E
----------------------------------------------------------------------------------
    26.6  64.7     8     2.7    27  1075.5   0.0  0.47   2.8  24.0     1      NW

Max >=  80.0:  0
Max <=  32.0: 12
Min <=  32.0: 25
Min <=   0.0:  0
Max Rain: 0.25 on day 1
Days of Rain: 7 (>= 0.01 in)  1 (>= 0.10 in)  0 (>= 1.00 in)
Heat Base: 65.0  Cool Base: 65.0  Method: Integration