NOAA-Style Climate Reports

Select a Year or Month report
2018: Jan Feb Mar Apr May Jun Jul Aug Sep Oct Nov Dec
2017: Jan Feb Mar Apr May Jun Jul Aug Sep Oct Nov Dec
2016: Jan Feb Mar Apr May Jun Jul Aug Sep Oct Nov Dec
2015: Jan Feb Mar Apr May Jun Jul Aug Sep Oct Nov Dec
2014: Jan Feb Mar Apr May Jun Jul Aug Sep Oct Nov Dec
2013: Jan Feb Mar Apr May Jun Jul Aug Sep Oct Nov Dec
2012: Jan Feb Mar Apr May Jun Jul Aug Sep Oct Nov Dec

Report for 2015
                   Annual Climatological Summary for 2015

Name: DW9500   City: Raytown   State: MO
Elevation: 1005 ft  Lat: N 38° 58' 55"   Lon: W 094° 27' 56"

                  Temperature (°F), Heat Base: 65.0  Cool Base: 65.0
                          Dep.  Heat  Cool                       Max  Max  Min  Min
        Mean  Mean        From  Deg   Deg                        >=   <=   <=   <=
 YR MO  Max   Min   Mean  Norm  Days  Days  Hi  Date  Low  Date 80.0 32.0 32.0   0.0
------------------------------------------------------------------------------------
 15  1  43.3  22.1  32.3   0.0  1014     1  72.7  28  -0.3    7    0    6   25    2
 15  2  36.1  16.8  26.6   0.0  1075     0  64.7   8   2.7   27    0   12   25    0
 15  3  58.7  36.8  47.5   0.0   560    19  80.8  16  10.5    5    1    1    6    0
 15  4  68.2  47.5  57.7   0.0   252    32  83.6   7  30.8    4    1    0    1    0
 15  5  72.9  56.1  64.2   0.0   110    84  83.8  27  41.7   12    7    0    0    0
 15  6  84.7  66.8  75.2   0.0     9   314  96.8  25  56.5    1   24    0    0    0
 15  7  87.0  66.6  77.6   0.0     6   389  98.7  14   0.0   13   25    0    1    1
 15  8  85.1  65.5  74.5   0.0    15   310  94.1   1  51.8   24   24    0    0    0
 15  9  81.3  61.1  71.7   0.0    26   220  92.6   6   0.0   21   21    0    1    1
 15 10  67.8  48.6  57.8   0.0   270    47  83.9   8  33.7   30    4    0    0    0
 15 11  57.9  39.3  48.4   0.0   504     7  75.0   1  23.9   21    0    0    5    0
 15 12  50.1  32.0  40.8   0.0   751     0  68.0  12  18.6   29    0    3   17    0
------------------------------------------------------------------------------------
        66.1  46.6  56.2   0.0  4596  1427  98.7 Jul  -0.3  Jan  107   22   81    4

                                Precipitation (in)

              Dep.   Max        Days of Rain
              From   Obs.           >=
 YR MO Total  Norm   Day Date 0.01 0.10 1.00
---------------------------------------------
 15  1  0.85   0.0  0.68  31     5    1    0
 15  2  0.47   0.0  0.25   1     7    1    0
 15  3  1.01   0.0  0.42  19     8    2    0
 15  4  5.59   0.0  1.91  13    12    9    2
 15  5  8.33   0.0  1.13  17    20   16    1
 15  6  6.10   0.0  2.60   3    15    8    2
 15  7  8.50   0.0  2.57   1    13    9    3
 15  8  4.36   0.0  1.69  18     7    7    1
 15  9  3.96   0.0  1.81  10     6    4    2
 15 10  1.47   0.0  0.40  30     7    4    0
 15 11  6.29   0.0  2.68  26    11    6    2
 15 12  2.98   0.0  1.89  13     8    3    1
---------------------------------------------
       49.91   0.0  2.68  Nov  119   70   14

                                Wind Speed (mph)
                          Dom
 YR MO   Avg.  Hi   Date  Dir
------------------------------
 15  1   2.5  29.0   17     W
 15  2   2.8  24.0    1    NW
 15  3   2.5  25.0   16   NNE
 15  4   2.3  28.0    9     W
 15  5   1.5  29.0   10   SSW
 15  6   1.2  26.0   22   SSW
 15  7   1.1  19.0    6   SSE
 15  8   0.7  18.0   22   SSW
 15  9   1.4  22.0   17   SSW
 15 10   1.4  26.0   19     E
 15 11   2.4  32.0   11    SW
 15 12   2.6  31.0   20    SW
------------------------------
         1.9  32.0  Nov   WSW