NOAA-Style Climate Reports

Select a Year or Month report
2018: Jan Feb Mar Apr May Jun Jul Aug Sep Oct Nov Dec
2017: Jan Feb Mar Apr May Jun Jul Aug Sep Oct Nov Dec
2016: Jan Feb Mar Apr May Jun Jul Aug Sep Oct Nov Dec
2015: Jan Feb Mar Apr May Jun Jul Aug Sep Oct Nov Dec
2014: Jan Feb Mar Apr May Jun Jul Aug Sep Oct Nov Dec
2013: Jan Feb Mar Apr May Jun Jul Aug Sep Oct Nov Dec
2012: Jan Feb Mar Apr May Jun Jul Aug Sep Oct Nov Dec

Report for 2014 September
                   Monthly Climatological Summary for Sep 2014

Name: DW9500   City: Raytown   State: MO
Elevation: 1005 ft  Lat: N 38° 58' 55"   Lon: W 094° 27' 56"

                  Temperature (°F), Rain (in), Wind Speed (mph)

                                      Heat  Cool        Avg
    Mean                              Deg   Deg         Wind                 Dom
Day Temp  High   Time   Low    Time   Days  Days  Rain  Speed High   Time    Dir
----------------------------------------------------------------------------------
 1  71.3  81.2   13:24  64.0   06:29   0.1   6.4  0.92   1.1  17.0   05:28    SW
 2  73.5  83.1   14:35  68.4   03:45   0.0   8.5  0.01   0.1   8.0   13:50    SW
 3  74.9  85.1   18:29  66.5   10:08   0.0   9.9  0.01   2.4  18.0   13:50    SW
 4  82.7  91.1   16:43  74.6   06:37   0.0  17.7  0.00   3.6  22.0   12:23    SW
 5  72.6  81.3   11:27  60.7   20:03   0.9   8.6  0.10   1.3  13.0   02:06   WSW
 6  64.5  73.4   16:19  57.0   08:00   2.6   2.1  0.01   0.9  11.0   09:47   ENE
 7  65.9  77.2   15:22  53.4   07:03   3.0   3.9  0.00   0.3   8.0   10:56    SE
 8  69.9  82.1   15:43  56.1   06:54   2.5   7.4  0.00   1.3  16.0   14:35    SW
 9  80.1  89.8   15:11  70.8   05:04   0.0  15.1  0.00   3.6  29.0   23:05    SW
10  71.1  82.0   01:11  60.5   23:06   0.5   6.5  0.22   1.4  32.0   00:28   WSW
11  56.0  60.6   00:00  52.6   09:01   9.0   0.0  0.00   1.8  11.0   00:30   ENE
12  51.9  54.8   00:00  43.6   23:49  13.1   0.0  0.02   1.7  14.0   14:19   ENE
13  50.6  63.5   16:17  39.3   07:06  14.4   0.0  0.01   0.7  11.0   12:47     E
14  60.6  72.3   15:43  46.9   00:47   6.0   1.6  0.00   0.5  12.0   13:59    SW
15  63.0  70.5   11:39  54.1   23:52   3.2   1.3  0.00   0.8  13.0   18:55   NNE
16  59.3  72.6   16:22  48.2   05:14   6.9   1.2  0.01   0.3   7.0   13:38   ENE
17  65.2  72.7   17:29  61.0   05:31   1.4   1.6  0.41   0.2   5.0   05:11   ENE
18  63.0  66.2   18:23  59.7   08:26   2.2   0.1  0.00   1.3  12.0   08:25   ENE
19  67.4  78.1   17:00  60.2   00:40   1.6   4.0  0.00   0.7  10.0   14:26    SW
20  73.9  84.2   12:58  66.9   03:11   0.0   8.9  0.01   0.8  16.0   15:47    SW
21  67.1  76.0   15:29  56.4   07:09   1.8   3.9  0.00   0.8  12.0   12:00   NNW
22  61.4  74.5   15:31  49.4   07:08   5.7   2.1  0.00   0.2   7.0   14:16   ENE
23  63.2  74.9   15:05  52.2   06:14   4.2   2.4  0.00   0.8  15.0   12:16   SSW
24  62.3  68.4   17:48  57.6   07:18   3.1   0.3  0.07   0.5  12.0   05:48    SW
25  69.4  82.2   16:06  59.3   07:37   1.4   5.8  0.00   0.7  11.0   13:26    SW
26  69.4  82.8   15:53  58.7   06:49   1.7   6.2  0.00   0.4  12.0   12:37    SW
27  69.5  82.0   15:01  59.0   06:18   1.4   5.9  0.00   0.3  11.0   16:58    SW
28  70.7  85.5   15:57  58.0   07:07   1.6   7.3  0.00   0.1   9.0   12:27   SSW
29  70.7  83.9   15:25  59.9   07:08   1.0   6.8  0.00   0.0   4.0   16:28   NNE
30  71.2  84.1   14:23  59.7   07:28   1.2   7.3  0.00   1.1  15.0   14:26    SW
----------------------------------------------------------------------------------
    67.1  91.1     4    39.3    13    90.5 152.8  1.80   1.0  32.0    10      SW

Max >=  80.0: 15
Max <=  32.0:  0
Min <=  32.0:  0
Min <=   0.0:  0
Max Rain: 0.92 on day 1
Days of Rain: 12 (>= 0.01 in)  4 (>= 0.10 in)  0 (>= 1.00 in)
Heat Base: 65.0  Cool Base: 65.0  Method: Integration