NOAA-Style Climate Reports

Select a Year or Month report
2018: Jan Feb Mar Apr May Jun Jul Aug Sep Oct Nov Dec
2017: Jan Feb Mar Apr May Jun Jul Aug Sep Oct Nov Dec
2016: Jan Feb Mar Apr May Jun Jul Aug Sep Oct Nov Dec
2015: Jan Feb Mar Apr May Jun Jul Aug Sep Oct Nov Dec
2014: Jan Feb Mar Apr May Jun Jul Aug Sep Oct Nov Dec
2013: Jan Feb Mar Apr May Jun Jul Aug Sep Oct Nov Dec
2012: Jan Feb Mar Apr May Jun Jul Aug Sep Oct Nov Dec

Report for 2014 June
                   Monthly Climatological Summary for Jun 2014

Name: DW9500   City: Raytown   State: MO
Elevation: 1005 ft  Lat: N 38° 58' 55"   Lon: W 094° 27' 56"

                  Temperature (°F), Rain (in), Wind Speed (mph)

                                      Heat  Cool        Avg
    Mean                              Deg   Deg         Wind                 Dom
Day Temp  High   Time   Low    Time   Days  Days  Rain  Speed High   Time    Dir
----------------------------------------------------------------------------------
 1  76.4  84.8   16:04  65.0   23:59   0.0  11.4  0.55   2.3  18.0   15:22    SW
 2  72.5  83.9   18:09  62.5   01:46   0.6   8.1  0.34   0.8  13.0   17:15    SW
 3  79.8  88.8   14:07  70.6   06:01   0.0  14.8  0.00   1.8  21.0   19:35    SW
 4  73.4  82.1   11:56  63.9   03:51   0.2   8.6  0.93   2.0  21.0   01:29     S
 5  70.5  80.9   15:59  63.4   11:25   0.0   5.6  0.53   1.5  23.0   11:04   ENE
 6  68.9  75.9   18:06  62.2   04:50   0.5   4.4  0.00   1.1  13.0   15:40   ENE
 7  69.5  77.0   15:48  64.9   23:58   0.0   4.5  0.82   1.0  14.0   14:13   WNW
 8  67.1  74.7   17:27  61.1   02:10   0.9   3.0  0.00   0.7   9.0   17:33   ENE
 9  64.7  70.9   13:10  61.5   23:52   1.4   1.1  1.96   2.8  19.0   12:44   ENE
10  60.2  62.5   15:23  57.5   08:16   4.8   0.0  1.21   2.2  16.0   00:27   ENE
11  69.3  80.7   17:53  60.3   06:26   1.2   5.5  0.00   0.3   7.0   00:13     E
12  67.3  75.5   17:49  61.8   23:52   0.4   2.7  1.00   0.6  11.0   04:17   WNW
13  66.1  76.6   17:44  54.7   06:07   2.4   3.6  0.00   0.7  11.0   10:15   ENE
14  71.2  81.4   17:35  58.8   05:20   1.5   7.7  0.00   2.8  22.0   17:50    SW
15  72.3  81.7   18:04  62.9   07:59   0.2   7.5  0.50   2.0  24.0   04:16    SW
16  78.5  86.6   15:50  69.0   05:08   0.0  13.5  0.00   3.6  27.0   16:39    SW
17  80.6  85.9   17:45  75.2   06:35   0.0  15.6  0.00   4.3  22.0   01:39    SW
18  80.9  87.8   12:48  74.5   06:07   0.0  15.9  0.00   4.0  23.0   12:32    SW
19  76.5  80.8   19:43  72.5   15:18   0.0  11.5  0.35   1.8  19.0   10:29   SSW
20  80.5  93.1   15:12  69.7   04:23   0.0  15.5  0.00   0.7  12.0   18:48    SW
21  79.7  90.3   16:05  71.3   06:44   0.0  14.7  0.00   0.8  11.0   00:25    SW
22  79.0  90.2   16:38  66.2   23:06   0.0  14.0  0.44   1.0  21.0   20:13    SW
23  70.9  79.6   19:10  65.5   01:26   0.0   5.9  0.03   0.1   6.0   07:06   WSW
24  74.8  86.5   14:58  63.4   05:11   0.1   9.9  0.00   0.4  10.0   12:14     W
25  77.5  88.6   15:16  65.3   06:14   0.0  12.5  0.00   0.4   9.0   15:32   SSW
26  77.6  86.7   15:17  66.4   05:38   0.0  12.6  0.00   1.4  15.0   13:53    SW
27  78.5  86.5   15:42  72.2   06:26   0.0  13.5  0.00   2.5  21.0   19:06    SW
28  74.6  81.7   12:08  68.1   17:29   0.0   7.1  0.83   3.2  22.0   04:57    SW
29  82.1  87.7   17:15   0.0   08:09   0.0  11.3  0.00   2.5  19.0   17:40   SSW
30  82.6  90.6   16:06  72.3   22:35   0.0  17.6  0.84   3.3  25.0   14:56   SSW
----------------------------------------------------------------------------------
    74.1  93.1    20     0.0    29    14.2 279.6 10.33   1.7  27.0    16     SSW

Max >=  80.0: 22
Max <=  32.0:  0
Min <=  32.0:  1
Min <=   0.0:  1
Max Rain: 1.96 on day 9
Days of Rain: 14 (>= 0.01 in)  13 (>= 0.10 in)  3 (>= 1.00 in)
Heat Base: 65.0  Cool Base: 65.0  Method: Integration