NOAA-Style Climate Reports

Select a Year or Month report
2018: Jan Feb Mar Apr May Jun Jul Aug Sep Oct Nov Dec
2017: Jan Feb Mar Apr May Jun Jul Aug Sep Oct Nov Dec
2016: Jan Feb Mar Apr May Jun Jul Aug Sep Oct Nov Dec
2015: Jan Feb Mar Apr May Jun Jul Aug Sep Oct Nov Dec
2014: Jan Feb Mar Apr May Jun Jul Aug Sep Oct Nov Dec
2013: Jan Feb Mar Apr May Jun Jul Aug Sep Oct Nov Dec
2012: Jan Feb Mar Apr May Jun Jul Aug Sep Oct Nov Dec

Report for 2014 May
                   Monthly Climatological Summary for May 2014

Name: DW9500   City: Raytown   State: MO
Elevation: 1005 ft  Lat: N 38° 58' 55"   Lon: W 094° 27' 56"

                  Temperature (°F), Rain (in), Wind Speed (mph)

                                      Heat  Cool        Avg
    Mean                              Deg   Deg         Wind                 Dom
Day Temp  High   Time   Low    Time   Days  Days  Rain  Speed High   Time    Dir
----------------------------------------------------------------------------------
 1  47.6  52.7   17:21  42.4   23:57  17.4   0.0  0.00   2.7  18.0   11:25     W
 2  55.8  68.5   18:07  41.8   00:15   9.6   0.5  0.00   2.0  17.0   14:08   WSW
 3  65.8  79.6   16:16  49.9   06:29   3.5   4.2  0.00   0.9  11.0   01:09   NNE
 4  70.3  88.5   17:46  53.1   05:34   2.9   8.2  0.00   1.3  13.0   21:22   ENE
 5  73.6  86.8   17:55  62.8   01:40   0.1   8.7  0.00   2.2  16.0   20:02   ENE
 6  73.3  86.9   17:19  58.4   06:25   1.3   9.6  0.00   2.9  23.0   17:53   SSW
 7  78.1  86.8   15:45  69.2   06:44   0.0  13.1  0.00   5.1  22.0   08:42    SW
 8  72.6  79.0   15:39  64.7   23:58   0.0   7.6  0.00   4.2  24.0   16:49    SW
 9  61.6  74.1   19:01  50.6   07:05   4.9   1.6  0.00   1.4  13.0   04:55     W
10  69.5  83.4   17:57  53.6   04:59   3.3   7.8  0.00   1.9  22.0   16:36    SW
11  75.6  84.8   16:47  64.6   02:52   0.0  10.6  0.00   4.4  26.0   13:26    SW
12  65.7  77.2   11:50  49.4   23:43   3.8   4.5  0.18   2.5  22.0   15:02   WSW
13  52.7  62.3   17:52  48.1   05:59  12.3   0.0  0.00   1.3  13.0   00:06    NW
14  52.4  58.5   15:08  47.1   02:45  12.6   0.0  0.00   0.6  11.0   11:17    NE
15  51.5  58.4   15:49  43.9   23:27  13.5   0.0  0.00   1.8  20.0   10:12   WNW
16  48.0  57.4   13:51  37.1   05:42  17.0   0.0  0.00   0.8  11.0   12:09   NNW
17  53.1  66.5   15:41  39.2   06:02  11.9   0.0  0.00   0.4   7.0   08:04    NE
18  59.6  72.2   17:15  43.5   03:07   7.1   1.8  0.00   1.2  16.0   14:40   SSW
19  70.3  82.9   16:15  57.4   06:24   2.0   7.4  0.00   4.8  27.0   12:34    SW
20  75.7  84.9   15:55  64.2   06:17   0.0  10.7  0.00   3.2  20.0   15:03    SW
21  76.9  86.2   14:49  67.1   06:27   0.0  11.9  0.00   1.3  19.0   04:30    SW
22  70.7  82.2   15:50  60.4   23:59   0.5   6.3  0.02   2.5  17.0   07:38   ENE
23  69.1  81.7   15:49  56.5   06:01   2.3   6.4  0.03   1.0  11.0   09:03   ENE
24  67.0  72.0   17:27  59.9   09:32   0.6   2.6  0.53   0.6   8.0   16:52   ENE
25  73.4  85.3   15:22  63.6   05:36   0.2   8.6  0.08   0.9  15.0   15:25    SW
26  71.1  82.0   15:32  64.8   03:09   0.0   6.1  0.01   0.9  10.0   10:03    SW
27  73.4  83.8   15:40  64.6   06:40   0.0   8.5  0.00   0.4   8.0   09:50    SW
28  75.9  88.9   16:30  63.6   05:58   0.1  10.9  0.00   0.5  10.0   18:34    NE
29  75.5  85.2   14:14  64.7   05:51   0.0  10.5  0.00   0.9  14.0   14:48   ENE
30  75.5  84.7   16:19  67.2   06:02   0.0  10.5  0.05   0.9  13.0   14:30   ENE
31  75.3  85.2   16:13  65.7   05:16   0.0  10.3  0.11   0.5  11.0   16:02   SSW
----------------------------------------------------------------------------------
    67.0  88.9    28    37.1    16   126.9 188.9  1.01   1.8  27.0    19      SW

Max >=  80.0: 18
Max <=  32.0:  0
Min <=  32.0:  0
Min <=   0.0:  0
Max Rain: 0.53 on day 24
Days of Rain: 8 (>= 0.01 in)  3 (>= 0.10 in)  0 (>= 1.00 in)
Heat Base: 65.0  Cool Base: 65.0  Method: Integration