NOAA-Style Climate Reports

Select a Year or Month report
2018: Jan Feb Mar Apr May Jun Jul Aug Sep Oct Nov Dec
2017: Jan Feb Mar Apr May Jun Jul Aug Sep Oct Nov Dec
2016: Jan Feb Mar Apr May Jun Jul Aug Sep Oct Nov Dec
2015: Jan Feb Mar Apr May Jun Jul Aug Sep Oct Nov Dec
2014: Jan Feb Mar Apr May Jun Jul Aug Sep Oct Nov Dec
2013: Jan Feb Mar Apr May Jun Jul Aug Sep Oct Nov Dec
2012: Jan Feb Mar Apr May Jun Jul Aug Sep Oct Nov Dec

Report for 2014 April
                   Monthly Climatological Summary for Apr 2014

Name: DW9500   City: Raytown   State: MO
Elevation: 1005 ft  Lat: N 38° 58' 55"   Lon: W 094° 27' 56"

                  Temperature (°F), Rain (in), Wind Speed (mph)

                                      Heat  Cool        Avg
    Mean                              Deg   Deg         Wind                 Dom
Day Temp  High   Time   Low    Time   Days  Days  Rain  Speed High   Time    Dir
----------------------------------------------------------------------------------
 1  42.2  52.3   17:46  30.0   07:01  22.8   0.0  0.00   3.0  21.0   00:01     N
 2  48.3  53.2   18:07  42.8   05:40  16.7   0.0  1.65   4.4  19.0   05:32   ENE
 3  56.2  76.3   16:40  41.2   23:57  10.1   1.4  0.11   4.4  26.0   19:50    NW
 4  40.2  44.5   17:11  35.8   23:43  24.8   0.0  0.00   5.0  30.0   03:22   WNW
 5  44.1  57.9   17:48  29.2   04:28  20.9   0.0  0.00   0.8  12.0   15:09     S
 6  52.8  62.5   15:08  45.6   07:12  12.2   0.0  0.00   0.5   9.0   15:18   SSE
 7  55.4  65.6   14:37  46.2   06:57   9.6   0.0  0.00   1.6  14.0   13:52    NW
 8  51.8  58.9   17:10  44.9   08:46  13.2   0.0  0.00   2.6  18.0   11:34    NW
 9  57.3  74.2   17:53  38.1   06:44   9.6   1.9  0.00   4.2  25.0   18:05   SSW
10  62.3  67.6   12:16  52.8   23:41   3.0   0.3  0.00   5.0  24.0   04:43   WSW
11  61.9  77.4   17:00  44.9   07:09   6.1   3.0  0.00   0.9  11.0   11:28   ESE
12  70.1  82.2   16:27  57.8   04:55   2.0   7.1  0.00   5.7  29.0   22:12   SSW
13  60.8  73.0   00:00  38.3   23:57   5.7   1.5  1.10   2.8  22.0   16:30   WSW
14  36.4  43.3   16:49  30.4   09:27  28.6   0.0  0.01   3.5  20.0   00:36   NNW
15  42.0  54.3   16:40  27.6   06:03  23.0   0.0  0.00   1.4  14.0   17:30    SW
16  53.0  64.6   16:03  41.9   06:36  11.9   0.0  0.00   6.3  32.0   11:11   SSW
17  42.1  50.2   00:00  38.3   08:22  22.9   0.0  0.00   1.2  12.0   00:55   NNW
18  52.3  69.0   16:53  33.5   05:33  13.3   0.7  0.00   0.7  11.0   15:41     S
19  64.1  77.2   15:55  48.2   06:27   4.7   3.8  0.00   2.5  23.0   12:24   SSW
20  66.7  77.1   16:36  55.6   03:13   2.6   4.4  0.00   3.1  19.0   11:15    SW
21  66.3  74.2   17:58  60.1   08:07   1.1   2.4  0.05   1.4  13.0   19:36   WSW
22  58.9  69.3   16:45  48.2   06:26   6.7   0.6  0.00   1.7  14.0   04:22    NE
23  62.9  74.6   16:46  53.4   03:15   4.8   2.7  0.00   1.7  17.0   23:06    SE
24  58.8  67.2   00:00  50.9   23:38   6.4   0.2  1.31   2.3  28.0   04:14   WSW
25  63.2  76.9   17:05  48.9   05:37   5.5   3.6  0.00   2.8  20.0   14:21    SW
26  65.7  78.3   15:37  52.8   10:08   3.6   4.3  0.32   2.0  22.0   13:38   SSW
27  66.4  73.3   10:35  59.4   14:31   0.8   2.3  0.41   2.0  26.0   12:03     S
28  57.1  62.6   00:00  51.2   23:57   7.9   0.0  0.00   4.0  22.0   15:29    SW
29  46.2  51.2   00:00  43.9   07:45  18.8   0.0  0.34   3.2  18.0   15:24     W
30  46.3  53.2   15:28  40.3   06:24  18.7   0.0  0.01   2.9  18.0   11:29     W
----------------------------------------------------------------------------------
    55.1  82.2    12    27.6    15   338.0  40.2  5.31   2.8  32.0    16     WSW

Max >=  80.0:  1
Max <=  32.0:  0
Min <=  32.0:  4
Min <=   0.0:  0
Max Rain: 1.65 on day 2
Days of Rain: 10 (>= 0.01 in)  7 (>= 0.10 in)  3 (>= 1.00 in)
Heat Base: 65.0  Cool Base: 65.0  Method: Integration