NOAA-Style Climate Reports

Select a Year or Month report
2018: Jan Feb Mar Apr May Jun Jul Aug Sep Oct Nov Dec
2017: Jan Feb Mar Apr May Jun Jul Aug Sep Oct Nov Dec
2016: Jan Feb Mar Apr May Jun Jul Aug Sep Oct Nov Dec
2015: Jan Feb Mar Apr May Jun Jul Aug Sep Oct Nov Dec
2014: Jan Feb Mar Apr May Jun Jul Aug Sep Oct Nov Dec
2013: Jan Feb Mar Apr May Jun Jul Aug Sep Oct Nov Dec
2012: Jan Feb Mar Apr May Jun Jul Aug Sep Oct Nov Dec

Report for 2014 March
                   Monthly Climatological Summary for Mar 2014

Name: DW9500   City: Raytown   State: MO
Elevation: 1005 ft  Lat: N 38° 58' 55"   Lon: W 094° 27' 56"

                  Temperature (°F), Rain (in), Wind Speed (mph)

                                      Heat  Cool        Avg
    Mean                              Deg   Deg         Wind                 Dom
Day Temp  High   Time   Low    Time   Days  Days  Rain  Speed High   Time    Dir
----------------------------------------------------------------------------------
 1  20.9  36.8   00:00   8.2   23:58  44.1   0.0  0.00   4.9  17.0   13:30   NNE
 2   3.0   8.3   00:01   0.9   13:35  62.0   0.0  0.00   4.4  19.0   00:08   NNE
 3   9.4  23.6   15:04  -3.3   06:46  55.6   0.0  0.00   1.7  15.0   01:23    NE
 4  27.2  42.5   16:46  11.6   04:42  37.8   0.0  0.11   1.8  13.0   13:55   SSW
 5  33.7  42.2   12:38  27.5   06:46  31.3   0.0  0.00   2.0  14.0   17:03   NNE
 6  36.3  49.9   15:39  23.8   06:59  28.7   0.0  0.00   1.9  12.0   14:22   SSE
 7  42.6  61.3   13:55  33.9   06:41  13.5   0.0  0.00   3.6  18.0   09:59   SSW
 8  33.4  40.0   15:28   0.0   02:52  27.8   0.0  0.00   2.1  14.0   07:05   NNE
 9  42.3  60.1   17:27  23.8   06:00  21.8   0.0  0.00   3.7  22.0   17:48    SW
10  57.1  72.9   16:40  45.2   07:53   9.2   1.3  0.00   3.9  17.0   04:42    SW
11  57.1  77.5   16:17  34.0   23:11  10.1   2.2  0.16   4.5  27.0   18:49   WSW
12  40.4  52.1   18:40  31.3   07:41  24.6   0.0  0.04   3.2  18.0   03:56    NW
13  51.4  67.1   17:20  36.5   07:41  13.9   0.3  0.00   3.7  19.0   15:26   WSW
14  55.4  63.5   15:42  44.9   23:40   9.6   0.0  0.00   4.7  24.0   02:59   WSW
15  55.1  71.4   16:55  39.5   06:36  11.1   1.2  0.43   2.7  21.0   23:19   SSW
16  33.3  47.0   00:00  26.7   23:58  31.7   0.0  0.30   7.8  28.0   03:00    NE
17  34.3  49.6   15:03  18.6   04:58  30.7   0.0  0.00   2.4  17.0   16:36   SSW
18  51.0  63.0   17:10  40.1   02:19  14.0   0.0  0.00   4.2  22.0   12:02   SSW
19  43.2  53.4   17:30  34.8   06:23  21.8   0.0  0.00   4.3  23.0   05:59   WNW
20  53.8  69.8   17:43  36.2   01:43  12.0   0.8  0.00   4.5  28.0   15:53    SW
21  54.2  63.1   15:08  45.6   23:59  10.8   0.0  0.00   3.3  20.0   11:51     W
22  37.3  45.6   00:00  29.5   07:31  27.7   0.0  0.00   4.6  20.0   20:58   NNE
23  30.8  40.6   16:44  23.1   07:17  34.2   0.0  0.00   2.5  17.0   08:17   NNE
24  32.4  38.6   12:43  28.5   02:31  32.6   0.0  0.04   0.7  10.0   18:17   NNE
25  32.3  40.2   16:50  26.2   23:43  32.5   0.0  0.00   2.3  19.0   14:23    NW
26  39.4  57.9   15:39  25.4   00:49  25.6   0.0  0.21   4.2  29.0   17:32   SSW
27  51.8  69.1   16:12  38.7   23:57  13.4   0.1  0.16   8.1  37.0   17:03    SW
28  42.1  49.7   16:45  35.8   04:51  22.9   0.0  0.00   1.8  16.0   02:39     N
29  43.4  56.7   17:50  32.5   07:12  21.6   0.0  0.00   1.3  12.0   14:11     N
30  55.9  72.6   16:26  39.7   06:28  10.6   1.5  0.00   4.4  26.0   16:17   SSW
31  62.5  76.3   17:00  40.7   23:59   4.7   2.2  0.00   8.5  32.0   10:17    SW
----------------------------------------------------------------------------------
    40.7  77.5    11    -3.3     3   747.9   9.6  1.45   3.7  37.0    27     WSW

Max >=  80.0:  0
Max <=  32.0:  2
Min <=  32.0: 16
Min <=   0.0:  2
Max Rain: 0.43 on day 15
Days of Rain: 8 (>= 0.01 in)  6 (>= 0.10 in)  0 (>= 1.00 in)
Heat Base: 65.0  Cool Base: 65.0  Method: Integration