NOAA-Style Climate Reports

Select a Year or Month report
2018: Jan Feb Mar Apr May Jun Jul Aug Sep Oct Nov Dec
2017: Jan Feb Mar Apr May Jun Jul Aug Sep Oct Nov Dec
2016: Jan Feb Mar Apr May Jun Jul Aug Sep Oct Nov Dec
2015: Jan Feb Mar Apr May Jun Jul Aug Sep Oct Nov Dec
2014: Jan Feb Mar Apr May Jun Jul Aug Sep Oct Nov Dec
2013: Jan Feb Mar Apr May Jun Jul Aug Sep Oct Nov Dec
2012: Jan Feb Mar Apr May Jun Jul Aug Sep Oct Nov Dec

Report for 2014 February
                   Monthly Climatological Summary for Feb 2014

Name: DW9500   City: Raytown   State: MO
Elevation: 1005 ft  Lat: N 38° 58' 55"   Lon: W 094° 27' 56"

                  Temperature (°F), Rain (in), Wind Speed (mph)

                                      Heat  Cool        Avg
    Mean                              Deg   Deg         Wind                 Dom
Day Temp  High   Time   Low    Time   Days  Days  Rain  Speed High   Time    Dir
----------------------------------------------------------------------------------
 1  22.8  26.1   16:04  19.2   00:00  42.2   0.0  0.00   1.4  14.0   21:58     N
 2  15.5  22.5   15:56   8.9   23:58  49.5   0.0  0.00   1.9  10.0   02:34   NNE
 3  19.5  32.6   14:56   7.0   07:12  45.5   0.0  0.00   0.8   8.0   12:25     E
 4  21.2  25.0   00:00  16.8   23:55  43.8   0.0  0.00   5.7  20.0   17:33    NE
 5   7.7  16.8   00:00   2.5   23:56  57.3   0.0  0.00   3.1  19.0   02:51    NW
 6   5.0  12.6   13:57  -1.5   07:52  60.0   0.0  0.00   1.1  11.0   15:02   WNW
 7  11.0  17.1   14:19   5.2   00:00  54.0   0.0  0.00   0.6   8.0   11:22     S
 8  22.7  28.1   14:42  15.0   00:01  42.3   0.0  0.00   1.1  10.0   12:49    SW
 9  19.7  26.4   00:27  12.0   23:54  45.3   0.0  0.00   2.6  13.0   06:44   NNE
10   9.7  14.4   15:41   5.2   07:24  55.3   0.0  0.00   2.6  13.0   04:14    NE
11  10.6  25.0   15:21   0.1   07:23  54.4   0.0  0.00   1.1  10.0   15:47   ENE
12  23.2  35.9   14:47   9.6   02:30  41.7   0.0  0.03   1.4  12.0   15:23    SW
13  34.4  45.1   15:43  24.0   04:51  30.6   0.0  0.10   3.2  20.0   11:06   WSW
14  29.8  40.1   05:38  17.6   23:17  35.2   0.0  0.00   2.5  23.0   06:55    NW
15  28.5  42.3   22:06  14.4   05:14  36.5   0.0  0.00   1.6  14.0   09:30    SW
16  32.8  39.2   00:00  29.2   05:45  32.2   0.0  0.00   1.8  12.0   12:18   ENE
17  43.1  52.8   15:23  35.2   00:00  21.9   0.0  0.00   3.1  23.0   15:42     W
18  51.8  64.9   15:41  39.3   07:07  13.2   0.0  0.00   5.3  27.0   12:19    SW
19  44.3  53.2   14:26  34.7   08:14  20.7   0.0  0.20   1.6  17.0   18:05   ENE
20  42.1  52.4   07:06  35.2   23:58  22.9   0.0  0.03   4.7  32.0   19:14     W
21  42.6  57.9   15:42  29.2   05:56  22.4   0.0  0.00   4.6  26.0   01:46   WSW
22  41.9  54.5   12:15  31.4   05:48  23.1   0.0  0.00   3.5  17.0   17:40    NE
23  29.2  35.4   13:51  24.4   07:25  35.8   0.0  0.00   5.0  22.0   02:02    NE
24  28.8  36.4   14:27  22.0   06:49  36.2   0.0  0.00   3.2  13.0   16:38   ENE
25  22.4  27.2   01:23  14.7   21:35  42.6   0.0  0.00   3.1  14.0   09:31   NNE
26  19.1  29.1   17:26   7.2   07:03  45.9   0.0  0.00   3.5  19.0   15:13     W
27  23.8  29.6   16:30  18.1   07:53  41.2   0.0  0.00   3.0  13.0   16:55    NE
28  34.9  50.6   14:06  19.9   05:18  30.1   0.0  0.00   1.9  18.0   14:30     S
----------------------------------------------------------------------------------
    26.4  64.9    18    -1.5     6  1081.8   0.0  0.36   2.7  32.0    20     NNW

Max >=  80.0:  0
Max <=  32.0: 13
Min <=  32.0: 24
Min <=   0.0:  1
Max Rain: 0.20 on day 19
Days of Rain: 4 (>= 0.01 in)  2 (>= 0.10 in)  0 (>= 1.00 in)
Heat Base: 65.0  Cool Base: 65.0  Method: Integration