NOAA-Style Climate Reports

Select a Year or Month report
2018: Jan Feb Mar Apr May Jun Jul Aug Sep Oct Nov Dec
2017: Jan Feb Mar Apr May Jun Jul Aug Sep Oct Nov Dec
2016: Jan Feb Mar Apr May Jun Jul Aug Sep Oct Nov Dec
2015: Jan Feb Mar Apr May Jun Jul Aug Sep Oct Nov Dec
2014: Jan Feb Mar Apr May Jun Jul Aug Sep Oct Nov Dec
2013: Jan Feb Mar Apr May Jun Jul Aug Sep Oct Nov Dec
2012: Jan Feb Mar Apr May Jun Jul Aug Sep Oct Nov Dec

Report for 2014 January
                   Monthly Climatological Summary for Jan 2014

Name: DW9500   City: Raytown   State: MO
Elevation: 1005 ft  Lat: N 38° 58' 55"   Lon: W 094° 27' 56"

                  Temperature (°F), Rain (in), Wind Speed (mph)

                                      Heat  Cool        Avg
    Mean                              Deg   Deg         Wind                 Dom
Day Temp  High   Time   Low    Time   Days  Days  Rain  Speed High   Time    Dir
----------------------------------------------------------------------------------
 1  22.1  40.7   00:20   9.3   23:59  40.4   0.0  0.00   3.1  17.0   15:35   NNE
 2   8.4  16.8   13:46   1.9   07:12  56.6   0.0  0.00   1.7  13.0   02:45    NW
 3  21.1  35.9   16:16   2.2   01:52  37.8   0.0  0.00   5.0  24.0   15:02   SSW
 4  30.2  42.9   13:16  15.6   23:48  34.8   0.0  0.00   3.5  22.0   00:18   WNW
 5   9.4  15.7   00:06  -1.4   23:59  55.6   0.0  0.00   3.8  21.0   16:06   NNW
 6  -2.4   3.7   15:01  -7.7   06:12  67.4   0.0  0.00   3.3  20.0   01:19   WNW
 7  18.5  35.5   15:35  -0.1   00:00  46.5   0.0  0.00   2.6  18.0   13:30    SW
 8  22.5  27.7   00:02  16.7   23:49  42.4   0.0  0.00   4.4  14.0   13:22    NE
 9  22.4  31.0   23:58  15.9   03:54  42.6   0.0  0.00   1.2  12.0   00:33   ENE
10  36.4  42.4   15:28  31.0   00:00  28.6   0.0  0.08   1.1  11.0   20:03   WSW
11  36.6  46.1   14:22  31.3   07:37  26.6   0.0  0.01   3.1  18.0   11:28     W
12  47.2  62.2   13:46  31.5   00:41  17.8   0.0  0.00   4.7  28.0   11:46   SSW
13  41.4  48.1   14:57  35.4   21:43  23.6   0.0  0.00   3.1  16.0   12:08     W
14  38.6  44.1   06:23  25.3   22:32  26.4   0.0  0.00   4.3  22.0   12:33   WNW
15  26.9  37.3   23:48  17.4   07:40  38.1   0.0  0.00   3.3  17.0   21:25   WSW
16  38.0  45.7   11:41  19.0   23:56  27.0   0.0  0.00   6.2  32.0   10:08   WNW
17  22.8  31.0   15:29  16.9   07:48  42.2   0.0  0.00   4.2  22.0   04:03   WNW
18  34.7  48.9   12:09  22.9   23:59  30.3   0.0  0.00   5.5  32.0   13:09     W
19  40.7  59.9   15:10  19.3   01:49  24.2   0.0  0.00   4.1  24.0   14:59   WSW
20  40.5  50.4   12:14  21.5   23:57  24.5   0.0  0.00   3.0  26.0   19:16    NW
21  14.2  21.5   00:00   3.9   07:42  50.8   0.0  0.00   2.8  23.0   00:12   WNW
22  25.0  35.9   15:10   7.0   23:57  40.0   0.0  0.00   3.8  19.0   16:38   WNW
23   6.9  14.5   15:40   1.2   07:30  58.1   0.0  0.00   2.2  13.0   00:12    NW
24  25.8  43.1   23:47   6.3   00:31  39.2   0.0  0.00   7.1  28.0   11:27    SW
25  39.3  46.3   03:43  29.4   20:08  25.7   0.0  0.00   3.2  22.0   11:51   WNW
26  43.3  57.0   15:36  19.9   23:58  21.7   0.0  0.00   5.6  29.0   20:12     W
27  10.7  19.9   00:00   5.4   07:28  54.3   0.0  0.00   2.8  21.0   02:48    NW
28  12.1  22.5   15:07   0.4   07:32  52.9   0.0  0.00   1.5  14.0   14:32   WSW
29  26.8  42.4   15:21   9.8   05:14  38.2   0.0  0.00   4.8  26.0   22:43   SSW
30  36.2  44.1   15:41  29.6   23:59  28.8   0.0  0.00   6.5  28.0   07:08    SW
31  22.0  29.7   00:00  19.1   17:56  43.0   0.0  0.00   5.8  17.0   08:20    NE
----------------------------------------------------------------------------------
    26.4  62.2    12    -7.7     6  1186.1   0.0  0.09   3.8  32.0    18       W

Max >=  80.0:  0
Max <=  32.0: 11
Min <=  32.0: 30
Min <=   0.0:  3
Max Rain: 0.08 on day 10
Days of Rain: 2 (>= 0.01 in)  0 (>= 0.10 in)  0 (>= 1.00 in)
Heat Base: 65.0  Cool Base: 65.0  Method: Integration