NOAA-Style Climate Reports

Select a Year or Month report
2018: Jan Feb Mar Apr May Jun Jul Aug Sep Oct Nov Dec
2017: Jan Feb Mar Apr May Jun Jul Aug Sep Oct Nov Dec
2016: Jan Feb Mar Apr May Jun Jul Aug Sep Oct Nov Dec
2015: Jan Feb Mar Apr May Jun Jul Aug Sep Oct Nov Dec
2014: Jan Feb Mar Apr May Jun Jul Aug Sep Oct Nov Dec
2013: Jan Feb Mar Apr May Jun Jul Aug Sep Oct Nov Dec
2012: Jan Feb Mar Apr May Jun Jul Aug Sep Oct Nov Dec

Report for 2014
                   Annual Climatological Summary for 2014

Name: DW9500   City: Raytown   State: MO
Elevation: 1005 ft  Lat: N 38° 58' 55"   Lon: W 094° 27' 56"

                  Temperature (°F), Heat Base: 65.0  Cool Base: 65.0
                          Dep.  Heat  Cool                       Max  Max  Min  Min
        Mean  Mean        From  Deg   Deg                        >=   <=   <=   <=
 YR MO  Max   Min   Mean  Norm  Days  Days  Hi  Date  Low  Date 80.0 32.0 32.0   0.0
------------------------------------------------------------------------------------
 14  1  36.9  14.7  26.4   0.0  1186     0  62.2  12  -7.7    6    0   11   30    3
 14  2  35.5  17.7  26.4   0.0  1081     0  64.9  18  -1.5    6    0   13   24    1
 14  3  53.6  28.4  40.7   0.0   747     9  77.5  11  -3.3    3    0    2   16    2
 14  4  65.4  44.4  55.1   0.0   338    40  82.2  12  27.6   15    1    0    4    0
 14  5  77.7  56.1  67.0   0.0   126   188  88.9  28  37.1   16   18    0    0    0
 14  6  82.7  63.4  74.1   0.0    14   279  93.1  20   0.0   29   22    0    1    1
 14  7  84.2  64.7  74.6   0.0    16   314  98.3  22  54.0   16   23    0    0    0
 14  8  87.4  68.5  76.9   0.0     3   372  96.5  25  57.3   13   27    0    0    0
 14  9  77.2  57.8  67.1   0.0    90   152  91.1   4  39.3   13   15    0    0    0
 14 10  67.6  48.7  57.6   0.0   267    37  84.8  26  32.7   31    2    0    0    0
 14 11  48.5  28.7  38.6   0.0   793     0  70.0  10  10.6   18    0    5   19    0
 14 12  41.1  29.4  35.1   0.0   927     0  62.5  14   5.0   31    0    4   16    0
------------------------------------------------------------------------------------
        63.1  43.5  53.3   0.0  5593  1397  98.3 Jul  -7.7  Jan  108   35  110    7

                                Precipitation (in)

              Dep.   Max        Days of Rain
              From   Obs.           >=
 YR MO Total  Norm   Day Date 0.01 0.10 1.00
---------------------------------------------
 14  1  0.09   0.0  0.08  10     2    0    0
 14  2  0.36   0.0  0.20  19     4    2    0
 14  3  1.45   0.0  0.43  15     8    6    0
 14  4  5.31   0.0  1.65   2    10    7    3
 14  5  1.01   0.0  0.53  24     8    3    0
 14  6 10.33   0.0  1.96   9    14   13    3
 14  7  1.59   0.0  1.27   7     6    2    1
 14  8  6.60   0.0  3.24   6     8    7    2
 14  9  1.80   0.0  0.92   1    12    4    0
 14 10  6.43   0.0  1.84   9    12    6    4
 14 11  0.55   0.0  0.31  23     4    2    0
 14 12  1.72   0.0  0.68  14    11    4    0
---------------------------------------------
       37.24   0.0  3.24  Aug   99   56   13

                                Wind Speed (mph)
                          Dom
 YR MO   Avg.  Hi   Date  Dir
------------------------------
 14  1   3.8  32.0   18     W
 14  2   2.7  32.0   20   NNW
 14  3   3.7  37.0   27   WSW
 14  4   2.8  32.0   16   WSW
 14  5   1.8  27.0   19    SW
 14  6   1.7  27.0   16   SSW
 14  7   1.0  25.0    6    SW
 14  8   0.8  37.0    6   SSW
 14  9   1.0  32.0   10   SSW
 14 10   1.2  27.0   14     W
 14 11   2.5  28.0    3   WSW
 14 12   2.2  29.0   25   WSW
------------------------------
         2.1  37.0  Mar   WSW