NOAA-Style Climate Reports

Select a Year or Month report
2018: Jan Feb Mar Apr May Jun Jul Aug Sep Oct Nov Dec
2017: Jan Feb Mar Apr May Jun Jul Aug Sep Oct Nov Dec
2016: Jan Feb Mar Apr May Jun Jul Aug Sep Oct Nov Dec
2015: Jan Feb Mar Apr May Jun Jul Aug Sep Oct Nov Dec
2014: Jan Feb Mar Apr May Jun Jul Aug Sep Oct Nov Dec
2013: Jan Feb Mar Apr May Jun Jul Aug Sep Oct Nov Dec
2012: Jan Feb Mar Apr May Jun Jul Aug Sep Oct Nov Dec

Report for 2013 December
                   Monthly Climatological Summary for Dec 2013

Name: DW9500   City: Raytown   State: MO
Elevation: 1005 ft  Lat: N 38° 58' 55"   Lon: W 094° 27' 56"

                  Temperature (°F), Rain (in), Wind Speed (mph)

                                      Heat  Cool        Avg
    Mean                              Deg   Deg         Wind                 Dom
Day Temp  High   Time   Low    Time   Days  Days  Rain  Speed High   Time    Dir
----------------------------------------------------------------------------------
 1  43.0  57.0   15:19  31.0   07:08  22.0   0.0  0.00   0.4   8.0   12:54   ENE
 2  42.7  51.8   13:49  34.2   06:27  22.3   0.0  0.00   1.6  14.0   15:23   SSW
 3  47.4  59.3   13:54  40.6   05:24  17.6   0.0  0.00   1.5  12.0   13:36   SSW
 4  36.2  48.1   04:22  23.2   23:59  28.8   0.0  0.02   3.2  17.0   22:42   WNW
 5  18.3  23.3   00:00  15.9   08:48  45.4   0.0  0.00   3.1  17.0   01:25    NW
 6  14.7  17.8   14:02  10.3   23:56  50.3   0.0  0.00   2.6  15.0   11:48     N
 7  13.4  20.0   14:50   4.4   07:33  49.7   0.0  0.00   2.6  14.0   22:45    NE
 8  20.5  23.1   14:10  17.9   05:01  44.5   0.0  0.00   1.4  16.0   05:30   ENE
 9  12.8  20.2   00:00  10.4   18:24  52.2   0.0  0.00   1.5  13.0   01:46   WNW
10  23.4  38.1   14:59  10.8   01:04  41.5   0.0  0.00   3.1  16.0   09:00    SW
11  21.3  26.3   14:15  10.5   23:34  43.7   0.0  0.00   2.0  16.0   06:26   NNW
12  27.7  44.9   14:52  10.8   00:00  34.9   0.0  0.00   3.8  16.0   22:17    SW
13  32.4  35.5   12:12  26.4   04:26  32.6   0.0  0.17   1.4  14.0   00:40   SSW
14  26.5  34.3   00:00  19.4   23:03  38.6   0.0  0.01   2.2  18.0   14:34    NW
15  33.7  47.4   15:29  18.5   02:13  31.3   0.0  0.00   2.3  12.0   10:13   WSW
16  42.5  60.2   15:27  30.1   07:23  22.5   0.0  0.00   1.5  11.0   13:07     W
17  35.8  45.7   15:19  28.6   07:16  29.2   0.0  0.00   1.4  16.0   14:36   WNW
18  46.2  62.2   14:49  29.0   01:06  18.8   0.0  0.00   5.6  24.0   10:36   SSW
19  53.6  55.9   15:58  47.8   08:09  11.4   0.0  0.00   3.5  22.0   01:04   SSW
20  26.9  55.1   00:00  21.3   19:44  33.3   0.0  0.00   2.0  16.0   05:41   WNW
21  24.8  28.0   16:52  21.4   01:50  40.2   0.0  0.00   2.5  14.0   18:10    NE
22  21.4  26.0   00:00  13.3   23:53  43.6   0.0  0.00   1.4  11.0   09:27   WNW
23   9.8  14.2   14:59   4.4   23:56  55.2   0.0  0.00   0.7   8.0   12:27   WNW
24  16.7  29.8   23:50   1.5   03:31  48.3   0.0  0.00   0.8   9.0   10:47     S
25  32.3  39.2   15:53  28.4   08:59  32.7   0.0  0.13   2.2  16.0   14:23     W
26  34.8  48.0   14:36  22.7   04:10  30.2   0.0  0.11   2.3  19.0   11:27    SW
27  39.7  54.8   14:48  25.9   07:24  25.3   0.0  0.00   2.1  14.0   20:42    SW
28  44.8  55.4   14:07  34.2   07:19  20.2   0.0  0.00   4.3  25.0   15:06    SW
29  18.6  41.4   00:00  10.7   22:42  46.4   0.0  0.00   3.3  22.0   01:42    NW
30  19.0  29.2   16:47   9.0   04:19  46.0   0.0  0.00   2.5  16.0   11:14    SW
31  34.1  50.8   13:59  18.2   06:15  30.9   0.0  0.00   3.1  27.0   14:07    SW
----------------------------------------------------------------------------------
    29.5  62.2    18     1.5    24  1089.6   0.0  0.44   2.3  27.0    31     WSW

Max >=  80.0:  0
Max <=  32.0: 11
Min <=  32.0: 27
Min <=   0.0:  0
Max Rain: 0.17 on day 13
Days of Rain: 5 (>= 0.01 in)  3 (>= 0.10 in)  0 (>= 1.00 in)
Heat Base: 65.0  Cool Base: 65.0  Method: Integration