NOAA-Style Climate Reports

Select a Year or Month report
2018: Jan Feb Mar Apr May Jun Jul Aug Sep Oct Nov Dec
2017: Jan Feb Mar Apr May Jun Jul Aug Sep Oct Nov Dec
2016: Jan Feb Mar Apr May Jun Jul Aug Sep Oct Nov Dec
2015: Jan Feb Mar Apr May Jun Jul Aug Sep Oct Nov Dec
2014: Jan Feb Mar Apr May Jun Jul Aug Sep Oct Nov Dec
2013: Jan Feb Mar Apr May Jun Jul Aug Sep Oct Nov Dec
2012: Jan Feb Mar Apr May Jun Jul Aug Sep Oct Nov Dec

Report for 2013 November
                   Monthly Climatological Summary for Nov 2013

Name: DW9500   City: Raytown   State: MO
Elevation: 1005 ft  Lat: N 38° 58' 55"   Lon: W 094° 27' 56"

                  Temperature (°F), Rain (in), Wind Speed (mph)

                                      Heat  Cool        Avg
    Mean                              Deg   Deg         Wind                 Dom
Day Temp  High   Time   Low    Time   Days  Days  Rain  Speed High   Time    Dir
----------------------------------------------------------------------------------
 1  49.8  59.5   13:34  42.2   07:43  15.0   0.0  0.00   1.5  16.0   14:52     W
 2  46.1  55.1   15:21  38.3   23:21  18.9   0.0  0.00   1.5  14.0   01:46   WNW
 3  47.5  59.8   14:49  33.8   05:19  18.2   0.0  0.00   2.5  22.0   22:50   SSW
 4  55.1  58.9   14:58  49.5   05:21   9.9   0.0  0.00   2.7  21.0   09:37    SW
 5  56.3  59.8   22:36  52.3   05:13   8.4   0.0  0.68   2.5  19.0   13:41    SW
 6  39.4  53.1   00:00  34.3   23:55  25.3   0.0  0.26   2.0  18.0   02:17   WNW
 7  41.6  55.2   14:19  30.8   03:36  23.0   0.0  0.00   1.2  15.0   13:14     W
 8  49.6  64.4   13:21  33.5   01:26  15.4   0.0  0.00   4.1  33.0   15:58   SSW
 9  53.3  65.7   14:57  42.5   06:37  11.7   0.0  0.00   0.7  17.0   00:24   WSW
10  49.4  59.2   14:57  39.3   07:13  15.6   0.0  0.00   1.4  10.0   08:24   ENE
11  47.1  61.1   12:32  27.4   23:53  17.9   0.0  0.00   2.3  22.0   17:21   NNE
12  25.1  34.1   14:56  17.4   06:55  39.9   0.0  0.00   1.4  16.0   00:14   NNE
13  34.6  48.8   14:58  19.2   01:10  28.5   0.0  0.00   3.8  19.0   20:35   SSW
14  44.1  54.9   14:41  34.3   06:47  20.9   0.0  0.00   5.3  21.0   10:55    SW
15  49.8  58.2   14:57  43.1   06:01  15.2   0.0  0.00   2.8  17.0   22:57   SSW
16  61.2  68.4   14:33  50.4   00:00   3.9   0.3  0.01   8.3  33.0   12:01   SSW
17  60.3  67.3   03:31  46.9   23:56   5.0   0.3  0.00   7.0  30.0   14:08   WSW
18  45.4  57.2   14:54  36.3   07:09  19.0   0.0  0.00   1.2  11.0   00:04     W
19  48.3  61.2   15:08  36.5   05:22  16.7   0.0  0.00   2.0  21.0   23:10     S
20  45.1  50.2   00:00  39.3   10:10  19.9   0.0  0.21   1.7  20.0   04:51     S
21  41.6  49.4   07:14  28.6   23:56  23.4   0.0  0.17   1.7  16.0   18:18   NNW
22  26.8  30.7   12:03  23.2   23:00  38.2   0.0  0.00   1.8  15.0   12:03   NNW
23  23.0  27.3   13:55  14.5   23:54  42.1   0.0  0.00   2.5  15.0   14:09   NNE
24  20.1  27.4   13:07  10.0   06:37  44.9   0.0  0.00   1.6  12.0   21:08     S
25  31.6  37.5   15:19  26.8   00:00  33.4   0.0  0.00   2.1  13.0   02:16    SW
26  30.1  37.3   14:34  21.8   23:58  34.9   0.0  0.00   2.5  20.0   10:59   NNW
27  24.5  33.7   15:04  16.3   06:48  40.5   0.0  0.00   1.9  16.0   22:09    SW
28  32.6  41.6   13:47  27.1   07:26  32.4   0.0  0.00   2.3  18.0   00:25     W
29  35.7  51.8   14:59  23.3   05:18  29.3   0.0  0.00   1.1  12.0   15:31   SSE
30  42.5  55.3   15:04  32.8   07:32  22.5   0.0  0.00   1.9  12.0   04:03    SW
----------------------------------------------------------------------------------
    41.9  68.4    16    10.0    24   689.9   0.6  1.33   2.5  33.0     8      SW

Max >=  80.0:  0
Max <=  32.0:  3
Min <=  32.0: 13
Min <=   0.0:  0
Max Rain: 0.68 on day 5
Days of Rain: 5 (>= 0.01 in)  4 (>= 0.10 in)  0 (>= 1.00 in)
Heat Base: 65.0  Cool Base: 65.0  Method: Integration