NOAA-Style Climate Reports

Select a Year or Month report
2018: Jan Feb Mar Apr May Jun Jul Aug Sep Oct Nov Dec
2017: Jan Feb Mar Apr May Jun Jul Aug Sep Oct Nov Dec
2016: Jan Feb Mar Apr May Jun Jul Aug Sep Oct Nov Dec
2015: Jan Feb Mar Apr May Jun Jul Aug Sep Oct Nov Dec
2014: Jan Feb Mar Apr May Jun Jul Aug Sep Oct Nov Dec
2013: Jan Feb Mar Apr May Jun Jul Aug Sep Oct Nov Dec
2012: Jan Feb Mar Apr May Jun Jul Aug Sep Oct Nov Dec

Report for 2013 October
                   Monthly Climatological Summary for Oct 2013

Name: DW9500   City: Raytown   State: MO
Elevation: 1005 ft  Lat: N 38° 58' 55"   Lon: W 094° 27' 56"

                  Temperature (°F), Rain (in), Wind Speed (mph)

                                      Heat  Cool        Avg
    Mean                              Deg   Deg         Wind                 Dom
Day Temp  High   Time   Low    Time   Days  Days  Rain  Speed High   Time    Dir
----------------------------------------------------------------------------------
 1  69.2  82.3   15:25  60.4   05:45   1.4   5.6  0.01   1.0  10.0   10:29    SW
 2  70.9  83.8   14:39  61.2   07:07   0.5   6.4  0.00   0.6  11.0   15:11    SW
 3  73.0  84.4   15:44  64.5   11:43   0.0   8.0  0.07   2.6  20.0   16:16    SW
 4  76.1  86.3   14:25  67.3   23:55   0.0  11.1  0.29   3.7  25.0   15:19    SW
 5  53.8  67.3   00:00  46.1   23:17  11.3   0.1  0.15   1.8  17.0   16:54     W
 6  50.8  59.7   15:52  42.1   06:22  14.2   0.0  0.00   2.8  19.0   20:17     W
 7  55.9  71.0   15:31  43.8   05:56   9.9   0.9  0.00   0.5   8.0   02:01   WSW
 8  60.4  75.2   15:18  45.2   07:38   7.1   2.4  0.00   1.5  16.0   11:50    SW
 9  62.1  75.6   15:47  50.0   06:45   5.4   2.5  0.00   1.2  13.0   10:40    SW
10  62.4  78.1   15:49  48.4   07:17   5.9   3.4  0.00   0.8  14.0   17:23    SW
11  65.6  75.0   17:12  55.9   03:48   3.0   3.6  0.18   2.6  22.0   13:23    SW
12  58.9  69.2   15:23  50.0   07:52   6.5   0.5  0.00   0.5  11.0   00:31   NNW
13  57.9  68.8   14:41  48.0   07:17   7.7   0.6  0.00   2.1  14.0   12:51   ENE
14  58.6  68.2   13:25  52.0   03:32   6.5   0.2  0.09   1.7  23.0   22:34   SSW
15  54.6  60.5   00:37  46.2   22:49  10.4   0.0  0.08   2.4  18.0   00:30     W
16  50.1  59.0   15:43  42.8   03:18  14.9   0.0  0.00   1.1  12.0   05:52     W
17  52.8  65.2   15:45  41.8   06:36  12.0   0.0  0.02   0.9  14.0   16:06     W
18  41.1  48.5   00:00  36.6   23:53  23.9   0.0  0.18   0.6   9.0   00:39   WNW
19  45.3  60.1   15:44  33.5   07:33  19.7   0.0  0.00   1.4  16.0   15:16   WSW
20  56.2  69.7   15:04  46.2   06:48   9.4   0.6  0.00   1.5  16.0   14:37    SW
21  47.3  56.3   00:36  40.8   22:31  17.4   0.0  0.00   0.8  12.0   05:32    NW
22  49.5  60.6   14:50  39.0   23:52  15.3   0.0  0.00   2.2  20.0   13:44     W
23  41.8  50.5   13:51  33.6   04:45  23.2   0.0  0.00   0.3  11.0   14:26    SW
24  41.7  50.2   14:45  32.6   23:58  23.3   0.0  0.00   0.7  13.0   11:20   NNW
25  42.2  56.4   15:27  27.7   07:18  22.8   0.0  0.00   1.3  17.0   12:12    SW
26  49.4  60.7   14:42  39.9   23:59  15.3   0.0  0.00   1.2  12.0   09:52     W
27  46.1  62.8   15:16  29.8   07:49  18.9   0.0  0.00   0.8  12.0   14:41    SW
28  50.6  67.5   14:56  36.7   05:26  14.4   0.2  0.00   0.5  11.0   14:13    SW
29  56.2  64.3   23:53  49.7   04:32   8.3   0.0  0.98   0.8  10.0   07:11   ENE
30  64.6  66.6   12:08  61.5   23:58   0.7   0.3  2.66   2.8  19.0   12:32    SW
31  51.0  61.8   01:06  45.6   22:17  14.0   0.0  0.89   0.9  12.0   10:04     W
----------------------------------------------------------------------------------
    55.4  86.3     4    27.7    25   343.3  46.4  5.60   1.4  25.0     4     WSW

Max >=  80.0:  4
Max <=  32.0:  0
Min <=  32.0:  2
Min <=   0.0:  0
Max Rain: 2.66 on day 30
Days of Rain: 12 (>= 0.01 in)  7 (>= 0.10 in)  1 (>= 1.00 in)
Heat Base: 65.0  Cool Base: 65.0  Method: Integration