NOAA-Style Climate Reports

Select a Year or Month report
2018: Jan Feb Mar Apr May Jun Jul Aug Sep Oct Nov Dec
2017: Jan Feb Mar Apr May Jun Jul Aug Sep Oct Nov Dec
2016: Jan Feb Mar Apr May Jun Jul Aug Sep Oct Nov Dec
2015: Jan Feb Mar Apr May Jun Jul Aug Sep Oct Nov Dec
2014: Jan Feb Mar Apr May Jun Jul Aug Sep Oct Nov Dec
2013: Jan Feb Mar Apr May Jun Jul Aug Sep Oct Nov Dec
2012: Jan Feb Mar Apr May Jun Jul Aug Sep Oct Nov Dec

Report for 2013 September
                   Monthly Climatological Summary for Sep 2013

Name: DW9500   City: Raytown   State: MO
Elevation: 1005 ft  Lat: N 38° 58' 55"   Lon: W 094° 27' 56"

                  Temperature (°F), Rain (in), Wind Speed (mph)

                                      Heat  Cool        Avg
    Mean                              Deg   Deg         Wind                 Dom
Day Temp  High   Time   Low    Time   Days  Days  Rain  Speed High   Time    Dir
----------------------------------------------------------------------------------
 1  76.9  86.8   13:17  68.1   09:39   0.0  11.9  0.21   1.1  27.0   07:34    NW
 2  72.6  82.3   15:49  62.4   06:58   0.1   7.7  0.00   0.7  11.0   11:26    NE
 3  72.1  85.3   16:44  60.6   07:01   0.6   7.7  0.00   0.7  10.0   15:08   ENE
 4  73.0  86.5   14:25  60.3   04:59   0.8   8.8  0.00   0.4   8.0   12:42    NE
 5  74.9  89.0   15:51  62.1   06:53   0.3  10.2  0.00   0.5  11.0   17:16   ENE
 6  76.6  89.5   15:35  63.5   07:01   0.1  11.7  0.00   0.8  11.0   18:12    SW
 7  82.1  96.5   15:21  69.4   05:27   0.0  17.1  0.00   1.7  16.0   15:30    SW
 8  87.4 100.9   14:45  76.2   07:19   0.0  22.4  0.00   1.4  14.0   18:09    SW
 9  84.7  95.8   15:19  75.9   07:52   0.0  19.7  0.00   2.0  19.0   15:17    SW
10  82.6  94.3   15:30  72.3   06:56   0.0  17.6  0.00   2.0  18.0   12:56    SW
11  81.4  94.6   16:02  68.3   06:40   0.0  16.4  0.00   0.9  12.0   12:57    SW
12  76.9  86.0   16:20  69.6   23:57   0.0  11.9  0.00   1.2  12.0   01:51    NE
13  66.8  76.0   15:18  59.2   05:28   1.5   3.3  0.00   1.8  11.0   11:47   ENE
14  66.4  78.9   16:11  52.5   06:59   3.1   4.5  0.00   1.0  15.0   16:49    SW
15  70.7  84.2   15:31  63.4   06:26   0.2   5.9  0.12   2.3  16.0   01:41     S
16  59.8  64.1   00:00  58.4   06:39   5.2   0.0  0.19   2.7  16.0   00:36   ENE
17  64.4  69.8   17:38  60.1   00:00   1.8   1.2  0.64   0.8  13.0   17:22    SW
18  76.2  88.1   15:40  66.8   07:11   0.0  11.2  0.00   3.4  20.0   15:16    SW
19  77.9  91.5   14:46  66.8   23:06   0.0  12.9  2.27   3.4  22.0   14:47    SW
20  63.0  69.0   16:01  54.6   23:40   2.8   0.8  0.00   1.0  15.0   08:34   WNW
21  61.1  73.7   14:56  50.3   06:33   5.8   1.9  0.00   0.3   7.0   10:27   ENE
22  63.3  76.4   15:02  50.9   07:38   4.9   3.2  0.00   0.5  10.0   10:35    SW
23  64.2  76.9   16:13  51.8   06:33   4.2   3.4  0.00   1.1  18.0   10:48   SSW
24  64.1  70.0   11:23  60.6   21:53   1.6   0.7  0.00   1.1  12.0   01:01    SW
25  65.8  78.1   15:58  56.4   07:29   2.6   3.4  0.00   0.4  10.0   16:45     E
26  70.9  84.1   15:35  59.6   07:26   1.5   7.5  0.01   1.1  16.0   11:37    SW
27  73.9  85.3   15:53  64.7   05:59   0.0   8.9  0.00   1.8  16.0   11:57    SW
28  64.1  72.0   07:50  54.1   23:16   3.2   2.3  0.37   2.0  19.0   07:21    SW
29  59.4  72.6   15:11  47.0   06:23   7.3   1.7  0.01   0.3   7.0   13:39   ENE
30  62.8  77.2   15:01  49.6   05:24   5.6   3.4  0.00   1.0  14.0   16:09    SW
----------------------------------------------------------------------------------
    71.2 100.9     8    47.0    29    53.2 239.3  3.82   1.3  27.0     1      SW

Max >=  80.0: 17
Max <=  32.0:  0
Min <=  32.0:  0
Min <=   0.0:  0
Max Rain: 2.27 on day 19
Days of Rain: 8 (>= 0.01 in)  6 (>= 0.10 in)  1 (>= 1.00 in)
Heat Base: 65.0  Cool Base: 65.0  Method: Integration