NOAA-Style Climate Reports

Select a Year or Month report
2018: Jan Feb Mar Apr May Jun Jul Aug Sep Oct Nov Dec
2017: Jan Feb Mar Apr May Jun Jul Aug Sep Oct Nov Dec
2016: Jan Feb Mar Apr May Jun Jul Aug Sep Oct Nov Dec
2015: Jan Feb Mar Apr May Jun Jul Aug Sep Oct Nov Dec
2014: Jan Feb Mar Apr May Jun Jul Aug Sep Oct Nov Dec
2013: Jan Feb Mar Apr May Jun Jul Aug Sep Oct Nov Dec
2012: Jan Feb Mar Apr May Jun Jul Aug Sep Oct Nov Dec

Report for 2013 August
                   Monthly Climatological Summary for Aug 2013

Name: DW9500   City: Raytown   State: MO
Elevation: 1005 ft  Lat: N 38° 58' 55"   Lon: W 094° 27' 56"

                  Temperature (°F), Rain (in), Wind Speed (mph)

                                      Heat  Cool        Avg
    Mean                              Deg   Deg         Wind                 Dom
Day Temp  High   Time   Low    Time   Days  Days  Rain  Speed High   Time    Dir
----------------------------------------------------------------------------------
 1  77.0  88.8   16:47  65.1   05:39   0.0  12.1  0.00   0.5   9.0   14:58    SW
 2  74.9  83.0   14:11  65.5   06:20   0.0   9.9  0.33   0.9   9.0   16:40   ENE
 3  75.9  82.6   17:51  71.5   06:36   0.0  10.9  0.00   2.1  12.0   05:57   ENE
 4  70.5  74.6   00:00  67.2   12:20   0.0   5.5  0.13   1.2   9.0   05:25   ENE
 5  76.2  86.0   16:35  69.4   05:22   0.0  11.2  0.00   0.5   8.0   09:06    SE
 6  78.6  89.2   17:43  69.7   06:24   0.0  13.5  1.16   1.2  19.0   03:38    SW
 7  78.0  86.5   17:40  70.9   07:37   0.0  13.0  1.12   1.0  18.0   04:20   WSW
 8  70.9  74.8   00:00  67.2   05:59   0.0   5.9  0.00   1.8  15.0   10:49   ENE
 9  70.3  73.5   14:00  66.3   23:02   0.0   5.3  0.06   0.4   6.0   07:15   ENE
10  73.0  82.0   15:44  65.5   06:24   0.0   8.0  0.00   1.4  13.0   15:08   ENE
11  74.7  86.8   18:02  61.8   06:28   0.2  10.0  0.00   0.4   9.0   14:06   SSW
12  74.6  83.5   16:28  67.7   08:46   0.0   9.6  0.65   0.7   9.0   07:31   WNW
13  71.9  78.5   16:07  66.5   07:13   0.0   6.9  0.00   1.4  11.0   14:16   ENE
14  69.1  78.3   13:58  61.3   06:41   0.5   4.5  0.00   1.1  10.0   13:19   ENE
15  66.8  74.1   13:27  60.6   06:19   1.1   2.9  0.00   0.5  10.0   09:28   SSW
16  67.5  75.6   16:37  61.3   05:07   1.0   3.6  0.00   0.9  12.0   11:51   ENE
17  67.5  77.8   16:12  57.0   06:21   2.1   4.6  0.00   0.9  12.0   11:30   ENE
18  70.5  83.0   14:51  58.7   05:14   1.7   7.2  0.00   0.5  12.0   15:04   SSW
19  73.4  84.8   15:19  61.8   06:34   0.5   8.9  0.00   0.9  11.0   12:09    SW
20  76.8  88.0   14:46  66.5   06:46   0.0  11.8  0.00   1.3  14.0   11:29    SW
21  77.7  89.4   14:04  66.6   06:21   0.0  12.7  0.00   1.1  13.0   12:01    SW
22  79.0  89.8   18:00  70.1   07:17   0.0  14.0  0.00   0.3   7.0   11:40    SW
23  79.8  90.8   16:19  69.7   06:50   0.0  14.8  0.00   0.4   9.0   13:51    SW
24  80.1  90.9   16:04  70.0   06:35   0.0  15.1  0.00   1.2  15.0   11:42    SW
25  80.9  92.2   13:49  70.5   06:23   0.0  15.9  0.00   1.5  12.0   13:27    SW
26  82.5  93.8   15:51  72.2   06:38   0.0  17.5  0.00   1.8  17.0   16:05    SW
27  82.6  92.6   14:57  73.2   07:05   0.0  17.6  0.00   1.7  17.0   12:40    SW
28  81.2  92.6   14:40  68.4   06:51   0.0  16.2  0.00   0.8  10.0   17:01   WSW
29  83.1  95.5   13:48  71.4   06:56   0.0  18.1  0.00   1.0  12.0   13:12    SW
30  86.7  99.3   15:24  76.2   05:39   0.0  21.7  0.00   1.2  14.0   16:01    SW
31  82.9  91.5   17:27  76.8   22:46   0.0  17.9  0.00   0.6  12.0   10:18     W
----------------------------------------------------------------------------------
    76.0  99.3    30    57.0    17     7.1 346.8  3.45   1.0  19.0     6       S

Max >=  80.0: 23
Max <=  32.0:  0
Min <=  32.0:  0
Min <=   0.0:  0
Max Rain: 1.16 on day 6
Days of Rain: 6 (>= 0.01 in)  5 (>= 0.10 in)  2 (>= 1.00 in)
Heat Base: 65.0  Cool Base: 65.0  Method: Integration