NOAA-Style Climate Reports

Select a Year or Month report
2018: Jan Feb Mar Apr May Jun Jul Aug Sep Oct Nov Dec
2017: Jan Feb Mar Apr May Jun Jul Aug Sep Oct Nov Dec
2016: Jan Feb Mar Apr May Jun Jul Aug Sep Oct Nov Dec
2015: Jan Feb Mar Apr May Jun Jul Aug Sep Oct Nov Dec
2014: Jan Feb Mar Apr May Jun Jul Aug Sep Oct Nov Dec
2013: Jan Feb Mar Apr May Jun Jul Aug Sep Oct Nov Dec
2012: Jan Feb Mar Apr May Jun Jul Aug Sep Oct Nov Dec

Report for 2013 July
                   Monthly Climatological Summary for Jul 2013

Name: DW9500   City: Raytown   State: MO
Elevation: 1005 ft  Lat: N 38° 58' 55"   Lon: W 094° 27' 56"

                  Temperature (°F), Rain (in), Wind Speed (mph)

                                      Heat  Cool        Avg
    Mean                              Deg   Deg         Wind                 Dom
Day Temp  High   Time   Low    Time   Days  Days  Rain  Speed High   Time    Dir
----------------------------------------------------------------------------------
 1  71.4  81.5   16:53  60.4   05:22   0.6   7.0  0.00   1.6  18.0   12:03    NE
 2  71.5  81.8   17:33  58.6   06:05   0.7   7.2  0.00   1.0  14.0   20:48    NE
 3  69.0  86.4   16:12  59.2   23:42   1.8   5.8  1.54   0.8  12.0   17:19   WNW
 4  72.4  86.2   15:07  57.4   06:01   2.0   9.4  0.01   0.7   9.0   13:10    SW
 5  76.5  88.5   15:49  63.7   05:50   0.1  11.6  0.00   1.2  14.0   16:38    SW
 6  77.2  87.8   15:41  67.6   04:56   0.0  12.2  0.00   2.4  18.0   12:35    SW
 7  80.2  89.5   15:40  71.3   06:17   0.0  15.2  0.01   2.6  17.0   16:43    SW
 8  83.1  93.0   15:53  75.6   07:45   0.0  18.1  0.00   1.7  13.0   10:19    SW
 9  85.8  96.6   16:58  76.7   04:31   0.0  20.8  0.00   2.4  15.0   15:56    SW
10  83.9  90.2   15:39  76.3   23:59   0.0  18.9  0.00   1.7  14.0   02:30    NE
11  76.8  86.1   16:25  67.1   06:03   0.0  11.8  0.00   2.0  12.0   10:33   ENE
12  77.8  87.9   16:32  66.9   06:00   0.0  12.8  0.00   0.9  12.0   16:10     E
13  77.7  89.8   14:13  67.8   06:31   0.0  12.7  0.00   0.9  11.0   08:20     S
14  76.8  86.3   16:07  64.9   06:07   0.0  11.8  0.00   1.4  14.0   13:57   ENE
15  78.5  88.0   17:39  69.4   05:11   0.0  13.5  0.00   1.1  12.0   13:11   ENE
16  82.2  93.8   17:10  70.6   06:17   0.0  17.2  0.00   0.5   8.0   13:40   SSW
17  81.2  91.6   14:21  72.6   05:18   0.0  16.2  0.01   0.4  12.0   15:43   SSW
18  84.3  95.4   17:27  72.0   06:11   0.0  19.4  0.00   0.7  14.0   14:20    SW
19  86.4  96.8   17:54  74.5   06:15   0.0  21.5  0.00   1.1  13.0   13:13   WSW
20  80.0  86.0   14:16  75.2   06:13   0.0  15.0  0.00   0.8  11.0   15:32    NE
21  78.0  88.7   18:03  70.2   07:00   0.0  13.0  0.05   0.7  12.0   13:27    SW
22  81.0  94.2   15:51  68.9   05:39   0.0  16.0  0.00   1.3  15.0   13:18    SW
23  78.1  84.1   16:28  71.6   04:53   0.0  13.1  0.00   1.7  11.0   15:16   ENE
24  74.9  85.3   17:24  65.8   04:31   0.0   9.9  0.00   2.0  11.0   00:53   ENE
25  73.5  86.1   13:12  65.1   04:29   0.0   8.5  0.18   0.4  11.0   11:22   SSW
26  74.4  86.0   16:31  68.3   00:00   0.0   9.4  0.07   0.7  11.0   16:12   WNW
27  67.8  77.5   15:28  57.4   05:57   1.4   4.2  0.00   0.9  13.0   14:03    NW
28  67.3  77.2   13:27  55.5   06:21   1.9   4.2  0.00   0.4   9.0   17:36   WSW
29  66.1  69.5   23:57  61.0   07:30   0.5   1.6  0.61   1.0  12.0   13:53   ENE
30  74.6  82.1   16:28  69.5   00:00   0.0   9.6  0.12   0.6  10.0   06:58   ENE
31  75.2  82.8   16:31  69.1   23:58   0.0  10.2  0.00   0.9   8.0   11:38    NE
----------------------------------------------------------------------------------
    76.9  96.8    19    55.5    28     9.0 377.8  2.60   1.2  18.0     1     SSE

Max >=  80.0: 28
Max <=  32.0:  0
Min <=  32.0:  0
Min <=   0.0:  0
Max Rain: 1.54 on day 3
Days of Rain: 9 (>= 0.01 in)  4 (>= 0.10 in)  1 (>= 1.00 in)
Heat Base: 65.0  Cool Base: 65.0  Method: Integration