NOAA-Style Climate Reports

Select a Year or Month report
2018: Jan Feb Mar Apr May Jun Jul Aug Sep Oct Nov Dec
2017: Jan Feb Mar Apr May Jun Jul Aug Sep Oct Nov Dec
2016: Jan Feb Mar Apr May Jun Jul Aug Sep Oct Nov Dec
2015: Jan Feb Mar Apr May Jun Jul Aug Sep Oct Nov Dec
2014: Jan Feb Mar Apr May Jun Jul Aug Sep Oct Nov Dec
2013: Jan Feb Mar Apr May Jun Jul Aug Sep Oct Nov Dec
2012: Jan Feb Mar Apr May Jun Jul Aug Sep Oct Nov Dec

Report for 2013 June
                   Monthly Climatological Summary for Jun 2013

Name: DW9500   City: Raytown   State: MO
Elevation: 1005 ft  Lat: N 38° 58' 55"   Lon: W 094° 27' 56"

                  Temperature (°F), Rain (in), Wind Speed (mph)

                                      Heat  Cool        Avg
    Mean                              Deg   Deg         Wind                 Dom
Day Temp  High   Time   Low    Time   Days  Days  Rain  Speed High   Time    Dir
----------------------------------------------------------------------------------
 1  65.0  69.7   12:32  60.5   23:54   1.0   1.0  0.00   2.7  17.0   11:12     W
 2  58.1  64.0   17:19  50.5   23:58   6.9   0.0  0.00   1.2  12.0   12:53   WNW
 3  61.4  73.7   17:55  45.9   06:00   6.0   2.4  0.00   1.0  11.0   12:50     S
 4  65.6  76.2   18:07  61.2   05:54   1.0   1.7  0.22   0.9  12.0   15:52   SSW
 5  63.1  66.0   17:59  60.4   06:04   2.0   0.1  0.85   0.6  11.0   14:23    NE
 6  66.3  74.0   17:52  58.2   06:05   1.6   2.9  0.00   0.8  10.0   18:01     N
 7  64.7  73.7   16:27  55.5   06:12   2.9   2.7  0.00   0.9  12.0   13:54    NE
 8  68.4  79.9   17:46  53.4   06:01   3.1   6.5  0.00   2.4  22.0   17:20    SW
 9  69.7  80.6   17:59  61.9   07:18   0.6   5.3  0.46   2.1  23.0   15:09     W
10  73.3  88.3   18:16  59.9   05:39   0.7   9.0  0.00   0.8  10.0   09:08     W
11  81.7  93.6   15:29  70.7   04:34   0.0  16.8  0.00   3.1  22.0   12:59    SW
12  84.1  93.4   17:27  74.3   05:06   0.0  19.1  0.00   3.9  23.0   07:07    SW
13  73.7  85.0   15:36  62.9   05:58   0.1   8.8  0.00   1.4  16.0   00:52   NNE
14  77.3  87.7   14:22  66.0   04:55   0.0  12.3  0.00   1.3  16.0   10:14     S
15  75.0  89.7   14:02  66.4   21:53   0.0  10.0  1.04   2.1  23.0   15:41    SW
16  72.5  80.8   15:47  65.7   05:29   0.0   7.5  0.00   0.8   9.0   13:26   ENE
17  71.0  77.0   15:54  66.3   17:07   0.0   6.0  0.15   0.7  15.0   14:31    SW
18  73.2  83.9   16:11  64.8   01:54   0.0   8.2  0.01   1.0  10.0   15:46    NE
19  75.9  86.6   15:58  63.2   06:10   0.1  11.0  0.01   0.8  13.0   14:49    SW
20  79.3  88.9   16:59  67.7   05:36   0.0  14.3  0.00   2.4  19.0   13:13    SW
21  82.2  90.7   14:57  75.5   05:17   0.0  17.2  0.00   4.2  24.0   12:17    SW
22  82.6  91.1   16:06  73.4   06:08   0.0  17.6  0.00   3.3  20.0   16:33    SW
23  81.1  90.5   17:51  73.1   05:41   0.0  16.1  0.00   2.6  18.0   07:44    SW
24  81.4  89.7   13:45  72.5   06:31   0.0  16.4  0.00   3.5  24.0   23:35    SW
25  80.3  87.4   17:22  74.1   11:24   0.0  15.3  0.10   3.9  23.0   17:04    SW
26  85.0  97.4   17:08  75.0   23:53   0.0  20.1  0.00   2.0  16.0   01:33   WSW
27  76.2  88.7   10:10  68.7   04:39   0.0  11.2  1.23   0.7  21.0   23:12    NE
28  76.6  86.5   16:26  66.6   05:39   0.0  11.6  0.02   1.4  16.0   13:26   WNW
29  73.8  81.6   16:03  65.6   06:02   0.0   8.8  0.00   2.3  24.0   13:09   WNW
30  70.4  77.9   16:13  61.8   04:31   0.5   5.9  0.00   1.6  14.0   13:23    NE
----------------------------------------------------------------------------------
    73.6  97.4    26    45.9     3    26.5 285.8  4.09   1.9  24.0    21      SW

Max >=  80.0: 20
Max <=  32.0:  0
Min <=  32.0:  0
Min <=   0.0:  0
Max Rain: 1.23 on day 27
Days of Rain: 10 (>= 0.01 in)  7 (>= 0.10 in)  2 (>= 1.00 in)
Heat Base: 65.0  Cool Base: 65.0  Method: Integration