NOAA-Style Climate Reports

Select a Year or Month report
2018: Jan Feb Mar Apr May Jun Jul Aug Sep Oct Nov Dec
2017: Jan Feb Mar Apr May Jun Jul Aug Sep Oct Nov Dec
2016: Jan Feb Mar Apr May Jun Jul Aug Sep Oct Nov Dec
2015: Jan Feb Mar Apr May Jun Jul Aug Sep Oct Nov Dec
2014: Jan Feb Mar Apr May Jun Jul Aug Sep Oct Nov Dec
2013: Jan Feb Mar Apr May Jun Jul Aug Sep Oct Nov Dec
2012: Jan Feb Mar Apr May Jun Jul Aug Sep Oct Nov Dec

Report for 2013 May
                   Monthly Climatological Summary for May 2013

Name: DW9500   City: Raytown   State: MO
Elevation: 1005 ft  Lat: N 38° 58' 55"   Lon: W 094° 27' 56"

                  Temperature (°F), Rain (in), Wind Speed (mph)

                                      Heat  Cool        Avg
    Mean                              Deg   Deg         Wind                 Dom
Day Temp  High   Time   Low    Time   Days  Days  Rain  Speed High   Time    Dir
----------------------------------------------------------------------------------
 1  47.0  50.7   21:35   0.0   21:34   1.8   0.0  0.00   3.1  19.0   22:45   NNE
 2  37.6  45.3   00:00  32.2   20:12  27.4   0.0  0.43   2.9  20.0   12:15   NNE
 3  35.4  38.1   15:17  32.5   00:20  29.6   0.0  0.85   2.0  17.0   14:07   NNW
 4  40.1  46.6   18:18  33.0   01:35  24.9   0.0  0.14   1.8  13.0   13:46    NE
 5  49.8  56.0   18:00  43.9   01:19  15.2   0.0  0.02   1.4  12.0   17:14   WNW
 6  57.3  69.4   17:49  50.6   05:41   8.2   0.5  0.00   1.0  10.0   01:29    NW
 7  63.7  77.2   16:21  49.0   06:35   5.0   3.8  0.00   0.6  10.0   14:33    SW
 8  64.7  74.9   17:22  55.9   02:06   3.0   2.7  0.04   1.5  17.0   12:20   SSW
 9  65.1  75.4   14:10  58.5   06:31   2.6   2.6  0.29   1.4  16.0   14:11     W
10  58.8  67.1   17:35  53.8   23:15   6.3   0.1  0.00   1.1  11.0   08:05    NW
11  57.6  65.8   15:48  48.3   23:53   7.5   0.0  0.00   2.1  24.0   13:40     N
12  54.6  67.3   18:06  38.3   04:57  10.5   0.1  0.00   0.6  10.0   11:26   NNW
13  63.1  77.9   17:19  45.3   04:07   6.2   4.3  0.00   1.9  15.0   15:44    SW
14  78.2  91.8   16:19  64.9   01:36   0.0  13.2  0.00   4.5  24.0   16:05    SW
15  75.8  86.4   15:02  66.8   23:58   0.0  10.8  0.00   3.7  18.0   01:29    SW
16  70.2  80.2   15:59  60.4   03:54   0.9   6.1  0.00   1.1  16.0   14:53   SSW
17  68.0  79.3   18:46  59.6   06:11   1.3   4.3  0.00   0.5   8.0   07:59    SW
18  74.0  84.5   14:54  60.7   05:40   0.5   9.6  0.00   1.1  13.0   23:28   SSE
26  71.1  84.4   17:19  61.6   06:17   0.8   6.5  0.90  ----  25.0   19:43    SW
27  77.2  80.4   19:02   0.0   18:55   0.0   2.6  2.36   3.9  21.0   23:52    SW
28  73.4  76.9   11:20  70.5   07:10   0.0   8.4  0.08   2.7  19.0   11:05    SW
29  74.1  81.9   12:57  65.1   01:50   0.0   9.1  0.04   4.0  27.0   14:48    SW
30  64.1  73.9   17:37  61.5   13:47   1.8   0.9  1.89   3.0  22.0   07:00    SW
31  66.7  78.4   19:32  58.2   06:12   1.9   3.6  1.30   1.3  14.0   05:13     E
----------------------------------------------------------------------------------
    62.0  91.8    14     0.0     1   155.4  89.2  8.34   1.9  27.0    29     WSW

Max >=  80.0:  7
Max <=  32.0:  0
Min <=  32.0:  2
Min <=   0.0:  2
Max Rain: 2.36 on day 27
Days of Rain: 12 (>= 0.01 in)  8 (>= 0.10 in)  3 (>= 1.00 in)
Heat Base: 65.0  Cool Base: 65.0  Method: Integration