NOAA-Style Climate Reports

Select a Year or Month report
2018: Jan Feb Mar Apr May Jun Jul Aug Sep Oct Nov Dec
2017: Jan Feb Mar Apr May Jun Jul Aug Sep Oct Nov Dec
2016: Jan Feb Mar Apr May Jun Jul Aug Sep Oct Nov Dec
2015: Jan Feb Mar Apr May Jun Jul Aug Sep Oct Nov Dec
2014: Jan Feb Mar Apr May Jun Jul Aug Sep Oct Nov Dec
2013: Jan Feb Mar Apr May Jun Jul Aug Sep Oct Nov Dec
2012: Jan Feb Mar Apr May Jun Jul Aug Sep Oct Nov Dec

Report for 2013 April
                   Monthly Climatological Summary for Apr 2013

Name: DW9500   City: Raytown   State: MO
Elevation: 1005 ft  Lat: N 38° 58' 55"   Lon: W 094° 27' 56"

                  Temperature (°F), Rain (in), Wind Speed (mph)

                                      Heat  Cool        Avg
    Mean                              Deg   Deg         Wind                 Dom
Day Temp  High   Time   Low    Time   Days  Days  Rain  Speed High   Time    Dir
----------------------------------------------------------------------------------
 1  40.4  50.3   00:29  33.7   07:28  24.6   0.0  0.00   4.2  16.0   01:04   NNE
 2  38.6  49.0   16:24  28.9   07:06  26.4   0.0  0.00   2.5  14.0   11:38    NE
 3  41.7  49.9   16:46  32.2   07:07  23.3   0.0  0.00   3.5  17.0   16:19   ENE
 4  49.6  62.4   18:09  38.6   07:19  15.4   0.0  0.00   1.4  15.0   11:53     N
 5  56.2  69.6   16:18  42.4   05:49   9.4   0.6  0.00   2.9  19.0   16:56   SSW
 6  63.4  75.5   17:33  55.0   02:44   3.8   2.2  0.00   6.7  32.0   12:15    SW
 7  61.6  73.0   14:24  47.8   06:54   5.4   2.0  0.45   1.5  18.0   21:06     S
 8  64.2  73.7   15:28  55.0   01:39   3.1   2.3  0.51   2.3  21.0   01:15   SSW
 9  67.4  71.5   16:45  64.5   06:08   0.0   2.4  0.61   1.8  14.0   09:39   SSE
10  43.8  65.1   00:00  39.1   23:57  21.2   0.0  1.07   3.4  24.0   00:53   WNW
11  36.5  40.3   16:34  33.6   05:36  28.5   0.0  0.00   5.2  22.0   16:41     W
12  40.6  52.5   18:22  32.6   04:51  24.4   0.0  0.00   3.8  19.0   10:09     W
13  49.1  64.6   18:15  34.2   07:14  15.9   0.0  0.00   1.4  16.0   15:07    SE
14  62.7  73.7   14:48  53.2   00:04   4.7   2.4  0.21   5.9  33.0   12:09   SSW
15  49.2  58.1   00:00  44.5   06:25  15.8   0.0  0.14   2.4  14.0   14:44   NNE
16  43.6  46.1   17:48  41.3   09:11  21.4   0.0  0.01   7.2  20.0   10:05    NE
17  48.0  52.3   18:40  44.9   00:00  17.0   0.0  1.08   2.9  16.0   00:37    NE
18  40.0  47.3   00:52  36.5   23:53  25.0   0.0  0.46   5.0  27.0   15:31   WNW
19  41.6  51.8   16:02  32.3   06:45  23.4   0.0  0.00   5.3  26.0   14:56     W
20  44.9  55.5   16:57  29.7   06:35  20.1   0.0  0.00   2.1  15.0   15:44   ENE
21  56.9  67.7   17:06  47.1   02:22   8.3   0.2  0.00   3.3  19.0   13:48   SSW
22  56.8  67.5   14:07  47.9   06:38   8.3   0.1  0.00   2.2  16.0   14:45   SSW
23  37.1  52.6   00:00  33.4   23:58  27.9   0.0  0.62   2.8  23.0   01:18     N
24  41.5  54.1   18:38  30.1   06:33  23.5   0.0  0.03   2.7  17.0   15:50   WSW
25  54.1  68.5   16:23  38.5   05:22  11.2   0.4  0.00   2.3  17.0   15:46    SW
26  51.1  55.8   00:00  47.4   23:57  13.9   0.0  0.43   2.0  22.0   09:27   SSW
27  49.4  53.4   17:50  46.7   03:57  15.6   0.0  0.42   1.7  10.0   09:45    NE
28  58.8  73.9   17:34  42.8   07:05   8.2   2.0  0.01   1.8  14.0   13:58    SW
29  70.0  83.3   16:12  56.8   06:35   2.4   7.5  0.00   4.7  23.0   17:35   SSW
30  70.2  73.0   00:00  67.4   06:32   0.0   1.5  0.00   7.0  24.0   01:33    SW
----------------------------------------------------------------------------------
    51.0  83.3    29    28.9     2   448.1  23.6  6.05   3.3  33.0    14      SW

Max >=  80.0:  1
Max <=  32.0:  0
Min <=  32.0:  3
Min <=   0.0:  0
Max Rain: 1.08 on day 17
Days of Rain: 14 (>= 0.01 in)  11 (>= 0.10 in)  2 (>= 1.00 in)
Heat Base: 65.0  Cool Base: 65.0  Method: Integration