NOAA-Style Climate Reports

Select a Year or Month report
2018: Jan Feb Mar Apr May Jun Jul Aug Sep Oct Nov Dec
2017: Jan Feb Mar Apr May Jun Jul Aug Sep Oct Nov Dec
2016: Jan Feb Mar Apr May Jun Jul Aug Sep Oct Nov Dec
2015: Jan Feb Mar Apr May Jun Jul Aug Sep Oct Nov Dec
2014: Jan Feb Mar Apr May Jun Jul Aug Sep Oct Nov Dec
2013: Jan Feb Mar Apr May Jun Jul Aug Sep Oct Nov Dec
2012: Jan Feb Mar Apr May Jun Jul Aug Sep Oct Nov Dec

Report for 2013 March
                   Monthly Climatological Summary for Mar 2013

Name: DW9500   City: Raytown   State: MO
Elevation: 1005 ft  Lat: N 38° 58' 55"   Lon: W 094° 27' 56"

                  Temperature (°F), Rain (in), Wind Speed (mph)

                                      Heat  Cool        Avg
    Mean                              Deg   Deg         Wind                 Dom
Day Temp  High   Time   Low    Time   Days  Days  Rain  Speed High   Time    Dir
----------------------------------------------------------------------------------
 1  28.0  30.9   15:30  26.1   23:57  37.0   0.0  0.00   1.8  13.0   20:40    NW
 2  27.7  36.7   14:50  22.3   07:02  37.3   0.0  0.04   1.3   9.0   00:24    NW
 3  34.4  43.9   14:27  23.8   06:37  30.6   0.0  0.17   1.8  14.0   11:01   SSE
 4  40.2  49.2   14:22  33.3   06:52  24.8   0.0  0.01   2.0  15.0   22:40    NE
 5  31.8  36.3   14:34  28.1   07:34  33.2   0.0  0.05   5.7  26.0   11:43   WNW
 6  29.7  38.7   14:31  23.5   07:02  35.3   0.0  0.00   1.5  12.0   01:11     N
 7  34.7  48.0   15:24  22.7   03:50  30.3   0.0  0.00   1.8  13.0   16:57   ENE
 8  44.4  56.4   13:03  32.5   02:35  20.5   0.0  0.00   1.9  12.0   12:08   ESE
 9  50.3  58.9   12:35  43.9   05:41  14.7   0.0  0.71   2.5  20.0   12:14     S
10  41.7  54.4   00:14  27.6   23:45  22.4   0.0  0.14   3.7  18.0   17:57     W
11  29.3  36.1   17:51  25.7   08:41  35.7   0.0  0.00   4.1  19.0   15:36     W
12  36.0  46.3   14:50  28.5   00:00  29.0   0.0  0.00   3.2  24.0   13:50   WNW
13  34.1  46.4   17:36  24.5   07:34  30.9   0.0  0.00   1.6  11.0   01:12   WNW
14  51.8  71.0   17:58  34.2   02:36  14.1   0.8  0.00   3.2  19.0   05:32    SW
15  61.7  80.1   17:21  43.5   03:49   7.5   4.2  0.00   3.4  20.0   17:48    SW
16  43.7  63.7   00:00  36.5   23:58  21.3   0.0  0.00   5.9  21.0   11:02    NE
17  33.0  36.5   00:00  31.2   09:01  32.0   0.0  0.16   6.2  19.0   00:55   ENE
18  41.1  52.2   16:45  33.6   00:00  23.8   0.0  0.01   3.7  21.0   13:13   WNW
19  34.6  39.5   12:13  30.5   03:03  30.4   0.0  0.00   1.2  12.0   12:13   WSW
20  31.0  37.4   17:36  23.6   08:44  34.0   0.0  0.00   3.2  22.0   05:51    NW
21  26.4  29.3   23:52  24.0   05:48  38.6   0.0  0.00   1.5  13.0   11:10     E
22  31.1  33.4   18:00  28.6   06:08  33.9   0.0  0.00   3.5  12.0   02:29    NE
23  33.8  38.7   15:36  31.8   01:36  31.2   0.0  0.08   5.4  20.0   13:29    NE
24  28.8  32.0   00:00  24.4   23:55  36.2   0.0  0.01   4.7  25.0   16:01   NNW
25  27.5  33.3   14:16  21.4   06:23  37.5   0.0  0.02   4.2  19.0   13:00   WNW
26  29.7  39.6   16:22  21.0   07:15  35.3   0.0  0.14   1.9  11.0   15:03     W
27  37.0  49.1   16:59  24.4   01:33  28.0   0.0  0.00   1.5  11.0   15:30     E
28  49.9  63.9   16:40  36.6   07:37  15.1   0.0  0.00   2.5  12.0   15:52   ENE
29  53.9  67.0   16:30  40.2   07:27  11.3   0.2  0.00   2.7  15.0   15:48   ENE
30  54.8  63.8   17:17  50.1   01:02  10.2   0.0  0.02   1.1  18.0   08:41    SE
31  55.2  65.3   15:35  46.8   07:18   9.8   0.0  0.01   2.1  18.0   14:35   WNW
----------------------------------------------------------------------------------
    38.3  80.1    15    21.0    26   831.9   5.2  1.57   2.9  26.0     5     NNW

Max >=  80.0:  1
Max <=  32.0:  3
Min <=  32.0: 20
Min <=   0.0:  0
Max Rain: 0.71 on day 9
Days of Rain: 14 (>= 0.01 in)  5 (>= 0.10 in)  0 (>= 1.00 in)
Heat Base: 65.0  Cool Base: 65.0  Method: Integration