NOAA-Style Climate Reports

Select a Year or Month report
2018: Jan Feb Mar Apr May Jun Jul Aug Sep Oct Nov Dec
2017: Jan Feb Mar Apr May Jun Jul Aug Sep Oct Nov Dec
2016: Jan Feb Mar Apr May Jun Jul Aug Sep Oct Nov Dec
2015: Jan Feb Mar Apr May Jun Jul Aug Sep Oct Nov Dec
2014: Jan Feb Mar Apr May Jun Jul Aug Sep Oct Nov Dec
2013: Jan Feb Mar Apr May Jun Jul Aug Sep Oct Nov Dec
2012: Jan Feb Mar Apr May Jun Jul Aug Sep Oct Nov Dec

Report for 2013 February
                   Monthly Climatological Summary for Feb 2013

Name: DW9500   City: Raytown   State: MO
Elevation: 1005 ft  Lat: N 38° 58' 55"   Lon: W 094° 27' 56"

                  Temperature (°F), Rain (in), Wind Speed (mph)

                                      Heat  Cool        Avg
    Mean                              Deg   Deg         Wind                 Dom
Day Temp  High   Time   Low    Time   Days  Days  Rain  Speed High   Time    Dir
----------------------------------------------------------------------------------
 1  17.2  25.3   13:56   6.0   06:22  47.8   0.0  0.00   2.2  16.0   13:46   SSW
 2  36.1  46.1   16:31  25.0   00:00  28.9   0.0  0.00   2.9  17.0   22:07     W
 3  39.5  47.0   15:42  32.5   07:15  25.5   0.0  0.00   3.0  19.0   04:43   WSW
 4  38.1  48.4   03:33  23.3   23:50  26.9   0.0  0.00   2.7  18.0   02:14   NNW
 5  38.8  56.5   15:33  21.8   01:57  26.2   0.0  0.00   2.4  15.0   09:46     W
 6  47.0  61.8   15:05  33.3   04:29  18.0   0.0  0.00   2.5  17.0   12:30     S
 7  42.7  50.6   00:00  32.2   23:54  22.3   0.0  0.87   2.1  19.0   22:11    NW
 8  32.6  41.1   15:16  28.9   23:54  32.4   0.0  0.00   1.6  11.0   00:49    NE
 9  36.3  47.9   15:08  28.3   02:02  28.7   0.0  0.05   1.9  14.0   17:09   SSE
10  44.6  52.0   10:09  36.9   23:17  20.4   0.0  0.08   8.7  32.0   18:28    SW
11  38.2  47.2   15:38  31.5   07:36  26.8   0.0  0.00   3.9  24.0   01:14     W
12  34.2  41.1   14:09  26.6   04:30  30.8   0.0  0.00   0.5   5.0   14:20    SW
13  41.4  54.6   16:03  28.5   07:20  23.6   0.0  0.00   3.2  18.0   16:39   WSW
14  42.5  49.2   15:09  36.1   06:02  22.5   0.0  0.00   3.4  18.0   23:02   WNW
15  30.0  37.5   00:00  22.0   07:21  35.0   0.0  0.00   3.0  18.0   13:37    NW
16  28.1  33.5   14:28  17.9   06:43  36.9   0.0  0.02   1.6  15.0   14:53    SW
17  42.7  56.9   15:58  25.7   07:26  22.3   0.0  0.00   2.0  16.0   22:37     S
18  43.5  54.8   09:13  28.4   23:53  21.5   0.0  0.13   6.3  25.0   15:39   WSW
19  26.6  34.1   16:12  21.7   08:29  38.4   0.0  0.00   3.4  22.0   08:44   WNW
20  20.1  24.4   19:16  14.5   06:39  44.9   0.0  0.00   3.7  14.0   13:23   ENE
21  22.8  25.8   17:04  20.3   07:45  42.2   0.0  2.48   5.0  28.0   10:18   ENE
22  24.0  29.5   15:33  17.7   23:47  41.0   0.0  0.00   3.1  17.0   04:59     W
23  23.3  35.4   15:34  10.5   06:03  41.7   0.0  0.07   1.3  12.0   12:30    SW
24  32.5  47.2   13:57  18.9   06:35  32.5   0.0  0.01   2.6  14.0   15:38   ENE
25  33.0  38.1   15:02  28.4   04:52  32.0   0.0  0.03   7.1  23.0   19:36    NE
26  31.7  32.8   00:00  30.3   23:54  33.3   0.0  1.63   1.3  25.0   00:05   NNE
27  30.5  32.9   17:00  28.0   07:44  34.5   0.0  0.00   0.0   0.0   00:00     E
28  30.0  32.4   00:00  26.9   06:42  35.0   0.0  0.00   1.9  13.0   06:35    NW
----------------------------------------------------------------------------------
    33.9  61.8     6     6.0     1   872.0   0.0  5.37   3.0  32.0    10       W

Max >=  80.0:  0
Max <=  32.0:  4
Min <=  32.0: 23
Min <=   0.0:  0
Max Rain: 2.48 on day 21
Days of Rain: 10 (>= 0.01 in)  4 (>= 0.10 in)  2 (>= 1.00 in)
Heat Base: 65.0  Cool Base: 65.0  Method: Integration