NOAA-Style Climate Reports

Select a Year or Month report
2018: Jan Feb Mar Apr May Jun Jul Aug Sep Oct Nov Dec
2017: Jan Feb Mar Apr May Jun Jul Aug Sep Oct Nov Dec
2016: Jan Feb Mar Apr May Jun Jul Aug Sep Oct Nov Dec
2015: Jan Feb Mar Apr May Jun Jul Aug Sep Oct Nov Dec
2014: Jan Feb Mar Apr May Jun Jul Aug Sep Oct Nov Dec
2013: Jan Feb Mar Apr May Jun Jul Aug Sep Oct Nov Dec
2012: Jan Feb Mar Apr May Jun Jul Aug Sep Oct Nov Dec

Report for 2013 January
                   Monthly Climatological Summary for Jan 2013

Name: DW9500   City: Raytown   State: MO
Elevation: 1005 ft  Lat: N 38° 58' 55"   Lon: W 094° 27' 56"

                  Temperature (°F), Rain (in), Wind Speed (mph)

                                      Heat  Cool        Avg
    Mean                              Deg   Deg         Wind                 Dom
Day Temp  High   Time   Low    Time   Days  Days  Rain  Speed High   Time    Dir
----------------------------------------------------------------------------------
 1  18.5  24.7   14:30  12.7   07:45  46.5   0.0  0.00   1.4  12.0   00:59   NNE
 2  24.2  34.8   15:00  12.8   00:59  40.8   0.0  0.03   2.9  19.0   11:03   WSW
 3  29.4  36.1   14:18  23.0   23:59  35.6   0.0  0.01   1.5  11.0   12:52     W
 4  30.3  42.3   14:48  18.9   04:04  34.7   0.0  0.02   2.6  15.0   12:13    SW
 5  36.6  42.8   13:59  30.9   23:51  28.4   0.0  0.00   4.2  18.0   12:54    SW
 6  29.6  39.7   15:24  21.6   08:01  35.4   0.0  0.00   2.3  17.0   05:08     W
 7  36.9  48.6   14:14  26.7   05:45  28.1   0.0  0.00   4.6  21.0   14:05   SSW
 8  42.8  54.2   15:40  33.3   07:01  22.2   0.0  0.00   3.9  23.0   13:03    SW
 9  42.4  54.5   15:20  32.7   08:25  22.6   0.0  0.00   0.8   7.0   01:34   NNW
10  43.1  49.5   23:42  37.6   08:08  21.9   0.0  0.24   1.8  15.0   04:53     E
11  54.0  59.4   22:54  48.6   08:42  11.0   0.0  0.00   6.0  26.0   17:18   SSW
12  30.9  58.2   00:01  21.9   23:56  34.2   0.0  0.00   3.5  22.0   00:12    NW
13  19.2  25.8   15:20  13.8   08:35  45.8   0.0  0.00   2.2  15.0   14:08   WNW
14  19.9  30.4   15:14  10.7   05:45  45.1   0.0  0.00   0.6  10.0   12:25   NNE
15  21.7  32.0   14:10  13.4   07:25  43.4   0.0  0.00   0.4   7.0   12:47   ENE
16  31.9  44.9   16:13  19.2   00:31  33.1   0.0  0.00   2.9  16.0   10:47   WSW
17  36.3  46.0   15:08  29.1   07:49  28.7   0.0  0.00   1.2  11.0   23:49   NNW
18  43.6  55.7   15:11  32.7   00:56  21.4   0.0  0.00   6.9  33.0   11:23    SW
19  48.9  59.8   15:33  41.4   07:42  16.1   0.0  0.00   4.9  26.0   00:39   WSW
20  28.4  42.2   00:00  19.8   23:59  36.6   0.0  0.00   3.4  15.0   08:20    NE
21  17.7  21.1   12:36  14.1   05:35  47.3   0.0  0.00   1.5  14.0   12:48    NW
22  19.5  28.5   15:32  12.5   06:51  45.5   0.0  0.00   1.9  13.0   10:32   ENE
23  28.9  46.1   14:50  13.2   06:17  36.1   0.0  0.00   1.7  16.0   20:29     N
24  19.6  25.6   23:52   8.8   07:37  45.5   0.0  0.00   4.5  18.0   05:33    NE
25  33.5  47.3   15:25  21.4   07:09  31.5   0.0  0.00   1.2  13.0   10:16     W
26  40.5  55.3   15:49  30.8   05:34  24.5   0.0  0.00   1.1  11.0   13:54   ESE
27  50.0  61.4   14:56  38.9   03:34  15.0   0.0  0.10   4.5  23.0   18:09   SSW
28  65.1  73.0   14:29  58.0   08:07   2.3   2.4  0.00   5.5  27.0   19:47   SSW
29  49.8  68.1   02:35  35.4   23:33  15.8   0.5  1.70   4.3  28.0   02:30    SW
30  27.0  35.6   00:01  22.2   23:59  38.0   0.0  0.03   4.8  27.0   13:59   WNW
31  17.7  24.2   05:27   8.8   23:56  47.3   0.0  0.00   3.6  26.0   14:23   WNW
----------------------------------------------------------------------------------
    33.5  73.0    28     8.8    24   980.4   2.9  2.13   3.0  33.0    18     WSW

Max >=  80.0:  0
Max <=  32.0:  8
Min <=  32.0: 22
Min <=   0.0:  0
Max Rain: 1.70 on day 29
Days of Rain: 7 (>= 0.01 in)  3 (>= 0.10 in)  1 (>= 1.00 in)
Heat Base: 65.0  Cool Base: 65.0  Method: Integration