NOAA-Style Climate Reports

Select a Year or Month report
2018: Jan Feb Mar Apr May Jun Jul Aug Sep Oct Nov Dec
2017: Jan Feb Mar Apr May Jun Jul Aug Sep Oct Nov Dec
2016: Jan Feb Mar Apr May Jun Jul Aug Sep Oct Nov Dec
2015: Jan Feb Mar Apr May Jun Jul Aug Sep Oct Nov Dec
2014: Jan Feb Mar Apr May Jun Jul Aug Sep Oct Nov Dec
2013: Jan Feb Mar Apr May Jun Jul Aug Sep Oct Nov Dec
2012: Jan Feb Mar Apr May Jun Jul Aug Sep Oct Nov Dec

Report for 2013
                   Annual Climatological Summary for 2013

Name: DW9500   City: Raytown   State: MO
Elevation: 1005 ft  Lat: N 38° 58' 55"   Lon: W 094° 27' 56"

                  Temperature (°F), Heat Base: 65.0  Cool Base: 65.0
                          Dep.  Heat  Cool                       Max  Max  Min  Min
        Mean  Mean        From  Deg   Deg                        >=   <=   <=   <=
 YR MO  Max   Min   Mean  Norm  Days  Days  Hi  Date  Low  Date 80.0 32.0 32.0   0.0
------------------------------------------------------------------------------------
 13  1  44.1  24.7  33.5   0.0   980     2  73.0  28   8.8   24    0    8   22    0
 13  2  42.3  25.1  33.9   0.0   872     0  61.8   6   6.0    1    0    4   23    0
 13  3  47.7  30.5  38.3   0.0   831     5  80.1  15  21.0   26    1    3   20    0
 13  4  61.1  42.6  51.0   0.0   448    23  83.3  29  28.9    2    1    0    3    0
 13  5  71.8  49.3  62.3   0.0   161    89  91.8  14   0.0   27    8    0    2    2
 13  6  83.1  64.7  73.6   0.0    26   285  97.4  26  45.9    3   20    0    0    0
 13  7  87.0  67.4  76.9   0.0     9   377  96.8  19  55.5   28   28    0    0    0
 13  8  85.5  67.3  76.0   0.0     7   346  99.3  30  57.0   17   23    0    0    0
 13  9  82.5  61.2  71.2   0.0    53   239 100.9   8  47.0   29   17    0    0    0
 13 10  66.6  45.8  55.4   0.0   343    46  86.3   4  27.7   25    4    0    2    0
 13 11  51.5  32.4  41.9   0.0   689     0  68.4  16  10.0   24    0    3   13    0
 13 12  40.1  20.3  29.5   0.0  1089     0  62.2  18   1.5   24    0   11   27    0
------------------------------------------------------------------------------------
        63.6  44.3  53.6   0.0  5512  1417 100.9 Sep   0.0  May  102   29  112    2

                                Precipitation (in)

              Dep.   Max        Days of Rain
              From   Obs.           >=
 YR MO Total  Norm   Day Date 0.01 0.10 1.00
---------------------------------------------
 13  1  2.13   0.0  1.70  29     7    3    1
 13  2  5.37   0.0  2.48  21    10    4    2
 13  3  1.57   0.0  0.71   9    14    5    0
 13  4  6.05   0.0  1.08  17    14   11    2
 13  5  9.24   0.0  2.36  27    13    9    3
 13  6  4.09   0.0  1.23  27    10    7    2
 13  7  2.60   0.0  1.54   3     9    4    1
 13  8  3.45   0.0  1.16   6     6    5    2
 13  9  3.82   0.0  2.27  19     8    6    1
 13 10  5.60   0.0  2.66  30    12    7    1
 13 11  1.33   0.0  0.68   5     5    4    0
 13 12  0.44   0.0  0.17  13     5    3    0
---------------------------------------------
       45.69   0.0  2.66  Oct  113   68   15

                                Wind Speed (mph)
                          Dom
 YR MO   Avg.  Hi   Date  Dir
------------------------------
 13  1   3.0  33.0   18   WSW
 13  2   3.0  32.0   10     W
 13  3   2.9  26.0    5   NNW
 13  4   3.3  33.0   14   WSW
 13  5   2.0  27.0   29   WSW
 13  6   1.9  24.0   21    SW
 13  7   1.2  18.0    1   SSE
 13  8   1.0  19.0    6     S
 13  9   1.3  27.0    1    SW
 13 10   1.4  25.0    4   WSW
 13 11   2.5  33.0    8    SW
 13 12   2.3  27.0   31   WSW
------------------------------
         2.1  33.0  Jan   WSW