NOAA-Style Climate Reports

Select a Year or Month report
2018: Jan Feb Mar Apr May Jun Jul Aug Sep Oct Nov Dec
2017: Jan Feb Mar Apr May Jun Jul Aug Sep Oct Nov Dec
2016: Jan Feb Mar Apr May Jun Jul Aug Sep Oct Nov Dec
2015: Jan Feb Mar Apr May Jun Jul Aug Sep Oct Nov Dec
2014: Jan Feb Mar Apr May Jun Jul Aug Sep Oct Nov Dec
2013: Jan Feb Mar Apr May Jun Jul Aug Sep Oct Nov Dec
2012: Jan Feb Mar Apr May Jun Jul Aug Sep Oct Nov Dec

Report for 2012 December
                   Monthly Climatological Summary for Dec 2012

Name: DW9500   City: Raytown   State: MO
Elevation: 1005 ft  Lat: N 38° 58' 55"   Lon: W 094° 27' 56"

                  Temperature (°F), Rain (in), Wind Speed (mph)

                                      Heat  Cool        Avg
    Mean                              Deg   Deg         Wind                 Dom
Day Temp  High   Time   Low    Time   Days  Days  Rain  Speed High   Time    Dir
----------------------------------------------------------------------------------
 1  59.5  66.9   14:44  50.7   00:00   5.7   0.2  0.00   1.9  16.0   14:32   SSW
 2  55.9  68.5   14:24  45.4   06:57   9.4   0.3  0.01   0.8  14.0   23:35    SW
 3  62.8  69.5   12:23  52.0   23:58   3.4   1.2  0.00   5.6  32.0   10:38    SW
 4  50.2  61.4   15:00  40.8   23:03  14.8   0.0  0.00   0.8   9.0   12:57    NW
 5  46.9  58.2   15:16  35.0   07:50  18.1   0.0  0.00   1.5  15.0   15:34   SSW
 6  47.0  52.5   14:53  41.5   06:26  18.0   0.0  0.00   2.1  15.0   00:32   SSW
 7  44.7  47.3   00:00  41.9   23:44  20.3   0.0  0.02   1.5  10.0   04:23    NE
 8  39.2  42.9   00:32  35.2   09:09  25.8   0.0  0.04   1.8  14.0   11:55   ENE
 9  35.6  43.1   14:15  20.6   23:59  29.4   0.0  0.00   3.1  22.0   19:44   WNW
10  22.4  28.7   15:11  19.4   04:56  42.6   0.0  0.00   2.9  17.0   01:19     W
11  31.1  43.9   15:04  20.2   00:17  33.9   0.0  0.00   2.3  10.0   03:36   WSW
12  37.3  49.7   14:55  27.5   06:54  27.7   0.0  0.00   4.0  21.0   11:53   SSW
13  44.3  57.5   15:18  33.9   04:54  20.7   0.0  0.00   4.5  22.0   13:41   SSW
14  44.1  51.8   18:42  35.1   04:04  20.9   0.0  0.41   2.9  25.0   21:45   SSW
15  48.2  53.1   10:52  42.3   00:00  16.7   0.0  0.07   4.7  25.0   03:52    SW
16  36.7  42.3   00:00  33.6   06:00  28.3   0.0  0.00   0.7   8.0   15:51   NNE
17  37.8  46.7   15:04  33.9   07:02  27.2   0.0  0.00   1.6  13.0   23:32   WSW
18  44.6  56.1   14:41  35.9   00:26  20.4   0.0  0.00   3.6  18.0   09:48   WSW
19  38.3  41.6   21:07  35.0   06:33  26.7   0.0  0.25   3.7  19.0   22:32   ENE
20  27.2  38.8   00:03  22.3   11:48  37.8   0.0  0.09   5.9  24.0   07:37   WNW
21  28.0  42.4   14:48  17.9   07:19  37.0   0.0  0.05   1.0  12.0   00:54     W
22  37.1  53.4   15:17  23.8   00:00  27.9   0.0  0.02   1.1  12.0   13:44    SW
23  29.6  36.6   14:13  24.0   07:49  35.4   0.0  0.00   1.3   8.0   08:36   NNE
24  21.0  26.2   00:00  18.2   07:16  44.0   0.0  0.00   2.9  15.0   21:14     N
25  17.8  21.2   14:53  12.4   23:59  47.2   0.0  0.00   5.1  19.0   14:54    NE
26  17.7  27.6   14:51   9.5   05:37  47.3   0.0  0.00   1.7  12.0   02:32   NNW
27  26.8  36.7   14:44  17.5   04:33  38.2   0.0  0.00   1.0  11.0   11:26   ESE
28  28.2  30.7   08:23  22.2   22:16  36.8   0.0  0.00   2.0  14.0   22:36   WNW
29  25.1  33.6   15:31  19.1   09:02  39.9   0.0  0.00   2.8  16.0   03:57     W
30  34.6  45.7   14:22  23.7   06:33  30.4   0.0  0.00   4.5  25.0   14:49   SSW
31  31.4  36.5   00:00  22.2   23:59  33.6   0.0  0.02   3.2  15.0   01:00   NNE
----------------------------------------------------------------------------------
    37.1  69.5     3     9.5    26   865.5   1.7  0.98   2.7  32.0     3     WSW

Max >=  80.0:  0
Max <=  32.0:  5
Min <=  32.0: 16
Min <=   0.0:  0
Max Rain: 0.41 on day 14
Days of Rain: 10 (>= 0.01 in)  2 (>= 0.10 in)  0 (>= 1.00 in)
Heat Base: 65.0  Cool Base: 65.0  Method: Integration