NOAA-Style Climate Reports

Select a Year or Month report
2018: Jan Feb Mar Apr May Jun Jul Aug Sep Oct Nov Dec
2017: Jan Feb Mar Apr May Jun Jul Aug Sep Oct Nov Dec
2016: Jan Feb Mar Apr May Jun Jul Aug Sep Oct Nov Dec
2015: Jan Feb Mar Apr May Jun Jul Aug Sep Oct Nov Dec
2014: Jan Feb Mar Apr May Jun Jul Aug Sep Oct Nov Dec
2013: Jan Feb Mar Apr May Jun Jul Aug Sep Oct Nov Dec
2012: Jan Feb Mar Apr May Jun Jul Aug Sep Oct Nov Dec

Report for 2012 November
                   Monthly Climatological Summary for Nov 2012

Name: DW9500   City: Raytown   State: MO
Elevation: 1005 ft  Lat: N 38° 58' 55"   Lon: W 094° 27' 56"

                  Temperature (°F), Rain (in), Wind Speed (mph)

                                      Heat  Cool        Avg
    Mean                              Deg   Deg         Wind                 Dom
Day Temp  High   Time   Low    Time   Days  Days  Rain  Speed High   Time    Dir
----------------------------------------------------------------------------------
 1  55.9  74.5   15:58  42.0   00:27  10.4   1.3  0.00   1.3  17.0   12:32     W
 2  51.4  62.7   15:47  42.0   08:07  13.6   0.0  0.00   3.3  15.0   15:33   ENE
 3  46.3  56.6   15:41  38.6   07:43  18.7   0.0  0.00   1.2  12.0   13:14   NNW
 4  47.8  60.3   14:31  35.1   03:00  17.9   0.0  0.00   0.8  11.0   13:09    SW
 5  44.6  51.3   00:00  41.1   19:30  20.4   0.0  0.12   1.1  11.0   07:37     N
 6  47.7  58.3   14:39  40.9   02:42  17.3   0.0  0.00   2.3  20.0   10:50     W
 7  44.6  53.5   14:29  37.0   23:32  20.4   0.0  0.00   1.1  10.0   11:34   NNW
 8  50.8  67.6   14:51  35.8   06:38  14.4   0.2  0.00   1.7  20.0   12:28   SSW
 9  61.3  74.4   14:19  48.1   04:51   6.0   2.3  0.00   3.5  19.0   13:18   SSW
10  67.8  72.7   12:17  63.9   00:40   0.2   3.0  0.00   7.0  27.0   11:53   SSW
11  42.2  66.6   02:53  27.2   23:58  23.0   0.2  1.51   3.1  20.0   06:22     W
12  33.2  44.6   15:03  23.0   05:24  31.8   0.0  0.01   2.1  22.0   13:13     W
13  40.5  54.9   14:29  26.7   04:10  24.4   0.0  0.00   0.9  10.0   11:51   SSW
14  45.3  57.4   14:08  35.7   07:11  19.7   0.0  0.00   1.0  15.0   13:10   SSW
15  45.9  56.3   14:41  36.7   05:24  19.1   0.0  0.00   0.9  11.0   11:50    SW
16  46.4  59.9   14:35  37.2   04:12  18.6   0.0  0.00   0.7   6.0   08:24   ENE
17  46.9  61.1   14:18  34.7   06:36  18.1   0.0  0.00   1.6  20.0   12:53   SSW
18  51.3  62.7   14:29  39.5   07:09  13.7   0.0  0.00   3.0  18.0   09:57   SSW
19  54.8  64.1   15:02  47.3   05:57  10.2   0.0  0.00   3.9  21.0   10:24    SW
20  50.4  63.1   14:37  41.2   07:12  14.6   0.0  0.00   0.6   9.0   09:24   WNW
21  55.6  71.8   15:06  42.4   00:39  10.4   1.0  0.00   3.4  19.0   11:03   SSW
22  58.3  69.6   12:52  47.1   23:52   7.0   0.3  0.00   5.7  25.0   09:43    SW
23  35.7  47.1   00:00  27.9   23:59  29.3   0.0  0.00   3.9  23.0   05:34   WNW
24  34.3  45.3   23:57  21.9   05:32  30.7   0.0  0.00   2.6  18.0   14:16   SSW
25  45.5  55.1   14:43  36.0   23:59  19.5   0.0  0.00   3.6  13.0   21:47    NE
26  33.2  41.3   13:42  23.9   23:59  31.8   0.0  0.00   5.9  20.0   09:43    NE
27  28.5  40.5   15:08  15.6   07:31  36.5   0.0  0.00   1.5  13.0   14:35   SSW
28  39.3  53.9   14:41  25.1   07:28  25.7   0.0  0.00   1.2  14.0   14:55   SSW
29  49.2  62.3   15:48  38.7   00:23  15.8   0.0  0.00   4.2  21.0   09:37    SW
30  52.5  64.6   14:19  42.3   07:04  12.5   0.0  0.00   2.1  16.0   02:47   WSW
----------------------------------------------------------------------------------
    46.9  74.5     1    15.6    27   551.7   8.3  1.64   2.5  27.0    10      SW

Max >=  80.0:  0
Max <=  32.0:  0
Min <=  32.0:  8
Min <=   0.0:  0
Max Rain: 1.51 on day 11
Days of Rain: 3 (>= 0.01 in)  2 (>= 0.10 in)  1 (>= 1.00 in)
Heat Base: 65.0  Cool Base: 65.0  Method: Integration