NOAA-Style Climate Reports

Select a Year or Month report
2018: Jan Feb Mar Apr May Jun Jul Aug Sep Oct Nov Dec
2017: Jan Feb Mar Apr May Jun Jul Aug Sep Oct Nov Dec
2016: Jan Feb Mar Apr May Jun Jul Aug Sep Oct Nov Dec
2015: Jan Feb Mar Apr May Jun Jul Aug Sep Oct Nov Dec
2014: Jan Feb Mar Apr May Jun Jul Aug Sep Oct Nov Dec
2013: Jan Feb Mar Apr May Jun Jul Aug Sep Oct Nov Dec
2012: Jan Feb Mar Apr May Jun Jul Aug Sep Oct Nov Dec

Report for 2012 October
                   Monthly Climatological Summary for Oct 2012

Name: DW9500   City: Raytown   State: MO
Elevation: 1005 ft  Lat: N 38° 58' 55"   Lon: W 094° 27' 56"

                  Temperature (°F), Rain (in), Wind Speed (mph)

                                      Heat  Cool        Avg
    Mean                              Deg   Deg         Wind                 Dom
Day Temp  High   Time   Low    Time   Days  Days  Rain  Speed High   Time    Dir
----------------------------------------------------------------------------------
 1  65.4  73.2   14:35  57.4   07:20   1.8   2.2  0.00   0.7  12.0   21:39    NE
 2  62.2  73.4   15:52  52.2   07:42   4.7   1.8  0.00   0.9   9.0   02:18    NW
 3  62.6  76.8   15:20  48.6   07:41   5.7   3.3  0.00   1.3  14.0   14:25    SW
 4  56.2  62.5   06:15  48.0   20:53   8.8   0.0  0.06   1.6  15.0   11:31     W
 5  45.8  50.5   01:00  35.9   23:59  19.2   0.0  0.00   1.7  14.0   13:49    NE
 6  41.4  44.9   17:01  34.4   00:31  23.6   0.0  0.00   0.6  11.0   11:56    NW
 7  43.7  56.2   15:55  32.7   07:42  21.3   0.0  0.00   0.9   9.0   11:45     W
 8  48.9  61.8   15:30  34.8   07:34  16.1   0.0  0.00   3.0  23.0   14:34    SW
 9  53.6  65.6   13:59  42.3   07:27  11.4   0.0  0.00   2.0  16.0   03:52    SW
10  48.4  61.9   16:04  35.5   07:11  16.6   0.0  0.00   0.4   9.0   15:43     W
11  56.0  69.6   15:01  41.1   05:19   9.6   0.6  0.00   0.9  12.0   10:37    SW
12  54.0  60.3   00:00  48.9   07:45  11.0   0.0  0.03   3.6  16.0   03:21   ENE
16  62.7  66.6   13:20  56.5   00:00   1.9   0.2  0.74  ----  18.0   13:33    SW
17  59.0  64.2   16:50   0.0   09:59   3.4   0.0  0.10   2.6  21.0   16:46     W
18  51.7  58.1   13:51  47.3   05:45  13.3   0.0  0.00   5.0  25.0   10:16     W
19  48.4  51.0   17:12  46.0   00:59  16.6   0.0  0.01   3.6  21.0   00:25     W
20  54.2  70.1   15:21  39.9   05:23  11.4   0.7  0.00   0.8  10.0   13:43     E
21  64.4  74.8   16:15  50.8   05:17   5.0   4.4  0.00   1.4  15.0   11:07    SW
22  71.9  78.4   14:06  66.5   06:01   0.0   6.9  0.00   3.4  19.0   11:00    SW
23  71.9  78.7   15:12  67.7   08:15   0.0   6.9  0.00   4.3  22.0   14:13   SSW
24  73.5  82.7   14:52  66.6   07:49   0.0   8.5  0.00   5.4  25.0   16:15   SSW
25  52.5  71.8   00:00  38.1   23:59  14.2   1.6  0.04   3.8  23.0   05:40     W
26  39.3  46.1   14:30  34.6   08:08  25.7   0.0  0.00   2.0  16.0   02:10   NNE
27  37.1  44.5   15:43  28.8   07:37  27.9   0.0  0.00   1.2  11.0   11:09    NE
28  40.4  51.4   15:10  30.6   07:10  24.6   0.0  0.00   0.5   7.0   11:26    NE
29  44.4  55.1   15:58  35.5   00:00  20.6   0.0  0.00   0.6  11.0   12:58   SSW
30  44.5  54.0   16:12  35.3   04:35  20.5   0.0  0.00   1.2  14.0   12:56   ENE
31  47.6  59.3   16:10  36.8   07:50  17.4   0.0  0.00   0.3  10.0   13:02    NW
----------------------------------------------------------------------------------
    53.6  82.7    24     0.0    17   352.3  37.1  0.98   2.0  25.0    18     WSW

Max >=  80.0:  1
Max <=  32.0:  0
Min <=  32.0:  3
Min <=   0.0:  1
Max Rain: 0.74 on day 16
Days of Rain: 6 (>= 0.01 in)  2 (>= 0.10 in)  0 (>= 1.00 in)
Heat Base: 65.0  Cool Base: 65.0  Method: Integration