NOAA-Style Climate Reports

Select a Year or Month report
2018: Jan Feb Mar Apr May Jun Jul Aug Sep Oct Nov Dec
2017: Jan Feb Mar Apr May Jun Jul Aug Sep Oct Nov Dec
2016: Jan Feb Mar Apr May Jun Jul Aug Sep Oct Nov Dec
2015: Jan Feb Mar Apr May Jun Jul Aug Sep Oct Nov Dec
2014: Jan Feb Mar Apr May Jun Jul Aug Sep Oct Nov Dec
2013: Jan Feb Mar Apr May Jun Jul Aug Sep Oct Nov Dec
2012: Jan Feb Mar Apr May Jun Jul Aug Sep Oct Nov Dec

Report for 2012 September
                   Monthly Climatological Summary for Sep 2012

Name: DW9500   City: Raytown   State: MO
Elevation: 1005 ft  Lat: N 38° 58' 55"   Lon: W 094° 27' 56"

                  Temperature (°F), Rain (in), Wind Speed (mph)

                                      Heat  Cool        Avg
    Mean                              Deg   Deg         Wind                 Dom
Day Temp  High   Time   Low    Time   Days  Days  Rain  Speed High   Time    Dir
----------------------------------------------------------------------------------
 1  71.3  73.7   19:33  70.1   06:39   0.0   6.3  4.03   2.0  18.0   06:37   NNE
 2  76.4  88.9   16:04  64.6   06:51   0.0  11.4  0.00   0.8  11.0   15:14     N
 3  81.1  95.4   15:50  68.3   07:06   0.0  16.1  0.01   1.2  21.0   23:17   ENE
 4  81.6  94.0   16:45  71.2   00:00   0.0  16.6  0.03   1.9  18.0   01:08     S
 5  83.2  94.4   15:50  71.7   06:56   0.0  18.2  0.00   1.1  12.0   00:40   NNW
 6  79.9  90.6   16:14  71.0   06:37   0.0  14.9  0.00   2.3  13.0   11:09   ENE
 7  72.8  83.8   12:24  61.3   22:58   0.4   8.2  0.39   2.3  23.0   16:02   WNW
 8  64.6  76.5   18:17  54.0   07:02   3.4   3.0  0.00   1.3  14.0   11:09   WNW
 9  65.5  74.1   16:05  56.7   07:09   2.1   2.6  0.00   1.7  12.0   15:32    NE
10  66.2  79.7   16:17  52.5   05:42   3.7   4.9  0.00   1.6  16.0   14:22    SW
11  73.7  87.9   14:55  59.6   06:59   0.8   9.6  0.00   3.2  18.0   14:33    SW
12  75.2  86.3   16:03  63.7   07:04   0.0  10.3  0.00   3.1  21.0   13:26    SW
13  58.8  73.0   01:22  53.9   23:38   6.8   0.6  0.50   3.5  17.0   09:03    NE
14  58.9  68.6   16:03  52.5   06:39   6.6   0.5  0.03   2.3  14.0   16:36    NE
15  62.4  73.4   14:51  52.9   05:37   4.6   2.0  0.00   1.0  12.0   12:54   ENE
16  65.2  73.5   16:09  58.6   00:54   1.9   2.1  0.00   0.3   8.0   13:32    SW
17  65.0  78.8   15:36  51.7   23:55   2.8   2.9  0.08   0.9  14.0   16:39   NNE
18  57.0  68.2   15:59  47.2   07:13   8.4   0.4  0.00   0.8  11.0   11:28   NNW
19  66.2  80.3   15:50  52.2   01:17   4.3   5.5  0.00   3.9  27.0   11:43    SW
20  66.1  76.7   13:45  54.5   07:03   2.5   3.6  0.00   0.6  10.0   13:47   NNE
21  66.1  79.4   16:12  55.8   06:30   3.3   4.4  0.00   2.3  25.0   12:51     W
22  58.1  66.6   14:31  47.0   23:52   7.0   0.1  0.00   1.5  14.0   12:48   NNE
23  54.1  67.7   15:19  40.2   07:04  11.2   0.3  0.00   0.6   9.0   11:18   ENE
24  63.1  76.8   15:03  49.2   03:02   5.6   3.7  0.00   1.2  14.0   12:38    SW
25  73.3  82.1   13:49  66.0   23:15   0.0   8.3  0.04   1.6  19.0   21:51    SW
26  66.9  74.1   16:09  62.3   06:29   0.7   2.6  0.21   1.0  11.0   01:02     W
27  66.1  71.1   16:00  61.9   08:40   0.7   1.8  0.00   1.4   8.0   10:03    NE
28  64.2  71.7   15:17  57.8   23:59   2.4   1.5  0.00   1.8  13.0   10:35   ENE
29  61.1  72.6   15:57  50.4   07:36   5.6   1.7  0.00   0.7   9.0   11:21   ENE
30  63.9  76.5   16:26  53.0   06:28   4.0   3.0  0.00   0.2   6.0   14:03   WNW
----------------------------------------------------------------------------------
    67.6  95.4     3    40.2    23    88.8 167.1  5.32   1.6  27.0    19     NNW

Max >=  80.0: 10
Max <=  32.0:  0
Min <=  32.0:  0
Min <=   0.0:  0
Max Rain: 4.03 on day 1
Days of Rain: 9 (>= 0.01 in)  4 (>= 0.10 in)  1 (>= 1.00 in)
Heat Base: 65.0  Cool Base: 65.0  Method: Integration