NOAA-Style Climate Reports

Select a Year or Month report
2018: Jan Feb Mar Apr May Jun Jul Aug Sep Oct Nov Dec
2017: Jan Feb Mar Apr May Jun Jul Aug Sep Oct Nov Dec
2016: Jan Feb Mar Apr May Jun Jul Aug Sep Oct Nov Dec
2015: Jan Feb Mar Apr May Jun Jul Aug Sep Oct Nov Dec
2014: Jan Feb Mar Apr May Jun Jul Aug Sep Oct Nov Dec
2013: Jan Feb Mar Apr May Jun Jul Aug Sep Oct Nov Dec
2012: Jan Feb Mar Apr May Jun Jul Aug Sep Oct Nov Dec

Report for 2012 August
                   Monthly Climatological Summary for Aug 2012

Name: DW9500   City: Raytown   State: MO
Elevation: 1005 ft  Lat: N 38° 58' 55"   Lon: W 094° 27' 56"

                  Temperature (°F), Rain (in), Wind Speed (mph)

                                      Heat  Cool        Avg
    Mean                              Deg   Deg         Wind                 Dom
Day Temp  High   Time   Low    Time   Days  Days  Rain  Speed High   Time    Dir
----------------------------------------------------------------------------------
 1  87.9  98.7   17:45  77.0   06:21   0.0  22.9  0.00   2.6  16.0   16:17    NE
 2  83.1  96.1   18:49  71.4   07:08   0.0  18.1  0.13   1.5  24.0   06:22    NW
 3  84.2  94.7   12:10  72.9   06:21   0.0  19.2  0.00   1.3  11.0   18:07    NE
 4  83.6  89.5   15:33  76.2   23:58   0.0  18.6  0.00   1.6  15.0   04:17    NW
 5  78.7  90.9   15:59  64.5   06:47   0.0  13.7  0.00   1.4  15.0   17:50     N
 6  81.0  96.0   15:17  65.2   06:31   0.0  16.0  0.00   1.6  13.0   15:38    NE
 7  86.5 103.4   15:25  67.8   06:17   0.0  21.6  0.00   0.9  11.0   17:29    SW
 8  83.2 100.0   17:59  68.6   20:54   0.0  18.2  0.05   2.3  21.0   21:39    NE
 9  76.3  85.1   12:25  66.1   06:28   0.0  11.3  0.00   1.9  15.0   13:30   NNE
10  73.1  82.1   16:31  62.9   06:35   0.1   8.2  0.00   2.2  18.0   16:16    NE
11  74.3  88.3   16:24  59.7   06:42   0.7  10.0  0.00   1.2  11.0   14:53    NE
12  79.8  94.6   18:30  66.9   07:46   0.0  14.8  0.00   2.6  18.0   13:07   WSW
13  69.2  75.3   00:00  61.2   23:22   0.2   4.4  0.00   1.7  14.0   08:07    NW
14  64.6  75.2   16:05  58.6   23:58   2.2   1.8  0.05   1.0  15.0   16:06    SW
15  75.4  93.2   15:38  56.9   04:19   2.5  12.9  0.00   1.6  18.0   16:11    SW
16  75.7  83.4   14:21  63.5   22:22   0.1  10.7  0.00   2.1  15.0   16:51   WNW
17  70.5  82.9   17:17  58.1   06:44   1.2   6.6  0.00   1.0   9.0   10:59    NE
18  69.1  84.7   13:38  56.6   06:35   1.9   6.0  0.04   1.0   9.0   15:06   NNW
19  70.7  82.3   16:01  61.3   05:32   0.8   6.5  0.01   2.3  13.0   15:43    NE
20  72.3  87.1   15:30  55.0   06:34   1.8   9.1  0.00   0.8  13.0   16:11     W
21  78.7  94.2   15:45  64.3   02:58   0.0  13.7  0.00   1.1  16.0   14:15     W
22  80.6  96.1   16:18  64.7   04:06   0.0  15.6  0.00   1.8  22.0   14:51    SW
23  81.5  94.5   16:43  64.6   07:04   0.0  16.5  0.00   2.8  26.0   17:17    SW
24  79.4  87.4   14:35  70.9   07:05   0.0  14.3  0.00   1.8  14.0   15:02    SW
25  77.4  85.6   15:57  73.3   20:39   0.0  12.4  0.04   1.5  18.0   14:45    SW
26  74.3  83.2   17:45  68.9   05:52   0.0   9.3  0.50   1.3  12.0   01:26    SW
27  78.0  90.6   15:35  67.2   07:03   0.0  13.0  0.01   1.7  13.0   15:05    NE
28  79.4  94.6   15:37  62.4   06:29   0.1  14.5  0.00   0.8  11.0   11:48    NE
29  82.2  96.5   16:07  68.5   05:24   0.0  17.3  0.00   0.9  12.0   13:13    SW
30  83.6  98.4   15:56  67.8   06:59   0.0  18.6  0.00   1.3  14.0   16:16   ENE
31  73.3  80.0   00:00  69.4   18:08   0.0   8.3  2.44   4.0  23.0   15:24    NE
----------------------------------------------------------------------------------
    77.7 103.4     7    55.0    20    11.6 404.1  3.27   1.7  26.0    23       N

Max >=  80.0: 29
Max <=  32.0:  0
Min <=  32.0:  0
Min <=   0.0:  0
Max Rain: 2.44 on day 31
Days of Rain: 9 (>= 0.01 in)  3 (>= 0.10 in)  1 (>= 1.00 in)
Heat Base: 65.0  Cool Base: 65.0  Method: Integration