NOAA-Style Climate Reports

Select a Year or Month report
2018: Jan Feb Mar Apr May Jun Jul Aug Sep Oct Nov Dec
2017: Jan Feb Mar Apr May Jun Jul Aug Sep Oct Nov Dec
2016: Jan Feb Mar Apr May Jun Jul Aug Sep Oct Nov Dec
2015: Jan Feb Mar Apr May Jun Jul Aug Sep Oct Nov Dec
2014: Jan Feb Mar Apr May Jun Jul Aug Sep Oct Nov Dec
2013: Jan Feb Mar Apr May Jun Jul Aug Sep Oct Nov Dec
2012: Jan Feb Mar Apr May Jun Jul Aug Sep Oct Nov Dec

Report for 2012 July
                   Monthly Climatological Summary for Jul 2012

Name: DW9500   City: Raytown   State: MO
Elevation: 1005 ft  Lat: N 38° 58' 55"   Lon: W 094° 27' 56"

                  Temperature (°F), Rain (in), Wind Speed (mph)

                                      Heat  Cool        Avg
    Mean                              Deg   Deg         Wind                 Dom
Day Temp  High   Time   Low    Time   Days  Days  Rain  Speed High   Time    Dir
----------------------------------------------------------------------------------
 1  86.0  98.1   16:26  75.4   02:24   0.0  21.0  0.00   1.8  15.0   15:34    SW
 2  85.2  96.1   17:03  73.7   06:02   0.0  20.2  0.00   2.2  17.0   12:44    SW
 3  87.4  98.5   15:44  76.9   05:17   0.0  22.4  0.00   2.6  18.0   15:33    SW
 4  88.9 100.0   17:37  79.3   06:09   0.0  23.9  0.00   2.8  19.0   13:42    SW
 5  89.0 100.4   16:21  73.8   06:14   0.0  24.0  0.00   1.8  15.0   13:24    SW
 6  89.5 102.8   17:25  74.0   06:06   0.0  24.5  0.00   1.4  17.0   15:12    SW
 7  90.1 105.6   14:47  75.9   05:57   0.0  25.1  0.00   1.3  19.0   21:00   WSW
 8  82.1  91.7   13:09  76.4   23:58   0.0  17.1  0.00   1.8  12.0   10:29    NE
 9  79.5  88.3   16:48  71.8   06:12   0.0  14.5  0.00   2.6  13.0   10:45    NE
10  81.3  92.2   13:48  69.5   04:54   0.0  16.3  0.00   1.2  12.0   19:43    NE
11  81.9  94.3   14:56  70.5   06:09   0.0  16.9  0.00   2.7  14.0   17:30    NE
12  83.1  95.9   13:03  71.7   06:27   0.0  18.1  0.00   1.0  11.0   10:07    SW
13  79.9  89.1   17:43  73.0   23:55   0.0  14.9  0.01   1.5  14.0   18:52     W
14  82.8  96.5   16:16  65.7   06:14   0.0  17.8  0.00   0.9  11.0   14:29    NE
15  84.9  98.2   16:32  69.6   06:08   0.0  19.9  0.00   1.3  14.0   16:37    SW
16  85.0  96.6   17:28  72.8   06:15   0.0  20.0  0.00   2.1  16.0   15:39    SW
17  87.7  98.4   15:17  73.8   06:05   0.0  22.7  0.00   2.4  17.0   12:52    SW
18  92.0 104.1   17:13  81.2   06:33   0.0  27.0  0.00   2.8  20.0   14:16    SW
19  91.2 103.3   16:22  78.5   03:16   0.0  26.2  0.03   2.3  22.0   02:32     W
20  83.1  93.2   17:02  73.3   06:13   0.0  18.1  0.00   3.0  15.0   15:54    NE
21  83.7  98.0   16:36  68.4   06:11   0.0  18.7  0.00   1.5  12.0   09:36   ENE
22  88.1 102.2   19:09  73.1   05:59   0.0  23.1  0.00   1.4  15.0   15:24    SW
23  90.4 104.7   15:50  76.4   06:04   0.0  25.4  0.00   1.7  16.0   12:28    SW
24  91.3 100.8   15:05  82.0   06:20   0.0  26.3  0.00   2.7  17.0   09:32    SW
25  92.9 104.5   16:06  82.4   06:20   0.0  27.9  0.00   3.7  21.0   15:28    SW
26  81.1  96.2   19:23  72.5   07:53   0.0  16.0  0.61   0.7  14.0   00:32   WNW
27  82.5  92.8   16:27  70.7   06:22   0.0  17.5  0.04   1.4  12.0   14:47   NNW
28  81.9  96.3   17:30  68.5   06:17   0.0  16.9  0.00   2.4  13.0   15:38   ENE
29  89.2 105.8   18:25  73.3   05:58   0.0  24.2  0.00   1.7  17.0   16:06    NW
30  84.3  92.8   12:43  78.7   03:50   0.0  19.3  0.00   1.3  11.0   05:39    NE
31  87.5  99.2   17:42  75.3   06:12   0.0  22.5  0.00   1.5  13.0   13:36    NE
----------------------------------------------------------------------------------
    85.9 105.8    29    65.7    14     0.0 648.4  0.69   1.9  22.0    19     WSW

Max >=  80.0: 31
Max <=  32.0:  0
Min <=  32.0:  0
Min <=   0.0:  0
Max Rain: 0.61 on day 26
Days of Rain: 4 (>= 0.01 in)  1 (>= 0.10 in)  0 (>= 1.00 in)
Heat Base: 65.0  Cool Base: 65.0  Method: Integration