NOAA-Style Climate Reports

Select a Year or Month report
2018: Jan Feb Mar Apr May Jun Jul Aug Sep Oct Nov Dec
2017: Jan Feb Mar Apr May Jun Jul Aug Sep Oct Nov Dec
2016: Jan Feb Mar Apr May Jun Jul Aug Sep Oct Nov Dec
2015: Jan Feb Mar Apr May Jun Jul Aug Sep Oct Nov Dec
2014: Jan Feb Mar Apr May Jun Jul Aug Sep Oct Nov Dec
2013: Jan Feb Mar Apr May Jun Jul Aug Sep Oct Nov Dec
2012: Jan Feb Mar Apr May Jun Jul Aug Sep Oct Nov Dec

Report for 2012 June
                   Monthly Climatological Summary for Jun 2012

Name: DW9500   City: Raytown   State: MO
Elevation: 1005 ft  Lat: N 38° 58' 55"   Lon: W 094° 27' 56"

                  Temperature (°F), Rain (in), Wind Speed (mph)

                                      Heat  Cool        Avg
    Mean                              Deg   Deg         Wind                 Dom
Day Temp  High   Time   Low    Time   Days  Days  Rain  Speed High   Time    Dir
----------------------------------------------------------------------------------
 1  57.8  67.2   18:56  46.9   06:04   7.3   0.1  0.01   1.1  10.0   10:40   WNW
 2  66.3  82.6   18:24  48.9   03:54   4.5   5.8  0.00   1.1  11.0   15:29     W
 3  69.1  77.7   15:43  60.4   05:14   1.0   5.1  0.00   0.5   8.0   11:41    SW
 4  78.0  91.8   14:38  64.9   03:02   0.0  13.0  0.00   2.5  16.0   18:01     N
 5  73.9  84.3   17:02  63.2   05:53   0.1   9.0  0.00   2.0  12.0   11:34   ENE
 6  73.8  82.6   14:33  62.2   06:05   0.1   8.9  0.00   1.7  13.0   14:05   ENE
 7  72.5  81.9   15:43  61.6   06:06   0.3   7.8  0.00   1.1  11.0   16:00   ENE
 8  73.6  86.5   16:57  58.3   05:32   1.0   9.6  0.00   1.1  13.0   11:12    SW
 9  76.4  90.0   17:05  62.0   04:02   0.4  11.8  0.00   2.5  21.0   15:51    SW
10  80.8  90.9   14:28  70.9   06:06   0.0  15.8  0.00   3.3  19.0   13:53    SW
11  73.2  84.4   16:43  62.3   06:27   0.4   8.6  1.32   1.4  18.0   05:01    NW
12  71.6  81.5   16:52  58.6   05:58   0.7   7.4  0.00   1.8  11.0   11:37    NE
13  73.3  85.9   17:25  58.3   05:59   1.0   9.4  0.00   1.5  16.0   11:54     S
14  78.1  89.1   17:08  66.7   06:14   0.0  13.0  0.00   3.1  19.0   11:04    SW
15  77.4  83.8   17:08  69.4   06:41   0.0  12.4  0.00   2.4  19.0   14:32    SW
16  79.7  89.4   13:48  71.0   00:32   0.0  14.7  0.00   2.2  19.0   14:51    SW
17  80.1  91.7   17:28  67.1   05:09   0.0  15.1  0.00   2.8  19.0   18:34    SW
18  84.6  93.6   17:29  76.5   06:04   0.0  19.6  0.00   5.9  26.0   12:48    SW
19  81.9  89.1   15:01  73.0   06:02   0.0  16.9  0.00   5.3  26.0   17:24    SW
20  82.1  89.7   16:54  75.3   05:52   0.0  17.1  0.00   5.2  26.0   17:52    SW
21  73.0  83.0   17:40  66.0   04:50   0.0   8.0  1.13   1.4  21.0   00:41     N
22  74.9  84.8   15:05  64.1   05:57   0.0   9.9  0.00   1.3  11.0   14:03   ENE
23  76.3  91.1   18:02  67.7   05:30   0.0  11.3  0.00   1.6  16.0   13:11     S
24  85.4  97.3   16:44  71.9   05:58   0.0  20.4  0.00   2.1  17.0   12:49    SW
25  83.8  93.2   12:49  73.3   05:53   0.0  18.8  0.00   3.0  18.0   18:52   ENE
26  81.3  93.5   17:05  68.7   06:12   0.0  16.3  0.00   2.2  14.0   01:13   ENE
27  87.0 100.5   16:51  74.8   06:08   0.0  22.0  0.00   4.1  20.0   14:50    SW
28  90.3 103.6   16:15  77.6   06:00   0.0  25.3  0.00   2.7  16.0   01:28    SW
29  89.3 100.5   16:12  79.6   06:01   0.0  24.3  0.00   2.9  17.0   19:12    SW
30  88.4  99.6   17:15  77.4   23:58   0.0  23.4  0.00   2.8  17.0   17:10    SW
----------------------------------------------------------------------------------
    77.8 103.6    28    46.9     1    16.8 400.8  2.46   2.4  26.0    18      SW

Max >=  80.0: 28
Max <=  32.0:  0
Min <=  32.0:  0
Min <=   0.0:  0
Max Rain: 1.32 on day 11
Days of Rain: 3 (>= 0.01 in)  2 (>= 0.10 in)  2 (>= 1.00 in)
Heat Base: 65.0  Cool Base: 65.0  Method: Integration