NOAA-Style Climate Reports

Select a Year or Month report
2018: Jan Feb Mar Apr May Jun Jul Aug Sep Oct Nov Dec
2017: Jan Feb Mar Apr May Jun Jul Aug Sep Oct Nov Dec
2016: Jan Feb Mar Apr May Jun Jul Aug Sep Oct Nov Dec
2015: Jan Feb Mar Apr May Jun Jul Aug Sep Oct Nov Dec
2014: Jan Feb Mar Apr May Jun Jul Aug Sep Oct Nov Dec
2013: Jan Feb Mar Apr May Jun Jul Aug Sep Oct Nov Dec
2012: Jan Feb Mar Apr May Jun Jul Aug Sep Oct Nov Dec

Report for 2012 May
                   Monthly Climatological Summary for May 2012

Name: DW9500   City: Raytown   State: MO
Elevation: 1005 ft  Lat: N 38° 58' 55"   Lon: W 094° 27' 56"

                  Temperature (°F), Rain (in), Wind Speed (mph)

                                      Heat  Cool        Avg
    Mean                              Deg   Deg         Wind                 Dom
Day Temp  High   Time   Low    Time   Days  Days  Rain  Speed High   Time    Dir
----------------------------------------------------------------------------------
 1  68.7  80.0   17:08  59.7   00:14   1.7   5.4  0.74   3.0  20.0   18:00   SSW
 2  75.1  81.4   16:40  68.6   06:27   0.0  10.1  0.00   4.4  23.0   16:06   SSW
 3  75.4  83.2   16:16  69.1   09:57   0.0  10.4  0.00   3.0  20.0   14:05   SSW
 4  76.8  86.6   14:13  68.7   07:17   0.0  11.8  0.07   2.6  19.0   00:55   SSW
 5  77.5  89.1   15:43  66.2   05:56   0.0  12.5  0.00   1.3  17.0   17:18   SSW
 6  71.8  83.1   15:51  63.0   20:24   0.0   5.7  1.54   1.4  18.0   10:43    SW
 7  65.3  73.1   16:13   0.0   01:41   1.6   1.9  0.15   2.0  14.0   10:13   NNE
 8  63.2  73.8   17:03  53.4   06:37   4.0   2.2  0.00   1.7  13.0   13:07     W
 9  59.5  71.0   19:27  48.0   05:04   6.5   1.0  0.00   0.9  12.0   11:50   WNW
10  64.3  77.4   17:07  48.5   06:09   4.8   4.1  0.00   1.5  14.0   13:58    SW
11  68.0  80.4   13:24  54.2   06:13   2.2   5.2  0.00   1.0  10.0   12:03    SW
13  62.5  65.6   12:49  58.2   06:49   2.0   0.0  0.00  ----  13.0   10:18    NE
14  71.4  78.1   16:15   0.0   13:02   0.4   3.3  0.00   1.1   9.0   14:28    NE
15  70.6  84.3   18:03  55.9   05:40   2.2   7.8  0.00   1.3  13.0   11:09   WSW
16  69.2  78.8   16:26  59.1   06:27   1.0   5.2  0.00   1.6  10.0   09:46    NE
17  69.9  84.1   16:21  54.3   03:43   2.5   7.5  0.00   1.2  12.0   09:09   SSW
18  73.6  85.7   15:55  61.3   07:04   0.7   9.3  0.00   2.2  18.0   15:20    SW
19  74.9  84.2   17:27  65.6   05:54   0.0   9.9  0.00   3.9  25.0   16:46    SW
20  69.7  76.3   00:00  60.9   23:25   0.3   5.0  0.00   2.0  16.0   00:02     W
21  63.9  74.8   16:55  54.7   06:04   3.6   2.4  0.00   2.1  13.0   08:34    NE
22  66.9  79.5   16:21  53.1   03:50   3.5   5.5  0.00   1.5  14.0   11:31    SW
23  74.7  88.1   15:59  59.9   06:02   0.9  10.7  0.00   3.9  25.0   15:20    SW
24  75.4  84.0   17:57  68.5   22:39   0.0  10.4  0.24   3.8  22.0   12:50    SW
25  73.7  88.7   18:09  61.6   08:39   0.4   9.0  0.61   2.9  16.0   11:28   ENE
26  80.2  89.2   18:06  71.5   05:42   0.0  15.2  0.00   3.1  18.0   12:59    SW
27  79.5  89.0   16:34  70.3   06:07   0.0  14.5  0.00   4.5  22.0   10:54    SW
28  80.4  89.7   16:46  72.7   03:32   0.0  15.4  0.00   3.0  17.0   04:42    SW
29  75.5  85.8   15:20  61.4   06:04   0.2  10.7  0.00   1.8  11.0   17:04    NE
30  69.1  79.5   16:49  56.6   05:35   1.8   5.9  0.41   3.1  25.0   01:51    NE
31  60.3  65.2   13:43  52.6   23:59   4.7   0.0  0.03   1.8  20.0   14:36    NW
----------------------------------------------------------------------------------
    70.9  89.7    28     0.0     7    45.0 218.0  3.79   2.4  25.0    19      SW

Max >=  80.0: 18
Max <=  32.0:  0
Min <=  32.0:  2
Min <=   0.0:  2
Max Rain: 1.54 on day 6
Days of Rain: 8 (>= 0.01 in)  6 (>= 0.10 in)  1 (>= 1.00 in)
Heat Base: 65.0  Cool Base: 65.0  Method: Integration