NOAA-Style Climate Reports

Select a Year or Month report
2018: Jan Feb Mar Apr May Jun Jul Aug Sep Oct Nov Dec
2017: Jan Feb Mar Apr May Jun Jul Aug Sep Oct Nov Dec
2016: Jan Feb Mar Apr May Jun Jul Aug Sep Oct Nov Dec
2015: Jan Feb Mar Apr May Jun Jul Aug Sep Oct Nov Dec
2014: Jan Feb Mar Apr May Jun Jul Aug Sep Oct Nov Dec
2013: Jan Feb Mar Apr May Jun Jul Aug Sep Oct Nov Dec
2012: Jan Feb Mar Apr May Jun Jul Aug Sep Oct Nov Dec

Report for 2012 March
                   Monthly Climatological Summary for Mar 2012

Name: DW9500   City: Raytown   State: MO
Elevation: 1005 ft  Lat: N 38° 58' 55"   Lon: W 094° 27' 56"

                  Temperature (°F), Rain (in), Wind Speed (mph)

                                      Heat  Cool        Avg
    Mean                              Deg   Deg         Wind                 Dom
Day Temp  High   Time   Low    Time   Days  Days  Rain  Speed High   Time    Dir
----------------------------------------------------------------------------------
 1  50.4  71.4   15:22  31.9   04:56  15.4   0.9  0.00   2.7  20.0   12:04     S
 2  40.7  48.2   15:59  33.0   10:35  24.3   0.0  0.16   2.9  20.0   09:27   NNW
 3  36.9  45.6   14:59  29.9   07:03  28.1   0.0  0.00   3.8  24.0   14:38   WNW
 4  44.2  61.7   16:02  29.6   07:08  20.8   0.0  0.00   3.9  26.0   17:15   WNW
 5  43.4  57.6   16:19  25.7   06:51  21.6   0.0  0.00   2.5  24.0   17:09     S
 6  62.6  71.5   14:28  51.9   00:00   3.9   1.6  0.00  10.4  35.0   13:19   SSW
 7  60.9  67.7   15:37  42.4   23:47   4.6   0.5  0.00   8.9  33.0   07:43   SSW
 8  38.7  46.5   15:28  33.1   07:13  26.3   0.0  0.47   2.2  19.0   03:06     N
 9  46.2  59.9   16:10  35.7   00:00  18.8   0.0  0.00   1.4  10.0   16:13   NNE
10  50.6  65.0   15:14  34.7   06:43  14.4   0.0  0.00   2.8  18.0   10:45   SSW
11  48.9  52.1   19:45  43.7   09:28  15.5   0.0  0.58   1.5  16.0   20:59   SSW
12  59.9  74.2   17:32  50.1   02:56   6.9   1.8  0.02   4.6  21.0   14:18    SW
13  64.4  80.7   16:56  45.3   07:25   5.8   5.2  0.00   2.7  22.0   23:13   SSW
14  70.1  80.1   16:45  61.3   05:58   0.5   5.6  0.00   7.1  31.0   16:53   SSW
15  69.3  77.5   17:13  58.9   07:24   0.8   5.1  0.00   3.8  18.0   00:56    SW
16  70.9  81.9   15:56  61.6   07:52   0.4   6.4  0.00   5.3  23.0   18:25   SSW
17  68.9  77.3   14:47  62.8   07:51   0.3   4.2  0.00   5.1  25.0   15:28   SSW
18  69.5  75.3   12:20  64.4   07:40   0.0   4.5  0.00   5.7  27.0   14:41   SSW
19  64.3  74.6   12:51  55.6   23:25   3.1   2.4  0.92   2.8  23.0   14:26   SSW
20  56.6  59.1   16:18  55.5   00:10   8.4   0.0  0.67   0.9   9.0   01:26    SE
21  58.6  63.3   17:34  52.9   23:31   6.4   0.0  0.26   2.4  22.0   17:39     E
22  54.1  66.0   15:43  48.4   07:59  10.9   0.0  0.23   2.0  19.0   19:07   ESE
23  52.4  58.4   18:47  46.7   07:45  12.6   0.0  0.19   1.6  10.0   14:01    NE
24  62.4  74.9   16:20  50.7   07:28   5.2   2.6  0.00   2.4  13.0   11:27     W
25  66.2  80.4   16:32  50.5   05:22   3.5   4.7  0.00   0.8  11.0   17:27     S
26  68.2  81.6   15:40  55.1   07:18   2.5   5.7  0.00   1.9  16.0   13:22   SSW
27  68.8  77.3   16:56  62.9   06:01   0.3   4.1  0.02   3.9  26.0   13:47    SW
28  69.1  80.0   15:36  58.2   07:37   1.1   5.2  0.00   1.6  18.0   22:46   ENE
29  68.5  80.9   16:48  57.9   05:14   2.0   5.5  0.00   3.4  24.0   17:03     S
30  68.7  77.2   16:27  60.7   23:13   0.5   4.2  0.00   1.6  17.0   00:07     W
31  69.9  83.5   16:31  57.1   06:53   2.2   7.1  0.00   1.8  12.0   15:47    SW
----------------------------------------------------------------------------------
    58.8  83.5    31    25.7     5   267.1  77.3  3.52   3.4  35.0     6      SW

Max >=  80.0:  8
Max <=  32.0:  0
Min <=  32.0:  4
Min <=   0.0:  0
Max Rain: 0.92 on day 19
Days of Rain: 10 (>= 0.01 in)  8 (>= 0.10 in)  0 (>= 1.00 in)
Heat Base: 65.0  Cool Base: 65.0  Method: Integration