NOAA-Style Climate Reports

Select a Year or Month report
2018: Jan Feb Mar Apr May Jun Jul Aug Sep Oct Nov Dec
2017: Jan Feb Mar Apr May Jun Jul Aug Sep Oct Nov Dec
2016: Jan Feb Mar Apr May Jun Jul Aug Sep Oct Nov Dec
2015: Jan Feb Mar Apr May Jun Jul Aug Sep Oct Nov Dec
2014: Jan Feb Mar Apr May Jun Jul Aug Sep Oct Nov Dec
2013: Jan Feb Mar Apr May Jun Jul Aug Sep Oct Nov Dec
2012: Jan Feb Mar Apr May Jun Jul Aug Sep Oct Nov Dec

Report for 2012 February
                   Monthly Climatological Summary for Feb 2012

Name: DW9500   City: Raytown   State: MO
Elevation: 1005 ft  Lat: N 38° 58' 55"   Lon: W 094° 27' 56"

                  Temperature (°F), Rain (in), Wind Speed (mph)

                                      Heat  Cool        Avg
    Mean                              Deg   Deg         Wind                 Dom
Day Temp  High   Time   Low    Time   Days  Days  Rain  Speed High   Time    Dir
----------------------------------------------------------------------------------
 1  49.2  62.4   14:16  36.3   06:28  15.8   0.0  0.00   0.3   9.0   16:19     W
 2  50.5  63.1   13:44  39.0   07:48  14.5   0.0  0.00   0.8   9.0   15:24   ESE
 3  43.7  50.1   05:49  40.8   13:35  21.3   0.0  1.33   4.8  23.0   17:11   ENE
 4  39.4  42.6   00:00  32.9   23:58  25.6   0.0  0.10   2.4  15.0   00:26   NNE
 5  36.7  46.9   15:38  30.6   07:27  28.3   0.0  0.06   1.3  11.0   03:29    NW
 6  37.0  50.7   15:16  25.0   07:41  28.0   0.0  0.00   1.2  11.0   14:10     W
 7  37.0  42.0   11:44  33.4   03:13  28.0   0.0  0.00   1.1  12.0   18:26     N
 8  32.9  35.7   15:27  29.6   23:54  32.1   0.0  0.00   0.9   8.0   05:25     N
 9  34.1  38.8   14:15  28.9   04:17  30.4   0.0  0.00   1.5  13.0   12:41    SW
10  27.3  37.8   00:00  12.0   23:56  37.7   0.0  0.00   4.1  21.0   15:11    NW
11  16.5  27.3   15:45   7.6   07:14  48.5   0.0  0.00   2.2  15.0   01:17    NW
12  24.1  36.5   15:38   6.3   07:34  40.8   0.0  0.00   1.4  13.0   12:18   SSW
13  30.9  33.3   01:41  27.5   03:28  34.1   0.0  0.00   2.7  22.0   01:54   SSW
14  36.8  45.8   16:23  29.2   07:28  28.2   0.0  0.17   1.5  12.0   13:18    SW
15  41.1  50.0   15:29  34.3   04:26  23.9   0.0  0.09   0.9  11.0   22:58     W
16  40.0  51.0   15:40  31.9   06:45  25.0   0.0  0.00   1.2  10.0   00:57   WNW
17  45.3  58.6   15:18  33.2   04:23  19.7   0.0  0.00   2.4  16.0   21:43    SW
18  37.3  44.7   16:06  30.6   07:40  27.7   0.0  0.00   4.1  19.0   10:15    NE
19  38.5  50.4   15:41  28.2   07:28  26.5   0.0  0.00   0.9  10.0   23:58     E
20  41.6  49.7   13:22  35.2   07:02  23.4   0.0  0.20   2.8  27.0   19:54   SSE
21  44.1  53.6   15:59  35.6   07:29  20.9   0.0  0.00   5.2  21.0   04:55   WSW
22  49.8  61.9   15:40  41.8   05:12  15.2   0.0  0.02   3.0  14.0   05:50   WSW
23  48.6  62.2   11:30  36.8   23:54  16.4   0.0  0.00   5.2  31.0   18:20     W
24  37.6  44.8   15:22  31.4   23:52  27.5   0.0  0.00   4.7  23.0   13:43   WNW
25  35.5  45.7   15:47  24.6   07:13  29.5   0.0  0.00   1.8  16.0   03:24   SSE
26  50.6  60.5   15:45  40.0   00:01  14.4   0.0  0.00   5.4  25.0   06:40    SW
27  38.7  46.3   00:00  29.4   07:05  26.3   0.0  0.00   2.1  17.0   08:22    NE
28  50.8  62.7   22:50  38.5   00:00  14.2   0.0  0.21   2.8  30.0   22:11     S
29  49.9  61.7   00:05  42.2   23:59  15.1   0.0  0.00   8.0  32.0   15:26     W
----------------------------------------------------------------------------------
    39.5  63.1     2     6.3    12   739.0   0.0  2.18   2.7  32.0    29       W

Max >=  80.0:  0
Max <=  32.0:  1
Min <=  32.0: 15
Min <=   0.0:  0
Max Rain: 1.33 on day 3
Days of Rain: 8 (>= 0.01 in)  5 (>= 0.10 in)  1 (>= 1.00 in)
Heat Base: 65.0  Cool Base: 65.0  Method: Integration