NOAA-Style Climate Reports

Select a Year or Month report
2018: Jan Feb Mar Apr May Jun Jul Aug Sep Oct Nov Dec
2017: Jan Feb Mar Apr May Jun Jul Aug Sep Oct Nov Dec
2016: Jan Feb Mar Apr May Jun Jul Aug Sep Oct Nov Dec
2015: Jan Feb Mar Apr May Jun Jul Aug Sep Oct Nov Dec
2014: Jan Feb Mar Apr May Jun Jul Aug Sep Oct Nov Dec
2013: Jan Feb Mar Apr May Jun Jul Aug Sep Oct Nov Dec
2012: Jan Feb Mar Apr May Jun Jul Aug Sep Oct Nov Dec

Report for 2012
                   Annual Climatological Summary for 2012

Name: DW9500   City: Raytown   State: MO
Elevation: 1005 ft  Lat: N 38° 58' 55"   Lon: W 094° 27' 56"

                  Temperature (°F), Heat Base: 65.0  Cool Base: 65.0
                          Dep.  Heat  Cool                       Max  Max  Min  Min
        Mean  Mean        From  Deg   Deg                        >=   <=   <=   <=
 YR MO  Max   Min   Mean  Norm  Days  Days  Hi  Date  Low  Date 80.0 32.0 32.0   0.0
------------------------------------------------------------------------------------
 12  1  51.7  35.2  43.1   0.0   132     0  64.8  30  25.5   28    0    0    3    0
 12  2  48.9  30.8  39.5   0.0   739     0  63.1   2   6.3   12    0    1   15    0
 12  3  69.4  48.7  58.8   0.0   267    77  83.5  31  25.7    5    8    0    4    0
 12  4  70.2  48.3  60.0   0.0   220    71  91.9  25   0.0   15    5    0    1    1
 12  5  81.0  56.6  70.9   0.0    45   217  89.7  28   0.0    7   18    0    2    2
 12  6  88.7  66.6  77.8   0.0    16   400 103.6  28  46.9    1   28    0    0    0
 12  7  98.0  74.1  85.9   0.0     0   648 105.8  29  65.7   14   31    0    0    0
 12  8  89.8  65.6  77.7   0.0    11   404 103.4   7  55.0   20   29    0    0    0
 12  9  78.5  57.7  67.6   0.0    88   167  95.4   3  40.2   23   10    0    0    0
 12 10  63.0  42.6  53.6   0.0   352    37  82.7  24   0.0   17    1    0    3    1
 12 11  59.1  36.5  46.9   0.0   551     8  74.5   1  15.6   27    0    0    8    0
 12 12  45.5  29.4  37.1   0.0   865     1  69.5   3   9.5   26    0    5   16    0
------------------------------------------------------------------------------------
        70.3  49.3  59.9   0.0  3290  2034 105.8 Jul   0.0  Apr  130    6   52    4

                                Precipitation (in)

              Dep.   Max        Days of Rain
              From   Obs.           >=
 YR MO Total  Norm   Day Date 0.01 0.10 1.00
---------------------------------------------
 12  1  0.01   0.0  0.01  27     1    0    0
 12  2  2.18   0.0  1.33   3     8    5    1
 12  3  3.52   0.0  0.92  19    10    8    0
 12  4  1.02   0.0  0.68  29     8    3    0
 12  5  3.79   0.0  1.54   6     8    6    1
 12  6  2.46   0.0  1.32  11     3    2    2
 12  7  0.69   0.0  0.61  26     4    1    0
 12  8  3.27   0.0  2.44  31     9    3    1
 12  9  5.32   0.0  4.03   1     9    4    1
 12 10  0.98   0.0  0.74  16     6    2    0
 12 11  1.64   0.0  1.51  11     3    2    1
 12 12  0.98   0.0  0.41  14    10    2    0
---------------------------------------------
       25.86   0.0  4.03  Sep   79   38    7

                                Wind Speed (mph)
                          Dom
 YR MO   Avg.  Hi   Date  Dir
------------------------------
 12  1   3.4  26.0   31   WSW
 12  2   2.7  32.0   29     W
 12  3   3.4  35.0    6    SW
 12  4   2.6  34.0   15   SSW
 12  5   2.4  25.0   19    SW
 12  6   2.4  26.0   18    SW
 12  7   1.9  22.0   19    SW
 12  8   1.7  26.0   23     N
 12  9   1.6  27.0   19    NW
 12 10   2.0  25.0   18   WSW
 12 11   2.5  27.0   10    SW
 12 12   2.7  32.0    3   WSW
------------------------------
         2.4  35.0  Mar   WSW